{"id":2887,"date":"2017-04-03T18:56:58","date_gmt":"2017-04-03T21:56:58","guid":{"rendered":"http:\/\/daga.provisorio.ws\/?page_id=2887"},"modified":"2025-07-28T11:38:52","modified_gmt":"2025-07-28T11:38:52","slug":"afcs","status":"publish","type":"page","link":"https:\/\/sociaisaplicadas.ufpr.br\/administracao\/afcs\/","title":{"rendered":"Atividades Complementares"},"content":{"rendered":"<p><img loading=\"lazy\" decoding=\"async\" class=\"alignnone size-full wp-image-8804\" src=\"https:\/\/sociaisaplicadas.ufpr.br\/administracao\/wp-content\/uploads\/sites\/4\/2023\/04\/AFCS.png\" alt=\"\" width=\"400\" height=\"100\" \/><img loading=\"lazy\" decoding=\"async\" class=\"alignnone size-full wp-image-5354\" src=\"https:\/\/sociaisaplicadas.ufpr.br\/administracao\/wp-content\/uploads\/sites\/4\/2021\/02\/imagem_.png\" alt=\"\" width=\"400\" height=\"100\" \/><\/p>\n<p style=\"text-align: justify\"><span style=\"font-family: georgia, palatino, serif\">As <strong>atividades formativas complementares (AFCs)<\/strong>, assim denominadas pelo Conselho Nacional de Educa\u00e7\u00e3o, s\u00e3o regulamentadas na Universidade Federal do Paran\u00e1 pela Resolu\u00e7\u00e3o n\u00ba 70\/04-CEPE com a denomina\u00e7\u00e3o de Atividades Formativas, definindo-as como \u201catividades complementares em rela\u00e7\u00e3o ao eixo fundamental do curr\u00edculo, objetivando sua flexibiliza\u00e7\u00e3o\u201d. Devem contemplar a articula\u00e7\u00e3o entre o ensino, pesquisa e extens\u00e3o, assegurando seu car\u00e1ter interdisciplinar em rela\u00e7\u00e3o \u00e0s diversas \u00e1reas do conhecimento, respeitando, no entanto, o Projeto Pedag\u00f3gico de cada Curso.<br \/>\n<\/span><span style=\"font-family: georgia, palatino, serif\">Alunos da matriz 2007 (entrantes at\u00e9 2022) devem realizar 60h de AFCs para compor a integraliza\u00e7\u00e3o curricular, enquanto alunos da matriz 2023 (entrantes a partir de 2023) devem realizar 300h de AFCs.<\/span><\/p>\n<p style=\"text-align: left\"><span style=\"font-family: georgia, palatino, serif\"><strong>Para mais informa\u00e7\u00f5es, acesse:<br \/>\n<a href=\"https:\/\/sociaisaplicadas.ufpr.br\/administracao\/wp-content\/uploads\/sites\/4\/2023\/04\/Regulamento-de-Atividades-Formativas-Complementares-2.pdf\">Regulamento de Atividades Formativas Complementares<\/a><br \/>\n<\/strong><\/span><\/p>\n<p style=\"text-align: left\"><span style=\"text-decoration: underline\"><span style=\"font-family: georgia, palatino, serif\"><strong><span style=\"font-family: arial, helvetica, sans-serif\">DAS ROTINAS ADMINISTRATIVAS DE ENVIO E VALIDA\u00c7\u00c3O DE ATIVIDADES FORMATIVAS:<\/span><\/strong><\/span><\/span><\/p>\n<p><img loading=\"lazy\" decoding=\"async\" class=\"wp-image-8775 alignleft\" src=\"https:\/\/sociaisaplicadas.ufpr.br\/administracao\/wp-content\/uploads\/sites\/4\/2023\/04\/pdf.png\" alt=\"\" width=\"60\" height=\"60\" \/><span style=\"font-family: georgia, palatino, serif\"><strong> <img loading=\"lazy\" decoding=\"async\" class=\"alignnone wp-image-8792\" src=\"https:\/\/sociaisaplicadas.ufpr.br\/administracao\/wp-content\/uploads\/sites\/4\/2023\/04\/email_logo-500x500.jpeg\" alt=\"\" width=\"60\" height=\"60\" srcset=\"https:\/\/sociaisaplicadas.ufpr.br\/administracao\/wp-content\/uploads\/sites\/4\/2023\/04\/email_logo-500x500.jpeg 500w, https:\/\/sociaisaplicadas.ufpr.br\/administracao\/wp-content\/uploads\/sites\/4\/2023\/04\/email_logo-250x250.jpeg 250w, https:\/\/sociaisaplicadas.ufpr.br\/administracao\/wp-content\/uploads\/sites\/4\/2023\/04\/email_logo.jpeg 620w\" sizes=\"auto, (max-width: 60px) 100vw, 60px\" \/><br \/>\n<\/strong><\/span><span style=\"color: #000000;font-family: arial, helvetica, sans-serif\"><strong><span style=\"color: #000000\">Cabe ao discente:<br \/>\n<\/span><\/strong>preencher o<\/span><span style=\"color: #000000;font-family: arial, helvetica, sans-serif\"><span style=\"color: #0000ff\"> <a href=\"https:\/\/sociaisaplicadas.ufpr.br\/administracao\/wp-content\/uploads\/sites\/4\/2023\/04\/FORMULARIO_1_AFCs_ADM_2023-1.docx\">FORMULARIO_1<\/a><\/span><span style=\"color: #000000\">\u00a0e enviar para a secretaria da Coordena\u00e7\u00e3o do Curso de Administra\u00e7\u00e3o (<\/span><a href=\"mailto:cursoadm@ufpr.br\">cursoadm@ufpr.br<\/a><span style=\"color: #000000\">), juntamente com os documentos comprobat\u00f3rios descritos na<a href=\"https:\/\/sociaisaplicadas.ufpr.br\/administracao\/wp-content\/uploads\/sites\/4\/2023\/04\/TABELA_ANEXO2_AFCs.pdf\">\u00a0<\/a><\/span><a href=\"https:\/\/sociaisaplicadas.ufpr.br\/administracao\/wp-content\/uploads\/sites\/4\/2023\/04\/TABELA_ANEXO2_AFCs.pdf\">TABELA_AFCs<\/a>. <span style=\"color: #ff0000\"><em>Importante: enviar os documentos uma \u00fanica vez, assim que as 300 horas (ou 60h, no caso dos alunos da matriz 2007) sejam atingidas.<\/em><\/span><br \/>\n<span style=\"color: #000000\"> 1\u00ba &#8211; Os anexos e os documentos comprobat\u00f3rios da carga total de Atividades Formativas devem ser enviados em formato pdf<span style=\"text-decoration: underline\"> num \u00fanico arquivo<\/span> iniciando pelo formul\u00e1rio.<\/span><br \/>\n<span style=\"color: #000000\"> 2\u00ba &#8211; Para as atividades formativas das categorias 1, 4, 5, 7, 8, 9, 10 e 12, deve ser preenchido e anexado o<\/span><span style=\"color: #000000\"><span style=\"color: #0000ff\"> <a href=\"https:\/\/sociaisaplicadas.ufpr.br\/administracao\/wp-content\/uploads\/sites\/4\/2023\/04\/FORMULARIO_2_AFCs_ADM_2023-1.docx\">FORMULARIO_2<\/a><\/span><\/span><span style=\"color: #000000\">, com a devida justificativa da ader\u00eancia da atividade \u00e0 forma\u00e7\u00e3o do administrador, conforme as compet\u00eancias e perfil do egresso previstas no PPC (2023) do curso de Administra\u00e7\u00e3o.<\/span><\/span><\/p>\n<p><span style=\"color: #000000\"><img loading=\"lazy\" decoding=\"async\" class=\"alignnone wp-image-8780\" src=\"https:\/\/sociaisaplicadas.ufpr.br\/administracao\/wp-content\/uploads\/sites\/4\/2023\/04\/sei.png\" alt=\"\" width=\"60\" height=\"39\" \/><br \/>\n<span style=\"font-family: arial, helvetica, sans-serif\"><strong>Cabe \u00e0 secretaria da Coordena\u00e7\u00e3o do Curso de Administra\u00e7\u00e3o:<\/strong><\/span><\/span><br \/>\n<span style=\"color: #000000\"> <span style=\"font-family: arial, helvetica, sans-serif\"> criar um processo SEI a partir da documenta\u00e7\u00e3o enviada pelo discente e ao Coordenador do Coordena\u00e7\u00e3o do Curso de Administra\u00e7\u00e3o encaminhar o processo SEI \u00e0 Comiss\u00e3o de Atividades Formativas do Curso de Administra\u00e7\u00e3o.<\/span><\/span><\/p>\n<p><img loading=\"lazy\" decoding=\"async\" class=\"alignnone wp-image-8780\" src=\"https:\/\/sociaisaplicadas.ufpr.br\/administracao\/wp-content\/uploads\/sites\/4\/2023\/04\/sei.png\" alt=\"\" width=\"60\" height=\"39\" \/><br \/>\n<span style=\"font-family: arial, helvetica, sans-serif\"><strong>Cabe \u00e0 Comiss\u00e3o de Atividades Formativas do Curso de Administra\u00e7\u00e3o:<br \/>\n<\/strong>devolver o processo SEI \u00e0 secretaria da Coordena\u00e7\u00e3o do Curso de Administra\u00e7\u00e3o com despacho decis\u00f3rio a respeito da valida\u00e7\u00e3o ou n\u00e3o das atividades formativas solicitada.<\/span><\/p>\n<p><img loading=\"lazy\" decoding=\"async\" class=\"alignnone wp-image-8780\" src=\"https:\/\/sociaisaplicadas.ufpr.br\/administracao\/wp-content\/uploads\/sites\/4\/2023\/04\/sei.png\" alt=\"\" width=\"60\" height=\"39\" \/><br \/>\n<strong>Cabe \u00e0 secretaria da Coordena\u00e7\u00e3o do Curso de Administra\u00e7\u00e3o:<br \/>\n<\/strong>lan\u00e7ar as Atividades Formativas validadas pela Comiss\u00e3o de Atividades Formativas do Curso de Administra\u00e7\u00e3o no hist\u00f3rico escolar do discente.<\/p>\n<div><span style=\"font-family: georgia, palatino, serif\">\u00a0<\/span><\/div>\n","protected":false},"excerpt":{"rendered":"<p>As atividades formativas complementares (AFCs), assim denominadas pelo Conselho Nacional de Educa\u00e7\u00e3o, s\u00e3o regulamentadas na Universidade Federal do Paran\u00e1 pela Resolu\u00e7\u00e3o n\u00ba 70\/04-CEPE com a denomina\u00e7\u00e3o de Atividades Formativas, definindo-as como \u201catividades complementares em rela\u00e7\u00e3o ao eixo fundamental do curr\u00edculo, objetivando sua flexibiliza\u00e7\u00e3o\u201d. Devem contemplar a articula\u00e7\u00e3o entre o ensino, pesquisa e extens\u00e3o, assegurando seu [&hellip;]<\/p>\n","protected":false},"author":2783,"featured_media":0,"parent":0,"menu_order":0,"comment_status":"closed","ping_status":"closed","template":"","meta":{"_acf_changed":false,"footnotes":""},"class_list":["post-2887","page","type-page","status-publish","hentry"],"acf":[],"_links":{"self":[{"href":"https:\/\/sociaisaplicadas.ufpr.br\/administracao\/wp-json\/wp\/v2\/pages\/2887","targetHints":{"allow":["GET"]}}],"collection":[{"href":"https:\/\/sociaisaplicadas.ufpr.br\/administracao\/wp-json\/wp\/v2\/pages"}],"about":[{"href":"https:\/\/sociaisaplicadas.ufpr.br\/administracao\/wp-json\/wp\/v2\/types\/page"}],"author":[{"embeddable":true,"href":"https:\/\/sociaisaplicadas.ufpr.br\/administracao\/wp-json\/wp\/v2\/users\/2783"}],"replies":[{"embeddable":true,"href":"https:\/\/sociaisaplicadas.ufpr.br\/administracao\/wp-json\/wp\/v2\/comments?post=2887"}],"version-history":[{"count":102,"href":"https:\/\/sociaisaplicadas.ufpr.br\/administracao\/wp-json\/wp\/v2\/pages\/2887\/revisions"}],"predecessor-version":[{"id":11751,"href":"https:\/\/sociaisaplicadas.ufpr.br\/administracao\/wp-json\/wp\/v2\/pages\/2887\/revisions\/11751"}],"wp:attachment":[{"href":"https:\/\/sociaisaplicadas.ufpr.br\/administracao\/wp-json\/wp\/v2\/media?parent=2887"}],"curies":[{"name":"wp","href":"https:\/\/api.w.org\/{rel}","templated":true}]}}