{"id":2889,"date":"2017-04-03T18:57:21","date_gmt":"2017-04-03T21:57:21","guid":{"rendered":"http:\/\/daga.provisorio.ws\/?page_id=2889"},"modified":"2024-08-26T13:01:11","modified_gmt":"2024-08-26T13:01:11","slug":"estagio","status":"publish","type":"page","link":"https:\/\/sociaisaplicadas.ufpr.br\/administracao\/estagio\/","title":{"rendered":"Est\u00e1gio"},"content":{"rendered":"<p><img loading=\"lazy\" decoding=\"async\" class=\"aligncenter wp-image-5248 size-full\" src=\"https:\/\/sociaisaplicadas.ufpr.br\/administracao\/wp-content\/uploads\/sites\/4\/2021\/02\/FRONTPAGE_ESTAGIO-5.png\" alt=\"\" width=\"1200\" height=\"200\" srcset=\"https:\/\/sociaisaplicadas.ufpr.br\/administracao\/wp-content\/uploads\/sites\/4\/2021\/02\/FRONTPAGE_ESTAGIO-5.png 1200w, https:\/\/sociaisaplicadas.ufpr.br\/administracao\/wp-content\/uploads\/sites\/4\/2021\/02\/FRONTPAGE_ESTAGIO-5-500x83.png 500w, https:\/\/sociaisaplicadas.ufpr.br\/administracao\/wp-content\/uploads\/sites\/4\/2021\/02\/FRONTPAGE_ESTAGIO-5-768x128.png 768w, https:\/\/sociaisaplicadas.ufpr.br\/administracao\/wp-content\/uploads\/sites\/4\/2021\/02\/FRONTPAGE_ESTAGIO-5-1024x171.png 1024w\" sizes=\"auto, (max-width: 1200px) 100vw, 1200px\" \/><\/p>\n<p><span style=\"font-family: arial, helvetica, sans-serif\"><strong>Gest\u00e3o dos Est\u00e1gios no Curso de Administra\u00e7\u00e3o:<\/strong>\u00a0A ger\u00eancia documental e pedag\u00f3gica dos est\u00e1gios na UFPR \u00e9 uma atribui\u00e7\u00e3o da PROGRAD. No curso de Administra\u00e7\u00e3o temos as duas modalidades de est\u00e1gio: n\u00e3o obrigat\u00f3rio e obrigat\u00f3rio. A COE &#8211; Comiss\u00e3o Orientadora de Est\u00e1gio (coedaga@gmail.com) \u00e9 respons\u00e1vel pelo acompanhamento e avalia\u00e7\u00e3o dos est\u00e1gios, com apoio operacional da secretaria de curso (cursoadm@ufpr.br).<\/span><\/p>\n<p><a href=\"https:\/\/sociaisaplicadas.ufpr.br\/administracao\/oportunidades-de-estagio\/\"><img loading=\"lazy\" decoding=\"async\" class=\"alignnone wp-image-7791\" src=\"https:\/\/sociaisaplicadas.ufpr.br\/administracao\/wp-content\/uploads\/sites\/4\/2022\/10\/Captura-de-Tela-2022-10-20-a\u0300s-20.46.49-500x121.png\" alt=\"\" width=\"401\" height=\"97\" srcset=\"https:\/\/sociaisaplicadas.ufpr.br\/administracao\/wp-content\/uploads\/sites\/4\/2022\/10\/Captura-de-Tela-2022-10-20-a\u0300s-20.46.49-500x121.png 500w, https:\/\/sociaisaplicadas.ufpr.br\/administracao\/wp-content\/uploads\/sites\/4\/2022\/10\/Captura-de-Tela-2022-10-20-a\u0300s-20.46.49-768x185.png 768w, https:\/\/sociaisaplicadas.ufpr.br\/administracao\/wp-content\/uploads\/sites\/4\/2022\/10\/Captura-de-Tela-2022-10-20-a\u0300s-20.46.49-1024x247.png 1024w, https:\/\/sociaisaplicadas.ufpr.br\/administracao\/wp-content\/uploads\/sites\/4\/2022\/10\/Captura-de-Tela-2022-10-20-a\u0300s-20.46.49.png 1350w\" sizes=\"auto, (max-width: 401px) 100vw, 401px\" \/><\/a><\/p>\n<p><a href=\"https:\/\/sociaisaplicadas.ufpr.br\/administracao\/wp-content\/uploads\/sites\/4\/2024\/08\/Regulamento-de-Estagio.pdf\"><img loading=\"lazy\" decoding=\"async\" class=\"alignnone wp-image-5302 size-full\" src=\"https:\/\/sociaisaplicadas.ufpr.br\/administracao\/wp-content\/uploads\/sites\/4\/2021\/02\/regulamento_estagio.png\" alt=\"\" width=\"400\" height=\"100\" \/><\/a><\/p>\n<p><a title=\"Est\u00e1gio obrigat\u00f3rio\" href=\"https:\/\/sociaisaplicadas.ufpr.br\/administracao\/coe\/\"><img loading=\"lazy\" decoding=\"async\" class=\"alignnone size-full wp-image-5272\" src=\"https:\/\/sociaisaplicadas.ufpr.br\/administracao\/wp-content\/uploads\/sites\/4\/2021\/02\/coe.png\" alt=\"\" width=\"400\" height=\"100\" \/><\/a><\/p>\n<p><a title=\"Est\u00e1gio obrigat\u00f3rio\" href=\"https:\/\/sociaisaplicadas.ufpr.br\/administracao\/estagio-obrigatorio-2\/\"><img loading=\"lazy\" decoding=\"async\" class=\"alignnone size-full wp-image-5307\" src=\"https:\/\/sociaisaplicadas.ufpr.br\/administracao\/wp-content\/uploads\/sites\/4\/2021\/02\/estagio_obrigatorio.png\" alt=\"\" width=\"400\" height=\"100\" \/><\/a><\/p>\n<p><a title=\"Est\u00e1gio n\u00e3o-obrigat\u00f3rio\" href=\"https:\/\/sociaisaplicadas.ufpr.br\/administracao\/estagio-nao-obrigatorio\/\"><img loading=\"lazy\" decoding=\"async\" class=\"alignnone size-full wp-image-5306\" src=\"https:\/\/sociaisaplicadas.ufpr.br\/administracao\/wp-content\/uploads\/sites\/4\/2021\/02\/estagio_nao_obrigatorio-2.png\" alt=\"\" width=\"400\" height=\"100\" \/><\/a><\/p>\n<p><a title=\"Perguntas Frequentes\" href=\"https:\/\/sociaisaplicadas.ufpr.br\/administracao\/perguntas-frequentes\/\"><img loading=\"lazy\" decoding=\"async\" class=\"alignnone size-full wp-image-5276\" src=\"https:\/\/sociaisaplicadas.ufpr.br\/administracao\/wp-content\/uploads\/sites\/4\/2021\/02\/perguntas_frequentes-1.png\" alt=\"\" width=\"400\" height=\"100\" \/><\/a><\/p>\n<p><a title=\"Setores e empresas\" href=\"https:\/\/sociaisaplicadas.ufpr.br\/administracao\/setores_e_empresas\/\"><img loading=\"lazy\" decoding=\"async\" class=\"alignnone size-full wp-image-5309\" src=\"https:\/\/sociaisaplicadas.ufpr.br\/administracao\/wp-content\/uploads\/sites\/4\/2021\/02\/historico_ESTAGIO.png\" alt=\"\" width=\"400\" height=\"100\" \/><\/a><\/p>\n","protected":false},"excerpt":{"rendered":"<p>Gest\u00e3o dos Est\u00e1gios no Curso de Administra\u00e7\u00e3o:\u00a0A ger\u00eancia documental e pedag\u00f3gica dos est\u00e1gios na UFPR \u00e9 uma atribui\u00e7\u00e3o da PROGRAD. No curso de Administra\u00e7\u00e3o temos as duas modalidades de est\u00e1gio: n\u00e3o obrigat\u00f3rio e obrigat\u00f3rio. A COE &#8211; Comiss\u00e3o Orientadora de Est\u00e1gio (coedaga@gmail.com) \u00e9 respons\u00e1vel pelo acompanhamento e avalia\u00e7\u00e3o dos est\u00e1gios, com apoio operacional da secretaria [&hellip;]<\/p>\n","protected":false},"author":2783,"featured_media":0,"parent":0,"menu_order":0,"comment_status":"closed","ping_status":"closed","template":"","meta":{"_acf_changed":false,"footnotes":""},"class_list":["post-2889","page","type-page","status-publish","hentry"],"acf":[],"_links":{"self":[{"href":"https:\/\/sociaisaplicadas.ufpr.br\/administracao\/wp-json\/wp\/v2\/pages\/2889","targetHints":{"allow":["GET"]}}],"collection":[{"href":"https:\/\/sociaisaplicadas.ufpr.br\/administracao\/wp-json\/wp\/v2\/pages"}],"about":[{"href":"https:\/\/sociaisaplicadas.ufpr.br\/administracao\/wp-json\/wp\/v2\/types\/page"}],"author":[{"embeddable":true,"href":"https:\/\/sociaisaplicadas.ufpr.br\/administracao\/wp-json\/wp\/v2\/users\/2783"}],"replies":[{"embeddable":true,"href":"https:\/\/sociaisaplicadas.ufpr.br\/administracao\/wp-json\/wp\/v2\/comments?post=2889"}],"version-history":[{"count":157,"href":"https:\/\/sociaisaplicadas.ufpr.br\/administracao\/wp-json\/wp\/v2\/pages\/2889\/revisions"}],"predecessor-version":[{"id":10833,"href":"https:\/\/sociaisaplicadas.ufpr.br\/administracao\/wp-json\/wp\/v2\/pages\/2889\/revisions\/10833"}],"wp:attachment":[{"href":"https:\/\/sociaisaplicadas.ufpr.br\/administracao\/wp-json\/wp\/v2\/media?parent=2889"}],"curies":[{"name":"wp","href":"https:\/\/api.w.org\/{rel}","templated":true}]}}