{"id":5384,"date":"2021-02-17T00:06:24","date_gmt":"2021-02-17T00:06:24","guid":{"rendered":"https:\/\/sociaisaplicadas.ufpr.br\/administracao\/?page_id=5384"},"modified":"2025-04-15T12:44:17","modified_gmt":"2025-04-15T12:44:17","slug":"aces","status":"publish","type":"page","link":"https:\/\/sociaisaplicadas.ufpr.br\/administracao\/aces\/","title":{"rendered":"ACEs"},"content":{"rendered":"<p><img loading=\"lazy\" decoding=\"async\" class=\"alignnone size-full wp-image-5387\" src=\"https:\/\/sociaisaplicadas.ufpr.br\/administracao\/wp-content\/uploads\/sites\/4\/2021\/02\/botoes_EXTENSAO.png\" alt=\"\" width=\"400\" height=\"100\" \/><img loading=\"lazy\" decoding=\"async\" class=\"alignnone size-full wp-image-5388\" src=\"https:\/\/sociaisaplicadas.ufpr.br\/administracao\/wp-content\/uploads\/sites\/4\/2021\/02\/FRONT_EXTENSAO.png\" alt=\"\" width=\"400\" height=\"100\" \/><\/p>\n<p style=\"text-align: justify;background: white;margin: 0cm 0cm 7.5pt 0cm\"><span style=\"font-size: 16px;font-family: georgia, palatino, serif;color: #333333\"><strong>Atividades Curriculares de Extens\u00e3o (ACEs)<\/strong> s\u00e3o componentes obrigat\u00f3rios da matriz curricular no Projeto Pedag\u00f3gico de Curso a a partir de 2023, totalizando 10% do total da carga hor\u00e1ria do curso, tendo por finalidade ressaltar o valor das atividades de extens\u00e3o que contribuem para a efetiva indissociabilidade entre Ensino, Pesquisa e Extens\u00e3o na Universidade.<br \/><\/span><span style=\"font-size: 16px;font-family: georgia, palatino, serif;color: #333333\">Os discentes do curso de administra\u00e7\u00e3o poder\u00e3o desenvolver ACEs em uma ou mais das modalidades listadas abaixo, desde que a soma da carga hor\u00e1ria corresponda aos 10% do total de horas estabelecidas no Projeto Pedag\u00f3gico do Curso (ou seja, <strong>300 horas<\/strong>) e necess\u00e1rias \u00e0 integraliza\u00e7\u00e3o curricular.\u00a0<\/span><\/p>\n<p style=\"text-align: justify;background: white;margin: 0cm 0cm 7.5pt 0cm\"><span style=\"font-size: 16px;font-family: georgia, palatino, serif;color: #333333\"><strong>ACE I &#8211;<\/strong> disciplina introdut\u00f3ria de fundamenta\u00e7\u00e3o da Extens\u00e3o (limitada a 30h);<br \/><\/span><span style=\"font-size: 16px;font-family: georgia, palatino, serif;color: #333333\"><strong>ACE II &#8211;<\/strong> disciplinas com previs\u00e3o de uma parte ou da totalidade da carga hor\u00e1ria destinada \u00e0 participa\u00e7\u00e3o em a\u00e7\u00f5es de programas ou projetos de extens\u00e3o.\u00a0No curso de Administra\u00e7\u00e3o, as ACE II s\u00e3o disciplinas optativas com 60h de carga hor\u00e1ria extensionista e est\u00e3o descritas no Anexo I deste regimento.\u00a0<i><br \/><\/i><\/span><span style=\"font-size: 16px;font-family: georgia, palatino, serif;color: #333333\"><strong>ACE III &#8211;<\/strong> participa\u00e7\u00e3o estudantil em programas ou projetos de extens\u00e3o da UFPR.\u00a0<i><br \/><\/i><\/span><span style=\"font-size: 16px;font-family: georgia, palatino, serif;color: #333333\"><strong>ACE IV &#8211;<\/strong> participa\u00e7\u00e3o estudantil como integrante de equipe organizadora ou ministrante de cursos e eventos ou participante de a\u00e7\u00f5es de presta\u00e7\u00e3o de servi\u00e7o, que estejam vinculados a programas ou projetos de extens\u00e3o.\u00a0<i><br \/><\/i><\/span><span style=\"font-size: 16px;font-family: georgia, palatino, serif;color: #333333\"><strong>ACE V &#8211;<\/strong> participa\u00e7\u00e3o estudantil em programas ou projetos de extens\u00e3o em outras institui\u00e7\u00f5es de Ensino Superior com parceria conforme as modalidades normalizadas pela Pr\u00f3 Reitoria de Planejamento e Finan\u00e7as.<\/span><\/p>\n<p style=\"text-align: left\"><span style=\"font-family: georgia, palatino, serif\"><strong>Para mais informa\u00e7\u00f5es, acesse:<\/strong><\/span><br \/><a href=\"https:\/\/sociaisaplicadas.ufpr.br\/administracao\/wp-content\/uploads\/sites\/4\/2023\/04\/Regulamento-de-Atividades-Curriculares-Extensionistas-ADM_2023.pdf\">Regulamento de Atividades Curriculares Extensionistas <\/a><\/p>\n<p style=\"text-align: justify\"><span style=\"text-decoration: underline\"><span style=\"font-family: georgia, palatino, serif\"><strong><span style=\"font-family: arial, helvetica, sans-serif\">DAS ROTINAS ADMINISTRATIVAS DE ENVIO E VALIDA\u00c7\u00c3O DE ATIVIDADES CURRICULARES DE EXTENS\u00c3O DAS MODALIDADES ACE III, ACE IV e ACE V<br \/><\/span><\/strong><\/span><\/span><span style=\"text-decoration: underline\"><span style=\"font-family: georgia, palatino, serif\"><strong><span style=\"font-family: arial, helvetica, sans-serif\"><em>Obs.: as ACEs I e II constar\u00e3o automaticamente no hist\u00f3rico escolar do aluno a partir da aprova\u00e7\u00e3o na(s) disciplina(s)<\/em><\/span><\/strong><\/span><\/span><\/p>\n<p><img loading=\"lazy\" decoding=\"async\" class=\"wp-image-8775 alignleft\" src=\"https:\/\/sociaisaplicadas.ufpr.br\/administracao\/wp-content\/uploads\/sites\/4\/2023\/04\/pdf.png\" alt=\"\" width=\"60\" height=\"60\" \/><span style=\"font-family: georgia, palatino, serif\"><strong> <img loading=\"lazy\" decoding=\"async\" class=\"alignnone wp-image-8792\" src=\"https:\/\/sociaisaplicadas.ufpr.br\/administracao\/wp-content\/uploads\/sites\/4\/2023\/04\/email_logo-500x500.jpeg\" alt=\"\" width=\"60\" height=\"60\" srcset=\"https:\/\/sociaisaplicadas.ufpr.br\/administracao\/wp-content\/uploads\/sites\/4\/2023\/04\/email_logo-500x500.jpeg 500w, https:\/\/sociaisaplicadas.ufpr.br\/administracao\/wp-content\/uploads\/sites\/4\/2023\/04\/email_logo-250x250.jpeg 250w, https:\/\/sociaisaplicadas.ufpr.br\/administracao\/wp-content\/uploads\/sites\/4\/2023\/04\/email_logo.jpeg 620w\" sizes=\"auto, (max-width: 60px) 100vw, 60px\" \/><br \/><\/strong><\/span><span style=\"color: #000000;font-family: arial, helvetica, sans-serif\"><strong><span style=\"color: #000000\">Cabe ao discente:<\/span><\/strong><\/span><\/p>\n<p><span style=\"color: #000000;font-family: arial, helvetica, sans-serif\">1. Ao\u00a0<span style=\"color: #ff0000\"><strong>totalizar as 300(trezentas) horas extensionistas<\/strong>, <strong>incluindo ACE I e ACEII vencidas ou em curso (matr\u00edcula ativa em laborat\u00f3rio extensionisa no semestre de solicita\u00e7\u00e3o)<\/strong><\/span>, preencher o<\/span><span style=\"color: #000000;font-family: arial, helvetica, sans-serif\"><span style=\"color: #0000ff\"><a href=\"https:\/\/sociaisaplicadas.ufpr.br\/administracao\/wp-content\/uploads\/sites\/4\/2023\/04\/FORMULARIO_1_ACEs_ADM_2023.docx\">FORMULARIO_1<\/a><\/span><span style=\"color: #000000\">\u00a0e enviar para a secretaria da Coordena\u00e7\u00e3o do Curso de Administra\u00e7\u00e3o (<\/span><span style=\"color: #0000ff\"><a style=\"color: #0000ff\" href=\"mailto:cursoadm@ufpr.br\">cursoadm@ufpr.br<\/a><\/span><span style=\"color: #000000\">), juntamente com os documentos comprobat\u00f3rios da modalidade a ser validada (ACE III, ACE IV ou ACE V) + Relat\u00f3rio de Integraliza\u00e7\u00e3o e Hist\u00f3rico caso esteja com matr\u00edcula ativa em laborat\u00f3rio extensionista (relat\u00f3rios dispon\u00edveis no SIGA &#8211; ABA documentos)<\/span><br \/><span style=\"color: #000000\"><strong>Obs.<\/strong>: <\/span><\/span><span style=\"font-family: arial, helvetica, sans-serif\">Os anexos e os documentos comprobat\u00f3rios das ACEs devem ser enviados num <\/span><span style=\"font-family: arial, helvetica, sans-serif\"><span style=\"color: #ff0000\"><strong>\u00fanico em formato pdf<\/strong> <\/span>iniciando pelo formul\u00e1rio de solicita\u00e7\u00e3o.\u00a0<\/span><\/p>\n<p><span style=\"color: #000000\"><span style=\"font-family: arial, helvetica, sans-serif\">2. <span style=\"color: #ff0000\"><strong>Ap\u00f3s<\/strong> receber a resposta de <strong>DEFERIMENTO<\/strong> realizar a solicita\u00e7\u00e3o no sistema SIGA<\/span>. <\/span>Verificar\u00a0 instru\u00e7\u00f5es dispon\u00edveis no tutorial &#8220;Credita\u00e7\u00e3o da Extens\u00e3o: como realizar a solicita\u00e7\u00e3o ACE III, IV e V&#8221;, acess\u00edvel pelo link abaixo:<\/span> <a title=\"https:\/\/ufpraberta.ufpr.br\/course\/view.php?id=9\" href=\"https:\/\/ufpraberta.ufpr.br\/course\/view.php?id=9\" target=\"_blank\" rel=\"noopener noreferrer\" data-auth=\"NotApplicable\" data-linkindex=\"0\">https:\/\/ufpraberta.ufpr.br\/course\/view.php?id=9<\/a><\/p>\n<p><span style=\"color: #000000\"><img loading=\"lazy\" decoding=\"async\" class=\"alignnone wp-image-8780\" src=\"https:\/\/sociaisaplicadas.ufpr.br\/administracao\/wp-content\/uploads\/sites\/4\/2023\/04\/sei.png\" alt=\"\" width=\"60\" height=\"39\" \/><br \/><span style=\"font-family: arial, helvetica, sans-serif\"><strong>Cabe \u00e0 secretaria da Coordena\u00e7\u00e3o do Curso de Administra\u00e7\u00e3o:<\/strong><\/span><\/span><br \/><span style=\"color: #000000\"> <span style=\"font-family: arial, helvetica, sans-serif\"> instruir processo SEI a partir da documenta\u00e7\u00e3o enviada pelo discente; atribuir o processo a(o) Coordenador do Coordena\u00e7\u00e3o do Curso de Administra\u00e7\u00e3o que encaminhar\u00e1 \u00e0 Comiss\u00e3o Orientadora e Avaliadora de Atividades de Extens\u00e3o (COAEx).<\/span><\/span><\/p>\n<p><img loading=\"lazy\" decoding=\"async\" class=\"alignnone wp-image-8780\" src=\"https:\/\/sociaisaplicadas.ufpr.br\/administracao\/wp-content\/uploads\/sites\/4\/2023\/04\/sei.png\" alt=\"\" width=\"60\" height=\"39\" \/><br \/><span style=\"font-family: arial, helvetica, sans-serif\"><strong>Cabe \u00e0 COAEx do Curso de Administra\u00e7\u00e3o:<br \/><\/strong>Conferir documenta\u00e7\u00e3o, incluindo a verifica\u00e7\u00e3o de duplicidade de documenta\u00e7\u00e3o destinada \u00e0 Atividade Formativas, se for o caso; modalidade solicitada; emitir parecer de Deferimento ou Indeferimento da ACE solicitada e devolver o processo SEI \u00e0 secretaria da Coordena\u00e7\u00e3o do Curso de Administra\u00e7\u00e3o.<\/span><\/p>\n<p><img loading=\"lazy\" decoding=\"async\" class=\"alignnone wp-image-8780\" src=\"https:\/\/sociaisaplicadas.ufpr.br\/administracao\/wp-content\/uploads\/sites\/4\/2023\/04\/sei.png\" alt=\"\" width=\"60\" height=\"39\" \/><br \/><span style=\"font-family: arial, helvetica, sans-serif\"><strong>Cabe \u00e0 secretaria da Coordena\u00e7\u00e3o do Curso de Administra\u00e7\u00e3o:<br \/><\/strong><\/span><\/p>\n<p><span style=\"color: #000000\">Comunicar o(a) discente sobre o parecer da comiss\u00e3o.<\/span><\/p>\n<p><span style=\"color: #000000\">Orientar o(a) discente sobre o procedimento de solicita\u00e7\u00e3o de &#8220;Credita\u00e7\u00e3o de Extens\u00e3o&#8221; no SIGA, incluindo a indica\u00e7\u00e3o da modalidade de ACEs a ser solicitada, caso necess\u00e1rio.<\/span><\/p>\n<p><span style=\"font-family: arial, helvetica, sans-serif\">Ap\u00f3s a solicita\u00e7\u00e3o do aluno no SIGA, lan\u00e7ar as ACEs validadas pela COAEx do Curso de Administra\u00e7\u00e3o no hist\u00f3rico escolar do discente.<\/span><\/p>\n\n\n\n\n\n","protected":false},"excerpt":{"rendered":"<p>Atividades Curriculares de Extens\u00e3o (ACEs) s\u00e3o componentes obrigat\u00f3rios da matriz curricular no Projeto Pedag\u00f3gico de Curso a a partir de 2023, totalizando 10% do total da carga hor\u00e1ria do curso, tendo por finalidade ressaltar o valor das atividades de extens\u00e3o que contribuem para a efetiva indissociabilidade entre Ensino, Pesquisa e Extens\u00e3o na Universidade.Os discentes do [&hellip;]<\/p>\n","protected":false},"author":2805,"featured_media":0,"parent":0,"menu_order":0,"comment_status":"closed","ping_status":"closed","template":"","meta":{"_acf_changed":false,"footnotes":""},"class_list":["post-5384","page","type-page","status-publish","hentry"],"acf":[],"_links":{"self":[{"href":"https:\/\/sociaisaplicadas.ufpr.br\/administracao\/wp-json\/wp\/v2\/pages\/5384","targetHints":{"allow":["GET"]}}],"collection":[{"href":"https:\/\/sociaisaplicadas.ufpr.br\/administracao\/wp-json\/wp\/v2\/pages"}],"about":[{"href":"https:\/\/sociaisaplicadas.ufpr.br\/administracao\/wp-json\/wp\/v2\/types\/page"}],"author":[{"embeddable":true,"href":"https:\/\/sociaisaplicadas.ufpr.br\/administracao\/wp-json\/wp\/v2\/users\/2805"}],"replies":[{"embeddable":true,"href":"https:\/\/sociaisaplicadas.ufpr.br\/administracao\/wp-json\/wp\/v2\/comments?post=5384"}],"version-history":[{"count":37,"href":"https:\/\/sociaisaplicadas.ufpr.br\/administracao\/wp-json\/wp\/v2\/pages\/5384\/revisions"}],"predecessor-version":[{"id":11535,"href":"https:\/\/sociaisaplicadas.ufpr.br\/administracao\/wp-json\/wp\/v2\/pages\/5384\/revisions\/11535"}],"wp:attachment":[{"href":"https:\/\/sociaisaplicadas.ufpr.br\/administracao\/wp-json\/wp\/v2\/media?parent=5384"}],"curies":[{"name":"wp","href":"https:\/\/api.w.org\/{rel}","templated":true}]}}