{"id":1078,"date":"2019-09-19T16:19:29","date_gmt":"2019-09-19T16:19:29","guid":{"rendered":"https:\/\/sociaisaplicadas.ufpr.br\/contabeis\/?page_id=1078"},"modified":"2026-03-12T19:42:22","modified_gmt":"2026-03-12T19:42:22","slug":"atividades-formativas-complementares","status":"publish","type":"page","link":"https:\/\/sociaisaplicadas.ufpr.br\/contabeis\/atividades-formativas-complementares\/","title":{"rendered":"Atividades Formativas"},"content":{"rendered":"<p><strong>As Atividades Formativas constituem-se como atividades obrigat\u00f3rias do Curso de Ci\u00eancias Cont\u00e1beis, conforme estabelecido a seguir:<\/strong><\/p>\n<ol style=\"list-style-type: lower-alpha\">\n<li><strong>Carga hor\u00e1ria m\u00ednima:<\/strong>\n<ol style=\"list-style-type: lower-alpha\">\n<li>Curr\u00edculo 2023: 120 (centro e vinte) horas.<\/li>\n<li>Curr\u00edculo 2013: 120 (cento e vinte) horas.<\/li>\n<\/ol>\n<\/li>\n<li><strong>Objetivo:<\/strong> Proporcionar ao estudante a oportunidade de obter experi\u00eancias relacionadas \u00e0 aplica\u00e7\u00e3o dos conhecimentos no mundo do trabalho e da aplica\u00e7\u00e3o do saber adquirido no Curso, bem como consolidar a forma\u00e7\u00e3o nas diversas \u00e1reas de atua\u00e7\u00e3o profissional.<\/li>\n<\/ol>\n<h5>Regulamentos Vigentes de Atividades Formativas<\/h5>\n<h4>Regulamento de Atividades Formativas &#8211; Curr\u00edculo 2023 (Ingressantes a partir de 2023)<\/h4>\n<p><strong><a href=\"https:\/\/sociaisaplicadas.ufpr.br\/contabeis\/wp-content\/uploads\/sites\/3\/2025\/12\/2023-Regulamento-de-Atividades-Formativas-Curriculares_09122025.pdf\" target=\"_blank\" rel=\"noopener\">Clique aqui<\/a><\/strong> para acessar Regulamento de Atividades Formativas (Curr\u00edculo &#8211; 2023)<\/p>\n<h4>Regulamento de Atividades Formativas &#8211; Curr\u00edculo 2013 (Ingressantes at\u00e9 2022)<\/h4>\n<p><strong><a href=\"https:\/\/sociaisaplicadas.ufpr.br\/contabeis\/wp-content\/uploads\/sites\/3\/2025\/12\/2013-Regulamento-de-Atividades-Formativas_CURRICULO-2013_09122025.pdf\" target=\"_blank\" rel=\"noopener\">Clique aqui<\/a><\/strong> para acessar Regulamento de Atividades Formativas (Curr\u00edculo \u2013 2013)<\/p>\n<h5>Cronograma de Entrega das Atividades Formativas: ano letivo 2026<\/h5>\n<table style=\"border-collapse: collapse;width: 99.643%;height: 184px\">\n<tbody>\n<tr style=\"height: 23px\">\n<td style=\"width: 59.1187%;height: 23px\"><\/td>\n<td style=\"width: 21.2602%;height: 23px\"><strong>Semestre 2026\/01<\/strong><\/td>\n<td style=\"width: 19.4857%;height: 23px\"><strong>Semestre 2026\/02<\/strong><\/td>\n<\/tr>\n<tr style=\"height: 46px\">\n<td style=\"width: 59.1187%;height: 46px\">1. Recep\u00e7\u00e3o dos documentos, via e-mail <strong>formativascontabeis@ufpr.br<\/strong><\/td>\n<td style=\"width: 21.2602%;text-align: center;height: 46px\"><span style=\"background-color: #ffff00;color: #0000ff\"><strong>01 a 10 de maio<\/strong><\/span><\/td>\n<td style=\"width: 19.4857%;text-align: center;height: 46px\">01 a 12 de outubro<\/td>\n<\/tr>\n<tr style=\"height: 46px\">\n<td style=\"width: 59.1187%;height: 46px\">2. Organiza\u00e7\u00e3o dos documentos pela Secretaria da Coordena\u00e7\u00e3o<\/td>\n<td style=\"width: 21.2602%;text-align: center;height: 46px\"><span style=\"background-color: #ffff00;color: #0000ff\"><strong>11 a 15 de maio<\/strong><\/span><\/td>\n<td style=\"width: 19.4857%;text-align: center;height: 46px\">13 a 16 de outubro<\/td>\n<\/tr>\n<tr style=\"height: 23px\">\n<td style=\"width: 59.1187%;height: 23px\">3. An\u00e1lise pela Comiss\u00e3o de Atividades Formativas<\/td>\n<td style=\"width: 21.2602%;text-align: center;height: 23px\"><span style=\"background-color: #ffff00;color: #0000ff\"><strong>18 a 29 de maio<\/strong><\/span><\/td>\n<td style=\"width: 19.4857%;text-align: center;height: 23px\">19 a 30 de outubro<\/td>\n<\/tr>\n<tr style=\"height: 46px\">\n<td style=\"width: 59.1187%;height: 46px\">4. Lan\u00e7amento das notas<\/td>\n<td style=\"width: 21.2602%;text-align: center;height: 46px\"><span style=\"background-color: #ffff00;color: #0000ff\"><strong>A partir de 01 de junho<\/strong><\/span><\/td>\n<td style=\"width: 19.4857%;text-align: center;height: 46px\">A partir de 02 de novembro<\/td>\n<\/tr>\n<\/tbody>\n<\/table>\n<h5>Como realizar o pedido?<\/h5>\n<p><strong>O estudante deve:<\/strong><\/p>\n<ol>\n<li>Ler o Regulamento de Atividades Formativas (Curr\u00edculo 2023 ou Curr\u00edculo 2013, acima) e, em seguida, preencher o <a href=\"https:\/\/sociaisaplicadas.ufpr.br\/contabeis\/wp-content\/uploads\/sites\/3\/2025\/12\/Requerimento-de-Entrega-de-Atividades-Formativas.docx\" target=\"_blank\" rel=\"noopener\">Requerimento de Entrega de Atividades Formativas<\/a> (<a href=\"https:\/\/sociaisaplicadas.ufpr.br\/contabeis\/wp-content\/uploads\/sites\/3\/2025\/12\/Requerimento-de-Entrega-de-Atividades-Formativas.pdf\" target=\"_blank\" rel=\"noopener\">Vers\u00e3o pdf<\/a>), Anexo II dos Regulamentos. Lembrando que a solicita\u00e7\u00e3o s\u00f3 deve ser feita quando o (a) aluno (a) tiver em posse <strong>todos os certificados com a CH total<\/strong><\/li>\n<li>Preencher de acordo com as instru\u00e7\u00f5es;<\/li>\n<li>Digitalizar os Certificados;<\/li>\n<li>Gerar um arquivo\u00a0<strong>\u00daNICO em formato \u201cPDF\u201d\u00a0<\/strong>com o requerimento na primeira p\u00e1gina e os certificados digitalizados, na ordem do formul\u00e1rio, nas p\u00e1ginas seguintes; \u00e9 obrigat\u00f3rio o envio de dois certificados de participa\u00e7\u00e3o em semana acad\u00eamica.<\/li>\n<li>Enviar o arquivo gerado em formato \u201cPDF\u201d para o e-mail:\u00a0<strong>formativascontabeis@ufpr.br<\/strong><\/li>\n<li>Os Certificados ser\u00e3o conferidos digitalmente.<\/li>\n<li>Caso necess\u00e1rios, os CERTIFICADOS ORIGINAIS dever\u00e3o ser apresentados para confer\u00eancia e em seguida ser\u00e3o devolvidos;<\/li>\n<li>A secretaria da Coordena\u00e7\u00e3o do Curso de Ci\u00eancias Cont\u00e1beis enviar\u00e1 o processo para an\u00e1lise da Comiss\u00e3o de Atividades Formativas. Assim que a an\u00e1lise estiver conclu\u00edda, a coordena\u00e7\u00e3o enviar\u00e1 o resultado ao discente. Em caso de necessidade de complementa\u00e7\u00e3o, o discente ser\u00e1 informado\u00a0<strong>e ter\u00e1 um novo prazo para envio da complementa\u00e7\u00e3o.<\/strong><\/li>\n<\/ol>\n","protected":false},"excerpt":{"rendered":"<p>As Atividades Formativas constituem-se como atividades obrigat\u00f3rias do Curso de Ci\u00eancias Cont\u00e1beis, conforme estabelecido a seguir: Carga hor\u00e1ria m\u00ednima: Curr\u00edculo 2023: 120 (centro e vinte) horas. Curr\u00edculo 2013: 120 (cento e vinte) horas. Objetivo: Proporcionar ao estudante a oportunidade de obter experi\u00eancias relacionadas \u00e0 aplica\u00e7\u00e3o dos conhecimentos no mundo do trabalho e da aplica\u00e7\u00e3o do [&hellip;]<\/p>\n","protected":false},"author":2791,"featured_media":0,"parent":0,"menu_order":0,"comment_status":"closed","ping_status":"closed","template":"","meta":{"footnotes":""},"class_list":["post-1078","page","type-page","status-publish","hentry"],"_links":{"self":[{"href":"https:\/\/sociaisaplicadas.ufpr.br\/contabeis\/wp-json\/wp\/v2\/pages\/1078","targetHints":{"allow":["GET"]}}],"collection":[{"href":"https:\/\/sociaisaplicadas.ufpr.br\/contabeis\/wp-json\/wp\/v2\/pages"}],"about":[{"href":"https:\/\/sociaisaplicadas.ufpr.br\/contabeis\/wp-json\/wp\/v2\/types\/page"}],"author":[{"embeddable":true,"href":"https:\/\/sociaisaplicadas.ufpr.br\/contabeis\/wp-json\/wp\/v2\/users\/2791"}],"replies":[{"embeddable":true,"href":"https:\/\/sociaisaplicadas.ufpr.br\/contabeis\/wp-json\/wp\/v2\/comments?post=1078"}],"version-history":[{"count":60,"href":"https:\/\/sociaisaplicadas.ufpr.br\/contabeis\/wp-json\/wp\/v2\/pages\/1078\/revisions"}],"predecessor-version":[{"id":6742,"href":"https:\/\/sociaisaplicadas.ufpr.br\/contabeis\/wp-json\/wp\/v2\/pages\/1078\/revisions\/6742"}],"wp:attachment":[{"href":"https:\/\/sociaisaplicadas.ufpr.br\/contabeis\/wp-json\/wp\/v2\/media?parent=1078"}],"curies":[{"name":"wp","href":"https:\/\/api.w.org\/{rel}","templated":true}]}}

<p><strong>As Atividades Formativas constituem-se como atividades obrigatórias do Curso de Ciências Contábeis, conforme estabelecido a seguir:</strong></p>
<ol style="list-style-type: lower-alpha">
<li><strong>Carga horária mínima:</strong>
<ol style="list-style-type: lower-alpha">
<li>Currículo 2023: 120 (centro e vinte) horas.</li>
<li>Currículo 2013: 120 (cento e vinte) horas.</li>
</ol>
</li>
<li><strong>Objetivo:</strong> Proporcionar ao estudante a oportunidade de obter experiências relacionadas à aplicação dos conhecimentos no mundo do trabalho e da aplicação do saber adquirido no Curso, bem como consolidar a formação nas diversas áreas de atuação profissional.</li>
</ol>
<h5>Regulamentos Vigentes de Atividades Formativas</h5>
<h4>Regulamento de Atividades Formativas &#8211; Currículo 2023 (Ingressantes a partir de 2023)</h4>
<p><strong><a href="https://sociaisaplicadas.ufpr.br/contabeis/wp-content/uploads/sites/3/2025/12/2023-Regulamento-de-Atividades-Formativas-Curriculares_09122025.pdf" target="_blank" rel="noopener">Clique aqui</a></strong> para acessar Regulamento de Atividades Formativas (Currículo &#8211; 2023)</p>
<h4>Regulamento de Atividades Formativas &#8211; Currículo 2013 (Ingressantes até 2022)</h4>
<p><strong><a href="https://sociaisaplicadas.ufpr.br/contabeis/wp-content/uploads/sites/3/2025/12/2013-Regulamento-de-Atividades-Formativas_CURRICULO-2013_09122025.pdf" target="_blank" rel="noopener">Clique aqui</a></strong> para acessar Regulamento de Atividades Formativas (Currículo – 2013)</p>
<h5>Cronograma de Entrega das Atividades Formativas: ano letivo 2026</h5>
<table style="border-collapse: collapse;width: 99.643%;height: 184px">
<tbody>
<tr style="height: 23px">
<td style="width: 59.1187%;height: 23px"></td>
<td style="width: 21.2602%;height: 23px"><strong>Semestre 2026/01</strong></td>
<td style="width: 19.4857%;height: 23px"><strong>Semestre 2026/02</strong></td>
</tr>
<tr style="height: 46px">
<td style="width: 59.1187%;height: 46px">1. Recepção dos documentos, via e-mail <strong>formativascontabeis@ufpr.br</strong></td>
<td style="width: 21.2602%;text-align: center;height: 46px"><span style="background-color: #ffff00;color: #0000ff"><strong>01 a 10 de maio</strong></span></td>
<td style="width: 19.4857%;text-align: center;height: 46px">01 a 12 de outubro</td>
</tr>
<tr style="height: 46px">
<td style="width: 59.1187%;height: 46px">2. Organização dos documentos pela Secretaria da Coordenação</td>
<td style="width: 21.2602%;text-align: center;height: 46px"><span style="background-color: #ffff00;color: #0000ff"><strong>11 a 15 de maio</strong></span></td>
<td style="width: 19.4857%;text-align: center;height: 46px">13 a 16 de outubro</td>
</tr>
<tr style="height: 23px">
<td style="width: 59.1187%;height: 23px">3. Análise pela Comissão de Atividades Formativas</td>
<td style="width: 21.2602%;text-align: center;height: 23px"><span style="background-color: #ffff00;color: #0000ff"><strong>18 a 29 de maio</strong></span></td>
<td style="width: 19.4857%;text-align: center;height: 23px">19 a 30 de outubro</td>
</tr>
<tr style="height: 46px">
<td style="width: 59.1187%;height: 46px">4. Lançamento das notas</td>
<td style="width: 21.2602%;text-align: center;height: 46px"><span style="background-color: #ffff00;color: #0000ff"><strong>A partir de 01 de junho</strong></span></td>
<td style="width: 19.4857%;text-align: center;height: 46px">A partir de 02 de novembro</td>
</tr>
</tbody>
</table>
<h5>Como realizar o pedido?</h5>
<p><strong>O estudante deve:</strong></p>
<ol>
<li>Ler o Regulamento de Atividades Formativas (Currículo 2023 ou Currículo 2013, acima) e, em seguida, preencher o <a href="https://sociaisaplicadas.ufpr.br/contabeis/wp-content/uploads/sites/3/2025/12/Requerimento-de-Entrega-de-Atividades-Formativas.docx" target="_blank" rel="noopener">Requerimento de Entrega de Atividades Formativas</a> (<a href="https://sociaisaplicadas.ufpr.br/contabeis/wp-content/uploads/sites/3/2025/12/Requerimento-de-Entrega-de-Atividades-Formativas.pdf" target="_blank" rel="noopener">Versão pdf</a>), Anexo II dos Regulamentos. Lembrando que a solicitação só deve ser feita quando o (a) aluno (a) tiver em posse <strong>todos os certificados com a CH total</strong></li>
<li>Preencher de acordo com as instruções;</li>
<li>Digitalizar os Certificados;</li>
<li>Gerar um arquivo <strong>ÚNICO em formato “PDF” </strong>com o requerimento na primeira página e os certificados digitalizados, na ordem do formulário, nas páginas seguintes; é obrigatório o envio de dois certificados de participação em semana acadêmica.</li>
<li>Enviar o arquivo gerado em formato “PDF” para o e-mail: <strong>formativascontabeis@ufpr.br</strong></li>
<li>Os Certificados serão conferidos digitalmente.</li>
<li>Caso necessários, os CERTIFICADOS ORIGINAIS deverão ser apresentados para conferência e em seguida serão devolvidos;</li>
<li>A secretaria da Coordenação do Curso de Ciências Contábeis enviará o processo para análise da Comissão de Atividades Formativas. Assim que a análise estiver concluída, a coordenação enviará o resultado ao discente. Em caso de necessidade de complementação, o discente será informado <strong>e terá um novo prazo para envio da complementação.</strong></li>
</ol>

<p>As Atividades Formativas constituem-se como atividades obrigatórias do Curso de Ciências Contábeis, conforme estabelecido a seguir: Carga horária mínima: Currículo 2023: 120 (centro e vinte) horas. Currículo 2013: 120 (cento e vinte) horas. Objetivo: Proporcionar ao estudante a oportunidade de obter experiências relacionadas à aplicação dos conhecimentos no mundo do trabalho e da aplicação do [&hellip;]</p>
