{"id":323,"date":"2017-04-10T15:32:17","date_gmt":"2017-04-10T15:32:17","guid":{"rendered":"https:\/\/sociaisaplicadas.ufpr.br\/contabeis\/?page_id=323"},"modified":"2025-11-14T18:17:12","modified_gmt":"2025-11-14T18:17:12","slug":"apresentacao-contato","status":"publish","type":"page","link":"https:\/\/sociaisaplicadas.ufpr.br\/contabeis\/apresentacao-contato\/","title":{"rendered":"Apresenta\u00e7\u00e3o &#8211; Curso"},"content":{"rendered":"<h5>Dados Gerais sobre o curso de Ci\u00eancias Cont\u00e1beis<\/h5>\n<p><strong>Tipo:<\/strong> Bacharelado<\/p>\n<p><strong>Modalidade:<\/strong> Presencial<\/p>\n<p><strong>Denomina\u00e7\u00e3o:<\/strong> Curso de Gradua\u00e7\u00e3o em Ci\u00eancias Cont\u00e1beis<\/p>\n<p><strong>Regime:<\/strong> Semestral<\/p>\n<p><strong>Local de oferta:<\/strong> Setor de Ci\u00eanicas Sociais Aplicadas &#8211; UFPR &#8211; Campus Jardim Bot\u00e2nico<\/p>\n<p><strong>Turno de funcionamento:<\/strong> Noturno<\/p>\n<p><strong>N\u00famero total de vagas\/ano:<\/strong> 120 vagas por turno (96 vagas por PS-UFPR e 24 vagas PS-SISU \u2013 Resolu\u00e7\u00e3o N\u00ba 68\/2020 &#8211; CEPE)<\/p>\n<p><strong>Carga hor\u00e1ria total:<\/strong> 3.000 horas<\/p>\n<p><strong>Prazo de integraliza\u00e7\u00e3o curricular:<\/strong> m\u00ednimo de 4 anos ou 8 per\u00edodos; m\u00e1ximo de 6 anos ou 12 semestres.<\/p>\n<h5>Redes Sociais<\/h5>\n<p><strong><a href=\"https:\/\/www.linkedin.com\/company\/ci%C3%AAncias-cont%C3%A1beis-ufpr\/?viewAsMember=true\">Linkedin<\/a><\/strong><\/p>\n<p><a href=\"https:\/\/www.instagram.com\/contabeisufpr\/\" target=\"_blank\" rel=\"noopener\"><strong>Instagram<\/strong><\/a>\u00a0@contabeisufpr<span style=\"color: #ff0000\">\u00a0 \u00a0<\/span><\/p>\n<p><a href=\"https:\/\/www.facebook.com\/coorcont\" target=\"_blank\" rel=\"noopener\"><strong>Facebook<\/strong><\/a><\/p>\n<p><a href=\"https:\/\/www.youtube.com\/@cienciascontabeisufpr\" target=\"_blank\" rel=\"noopener\"><strong>YouTube<\/strong><\/a><\/p>\n<h5>V\u00eddeo Institucional<\/h5>\n\n\n<figure class=\"wp-block-embed is-type-video is-provider-youtube wp-block-embed-youtube wp-embed-aspect-16-9 wp-has-aspect-ratio\"><div class=\"wp-block-embed__wrapper\">\n<iframe loading=\"lazy\" title=\"Ci\u00eancias Cont\u00e1beis - UFPR\" width=\"500\" height=\"281\" src=\"https:\/\/www.youtube.com\/embed\/GewnoXBVed4?feature=oembed\" frameborder=\"0\" allow=\"accelerometer; autoplay; clipboard-write; encrypted-media; gyroscope; picture-in-picture; web-share\" referrerpolicy=\"strict-origin-when-cross-origin\" allowfullscreen><\/iframe>\n<\/div><\/figure>\n","protected":false},"excerpt":{"rendered":"<p>Dados Gerais sobre o curso de Ci\u00eancias Cont\u00e1beis Tipo: Bacharelado Modalidade: Presencial Denomina\u00e7\u00e3o: Curso de Gradua\u00e7\u00e3o em Ci\u00eancias Cont\u00e1beis Regime: Semestral Local de oferta: Setor de Ci\u00eanicas Sociais Aplicadas &#8211; UFPR &#8211; Campus Jardim Bot\u00e2nico Turno de funcionamento: Noturno N\u00famero total de vagas\/ano: 120 vagas por turno (96 vagas por PS-UFPR e 24 vagas PS-SISU [&hellip;]<\/p>\n","protected":false},"author":2791,"featured_media":0,"parent":0,"menu_order":0,"comment_status":"closed","ping_status":"closed","template":"","meta":{"footnotes":""},"class_list":["post-323","page","type-page","status-publish","hentry"],"_links":{"self":[{"href":"https:\/\/sociaisaplicadas.ufpr.br\/contabeis\/wp-json\/wp\/v2\/pages\/323","targetHints":{"allow":["GET"]}}],"collection":[{"href":"https:\/\/sociaisaplicadas.ufpr.br\/contabeis\/wp-json\/wp\/v2\/pages"}],"about":[{"href":"https:\/\/sociaisaplicadas.ufpr.br\/contabeis\/wp-json\/wp\/v2\/types\/page"}],"author":[{"embeddable":true,"href":"https:\/\/sociaisaplicadas.ufpr.br\/contabeis\/wp-json\/wp\/v2\/users\/2791"}],"replies":[{"embeddable":true,"href":"https:\/\/sociaisaplicadas.ufpr.br\/contabeis\/wp-json\/wp\/v2\/comments?post=323"}],"version-history":[{"count":31,"href":"https:\/\/sociaisaplicadas.ufpr.br\/contabeis\/wp-json\/wp\/v2\/pages\/323\/revisions"}],"predecessor-version":[{"id":5800,"href":"https:\/\/sociaisaplicadas.ufpr.br\/contabeis\/wp-json\/wp\/v2\/pages\/323\/revisions\/5800"}],"wp:attachment":[{"href":"https:\/\/sociaisaplicadas.ufpr.br\/contabeis\/wp-json\/wp\/v2\/media?parent=323"}],"curies":[{"name":"wp","href":"https:\/\/api.w.org\/{rel}","templated":true}]}}

Apresentação &#8211; Curso

<h5>Dados Gerais sobre o curso de Ciências Contábeis</h5>
<p><strong>Tipo:</strong> Bacharelado</p>
<p><strong>Modalidade:</strong> Presencial</p>
<p><strong>Denominação:</strong> Curso de Graduação em Ciências Contábeis</p>
<p><strong>Regime:</strong> Semestral</p>
<p><strong>Local de oferta:</strong> Setor de Ciênicas Sociais Aplicadas &#8211; UFPR &#8211; Campus Jardim Botânico</p>
<p><strong>Turno de funcionamento:</strong> Noturno</p>
<p><strong>Número total de vagas/ano:</strong> 120 vagas por turno (96 vagas por PS-UFPR e 24 vagas PS-SISU – Resolução Nº 68/2020 &#8211; CEPE)</p>
<p><strong>Carga horária total:</strong> 3.000 horas</p>
<p><strong>Prazo de integralização curricular:</strong> mínimo de 4 anos ou 8 períodos; máximo de 6 anos ou 12 semestres.</p>
<h5>Redes Sociais</h5>
<p><strong><a href="https://www.linkedin.com/company/ci%C3%AAncias-cont%C3%A1beis-ufpr/?viewAsMember=true">Linkedin</a></strong></p>
<p><a href="https://www.instagram.com/contabeisufpr/" target="_blank" rel="noopener"><strong>Instagram</strong></a> @contabeisufpr<span style="color: #ff0000">   </span></p>
<p><a href="https://www.facebook.com/coorcont" target="_blank" rel="noopener"><strong>Facebook</strong></a></p>
<p><a href="https://www.youtube.com/@cienciascontabeisufpr" target="_blank" rel="noopener"><strong>YouTube</strong></a></p>
<h5>Vídeo Institucional</h5>


<figure class="wp-block-embed is-type-video is-provider-youtube wp-block-embed-youtube wp-embed-aspect-16-9 wp-has-aspect-ratio"><div class="wp-block-embed__wrapper">
<iframe loading="lazy" title="Ciências Contábeis - UFPR" width="500" height="281" src="https://www.youtube.com/embed/GewnoXBVed4?feature=oembed" frameborder="0" allow="accelerometer; autoplay; clipboard-write; encrypted-media; gyroscope; picture-in-picture; web-share" referrerpolicy="strict-origin-when-cross-origin" allowfullscreen></iframe>
</div></figure>

<p>Dados Gerais sobre o curso de Ciências Contábeis Tipo: Bacharelado Modalidade: Presencial Denominação: Curso de Graduação em Ciências Contábeis Regime: Semestral Local de oferta: Setor de Ciênicas Sociais Aplicadas &#8211; UFPR &#8211; Campus Jardim Botânico Turno de funcionamento: Noturno Número total de vagas/ano: 120 vagas por turno (96 vagas por PS-UFPR e 24 vagas PS-SISU [&hellip;]</p>
