{"id":3565,"date":"2024-10-23T20:56:46","date_gmt":"2024-10-23T20:56:46","guid":{"rendered":"https:\/\/sociaisaplicadas.ufpr.br\/contabeis\/?page_id=3565"},"modified":"2026-08-14T00:13:14","modified_gmt":"2026-08-14T00:13:14","slug":"egressos","status":"publish","type":"page","link":"https:\/\/sociaisaplicadas.ufpr.br\/contabeis\/egressos\/","title":{"rendered":"Egressas e Egressos"},"content":{"rendered":"\n\n\n<h5>Egressas e Egressos, vamos manter contato?<\/h5>\n<div>\u00a0<\/div>\n<div><br \/>Prezada Egressas e Egressos do curso de gradua\u00e7\u00e3o de Ci\u00eancias Cont\u00e1beis da UFPR,<\/div>\n<p><br \/>Gostar\u00edamos de manter um canal de comunica\u00e7\u00e3o com voc\u00ea! Assim, teremos condi\u00e7\u00f5es de lhes enviar novidades e convites para participar de atividades e eventos relacionados ao nosso curso e departamento; obter informa\u00e7\u00f5es sobre a sua trajet\u00f3ria, disseminar oportunidades de empregos e proporcionar um interc\u00e2mbio de ideias entre a universidade e o campo pr\u00e1tico.<br \/><br \/>Convidamos voc\u00ea a responder ao question\u00e1rio, o que levar\u00e1 apenas alguns minutos. As informa\u00e7\u00f5es fornecidas ser\u00e3o tratadas com confidencialidade e utilizadas exclusivamente para o acompanhamento de egressos e para comunica\u00e7\u00e3o institucional.<\/p>\n<p>Participe e fa\u00e7a parte dessa conex\u00e3o!<\/p>\n<p>Acesso ao question\u00e1rio em: <a href=\"https:\/\/forms.cloud.microsoft\/r\/xm3h1840L3\" target=\"_blank\" rel=\"noopener\">Clique Aqui<\/a><\/p>\n<p><br \/>Atenciosamente,<\/p>\n<p><br \/>Coordena\u00e7\u00e3o do Curso de Gradua\u00e7\u00e3o de Ci\u00eancias Cont\u00e1beis &#8211; UFPR<br \/>Departamento de Ci\u00eancias Cont\u00e1beis &#8211; UFPR<\/p>\n<p><em>Publicado em: 23\/10\/2024<\/em><\/p>\n<p>\u00a0<\/p>\n\n\n\n\n\n\n\n\n","protected":false},"excerpt":{"rendered":"<p>Egressas e Egressos, vamos manter contato? \u00a0 Prezada Egressas e Egressos do curso de gradua\u00e7\u00e3o de Ci\u00eancias Cont\u00e1beis da UFPR, Gostar\u00edamos de manter um canal de comunica\u00e7\u00e3o com voc\u00ea! Assim, teremos condi\u00e7\u00f5es de lhes enviar novidades e convites para participar de atividades e eventos relacionados ao nosso curso e departamento; obter informa\u00e7\u00f5es sobre a sua [&hellip;]<\/p>\n","protected":false},"author":2837,"featured_media":0,"parent":0,"menu_order":0,"comment_status":"closed","ping_status":"closed","template":"","meta":{"footnotes":""},"class_list":["post-3565","page","type-page","status-publish","hentry"],"_links":{"self":[{"href":"https:\/\/sociaisaplicadas.ufpr.br\/contabeis\/wp-json\/wp\/v2\/pages\/3565","targetHints":{"allow":["GET"]}}],"collection":[{"href":"https:\/\/sociaisaplicadas.ufpr.br\/contabeis\/wp-json\/wp\/v2\/pages"}],"about":[{"href":"https:\/\/sociaisaplicadas.ufpr.br\/contabeis\/wp-json\/wp\/v2\/types\/page"}],"author":[{"embeddable":true,"href":"https:\/\/sociaisaplicadas.ufpr.br\/contabeis\/wp-json\/wp\/v2\/users\/2837"}],"replies":[{"embeddable":true,"href":"https:\/\/sociaisaplicadas.ufpr.br\/contabeis\/wp-json\/wp\/v2\/comments?post=3565"}],"version-history":[{"count":10,"href":"https:\/\/sociaisaplicadas.ufpr.br\/contabeis\/wp-json\/wp\/v2\/pages\/3565\/revisions"}],"predecessor-version":[{"id":7636,"href":"https:\/\/sociaisaplicadas.ufpr.br\/contabeis\/wp-json\/wp\/v2\/pages\/3565\/revisions\/7636"}],"wp:attachment":[{"href":"https:\/\/sociaisaplicadas.ufpr.br\/contabeis\/wp-json\/wp\/v2\/media?parent=3565"}],"curies":[{"name":"wp","href":"https:\/\/api.w.org\/{rel}","templated":true}]}}

<h5>Egressas e Egressos, vamos manter contato?</h5>
<div> </div>
<div><br />Prezada Egressas e Egressos do curso de graduação de Ciências Contábeis da UFPR,</div>
<p><br />Gostaríamos de manter um canal de comunicação com você! Assim, teremos condições de lhes enviar novidades e convites para participar de atividades e eventos relacionados ao nosso curso e departamento; obter informações sobre a sua trajetória, disseminar oportunidades de empregos e proporcionar um intercâmbio de ideias entre a universidade e o campo prático.<br /><br />Convidamos você a responder ao questionário, o que levará apenas alguns minutos. As informações fornecidas serão tratadas com confidencialidade e utilizadas exclusivamente para o acompanhamento de egressos e para comunicação institucional.</p>
<p>Participe e faça parte dessa conexão!</p>
<p>Acesso ao questionário em: <a href="https://forms.cloud.microsoft/r/xm3h1840L3" target="_blank" rel="noopener">Clique Aqui</a></p>
<p><br />Atenciosamente,</p>
<p><br />Coordenação do Curso de Graduação de Ciências Contábeis &#8211; UFPR<br />Departamento de Ciências Contábeis &#8211; UFPR</p>
<p><em>Publicado em: 23/10/2024</em></p>
<p> </p>

<p>Egressas e Egressos, vamos manter contato?   Prezada Egressas e Egressos do curso de graduação de Ciências Contábeis da UFPR, Gostaríamos de manter um canal de comunicação com você! Assim, teremos condições de lhes enviar novidades e convites para participar de atividades e eventos relacionados ao nosso curso e departamento; obter informações sobre a sua [&hellip;]</p>
