{"id":6637,"date":"2026-02-26T19:15:28","date_gmt":"2026-02-26T19:15:28","guid":{"rendered":"https:\/\/sociaisaplicadas.ufpr.br\/contabeis\/?page_id=6637"},"modified":"2026-04-06T22:38:33","modified_gmt":"2026-04-06T22:38:33","slug":"edital","status":"publish","type":"page","link":"https:\/\/sociaisaplicadas.ufpr.br\/contabeis\/edital\/","title":{"rendered":"Editais"},"content":{"rendered":"\n<h5>Editais de Monitoria<\/h5>\n\n\n\n<p><a href=\"https:\/\/sociaisaplicadas.ufpr.br\/contabeis\/wp-content\/uploads\/sites\/3\/2026\/03\/EDITAL-DE-SELECAO-DE-MONITOR-PARA-A-DISCIPLINA-DE-INTROD.-A-CONTABILIDADE-2026-1.pdf\">EDITAL DE SELE\u00c7\u00c3O DE MONITOR PARA A DISCIPLINA DE INTRODU\u00c7\u00c3O \u00c0 CONTABILIDADE \u2013 2026\/1<\/a><\/p>\n\n\n\n\n\n<h5>Edital de Bolsa Tutoria\u00a0<\/h5>\n<ul>\n<li>Sele\u00e7\u00e3o de estudante para atuar como tutora ou tutor de estudante com defici\u00eancia, surdos e surdas ou autista, que necessite de suporte acad\u00eamico para supera\u00e7\u00e3o das barreiras educacionais do Curso de Ci\u00eancias Cont\u00e1beis.<\/li>\n<li>Inscri\u00e7\u00e3o: at\u00e9 24\/03\/2026, via email: coorcont@ufpr.br<\/li>\n<li>Bolsa: R$700,00<\/li>\n<li>Edital 01\/2026-Sele\u00e7\u00e3o de estudante para concess\u00e3o de Bolsa Tutoria: <strong><a href=\"https:\/\/sociaisaplicadas.ufpr.br\/contabeis\/wp-content\/uploads\/sites\/3\/2026\/03\/SEI_8684312_CAS__Edital_para_Bolsas_Tutoria_1.pdf\">Clique aqui<\/a><\/strong><\/li>\n<li>Edital 02\/2026-Homologa\u00e7\u00e3o das inscri\u00e7\u00f5es e Agendamento das Entrevistas: <strong><a href=\"https:\/\/sociaisaplicadas.ufpr.br\/contabeis\/wp-content\/uploads\/sites\/3\/2026\/03\/SEI_8724422_Edital_2_Inscricoes-e-Entrevista.pdf\">Clique aqui<\/a><\/strong><em>(Publicado em 30\/03\/2026, \u00e0s 16h03min)<\/em><\/li>\n<\/ul>\n\n\n\n<h5>Sele\u00e7\u00e3o de estudantes para SEAC-2026<\/h5>\n<p>Edital com estudantes selecionados para Comiss\u00e3o Organizadora: <strong><a href=\"https:\/\/sociaisaplicadas.ufpr.br\/contabeis\/wp-content\/uploads\/sites\/3\/2026\/04\/SEAC2026_Estudantes_Comissao-Organizadora.pdf\">Clique aqui<\/a><\/strong> <em>(Publicado em 06\/04\/2026, \u00e0s 19h39min)<\/em><\/p>\n","protected":false},"excerpt":{"rendered":"<p>Editais de Monitoria EDITAL DE SELE\u00c7\u00c3O DE MONITOR PARA A DISCIPLINA DE INTRODU\u00c7\u00c3O \u00c0 CONTABILIDADE \u2013 2026\/1 Edital de Bolsa Tutoria\u00a0 Sele\u00e7\u00e3o de estudante para atuar como tutora ou tutor de estudante com defici\u00eancia, surdos e surdas ou autista, que necessite de suporte acad\u00eamico para supera\u00e7\u00e3o das barreiras educacionais do Curso de Ci\u00eancias Cont\u00e1beis. Inscri\u00e7\u00e3o: [&hellip;]<\/p>\n","protected":false},"author":2837,"featured_media":0,"parent":0,"menu_order":0,"comment_status":"closed","ping_status":"closed","template":"","meta":{"footnotes":""},"class_list":["post-6637","page","type-page","status-publish","hentry"],"_links":{"self":[{"href":"https:\/\/sociaisaplicadas.ufpr.br\/contabeis\/wp-json\/wp\/v2\/pages\/6637","targetHints":{"allow":["GET"]}}],"collection":[{"href":"https:\/\/sociaisaplicadas.ufpr.br\/contabeis\/wp-json\/wp\/v2\/pages"}],"about":[{"href":"https:\/\/sociaisaplicadas.ufpr.br\/contabeis\/wp-json\/wp\/v2\/types\/page"}],"author":[{"embeddable":true,"href":"https:\/\/sociaisaplicadas.ufpr.br\/contabeis\/wp-json\/wp\/v2\/users\/2837"}],"replies":[{"embeddable":true,"href":"https:\/\/sociaisaplicadas.ufpr.br\/contabeis\/wp-json\/wp\/v2\/comments?post=6637"}],"version-history":[{"count":7,"href":"https:\/\/sociaisaplicadas.ufpr.br\/contabeis\/wp-json\/wp\/v2\/pages\/6637\/revisions"}],"predecessor-version":[{"id":6800,"href":"https:\/\/sociaisaplicadas.ufpr.br\/contabeis\/wp-json\/wp\/v2\/pages\/6637\/revisions\/6800"}],"wp:attachment":[{"href":"https:\/\/sociaisaplicadas.ufpr.br\/contabeis\/wp-json\/wp\/v2\/media?parent=6637"}],"curies":[{"name":"wp","href":"https:\/\/api.w.org\/{rel}","templated":true}]}}

<h5>Editais de Monitoria</h5>



<p><a href="https://sociaisaplicadas.ufpr.br/contabeis/wp-content/uploads/sites/3/2026/03/EDITAL-DE-SELECAO-DE-MONITOR-PARA-A-DISCIPLINA-DE-INTROD.-A-CONTABILIDADE-2026-1.pdf">EDITAL DE SELEÇÃO DE MONITOR PARA A DISCIPLINA DE INTRODUÇÃO À CONTABILIDADE – 2026/1</a></p>





<h5>Edital de Bolsa Tutoria </h5>
<ul>
<li>Seleção de estudante para atuar como tutora ou tutor de estudante com deficiência, surdos e surdas ou autista, que necessite de suporte acadêmico para superação das barreiras educacionais do Curso de Ciências Contábeis.</li>
<li>Inscrição: até 24/03/2026, via email: coorcont@ufpr.br</li>
<li>Bolsa: R$700,00</li>
<li>Edital 01/2026-Seleção de estudante para concessão de Bolsa Tutoria: <strong><a href="https://sociaisaplicadas.ufpr.br/contabeis/wp-content/uploads/sites/3/2026/03/SEI_8684312_CAS__Edital_para_Bolsas_Tutoria_1.pdf">Clique aqui</a></strong></li>
<li>Edital 02/2026-Homologação das inscrições e Agendamento das Entrevistas: <strong><a href="https://sociaisaplicadas.ufpr.br/contabeis/wp-content/uploads/sites/3/2026/03/SEI_8724422_Edital_2_Inscricoes-e-Entrevista.pdf">Clique aqui</a></strong><em>(Publicado em 30/03/2026, às 16h03min)</em></li>
</ul>



<h5>Seleção de estudantes para SEAC-2026</h5>
<p>Edital com estudantes selecionados para Comissão Organizadora: <strong><a href="https://sociaisaplicadas.ufpr.br/contabeis/wp-content/uploads/sites/3/2026/04/SEAC2026_Estudantes_Comissao-Organizadora.pdf">Clique aqui</a></strong> <em>(Publicado em 06/04/2026, às 19h39min)</em></p>

<p>Editais de Monitoria EDITAL DE SELEÇÃO DE MONITOR PARA A DISCIPLINA DE INTRODUÇÃO À CONTABILIDADE – 2026/1 Edital de Bolsa Tutoria  Seleção de estudante para atuar como tutora ou tutor de estudante com deficiência, surdos e surdas ou autista, que necessite de suporte acadêmico para superação das barreiras educacionais do Curso de Ciências Contábeis. Inscrição: [&hellip;]</p>
