{"id":1254,"date":"2020-12-07T14:15:32","date_gmt":"2020-12-07T17:15:32","guid":{"rendered":"https:\/\/sociaisaplicadas.ufpr.br\/coordeco\/?page_id=1254"},"modified":"2025-12-12T15:50:12","modified_gmt":"2025-12-12T18:50:12","slug":"acolhimento","status":"publish","type":"page","link":"https:\/\/sociaisaplicadas.ufpr.br\/coordeco\/acolhimento\/","title":{"rendered":"Atividades Formativas Complementares"},"content":{"rendered":"<div class=\"CjVfdc\"><span style=\"font-size: revert;color: initial\">As <\/span><strong style=\"font-size: revert;color: initial\">atividades formativas complementares (AFCs)<\/strong><span style=\"font-size: revert;color: initial\">, assim denominadas pelo Conselho Nacional de Educa\u00e7\u00e3o, s\u00e3o regulamentadas na Universidade Federal do Paran\u00e1 pela Resolu\u00e7\u00e3o n\u00ba 70\/04-CEPE com a denomina\u00e7\u00e3o de Atividades Formativas, definindo-as como \u201catividades complementares em rela\u00e7\u00e3o ao eixo fundamental do curr\u00edculo, objetivando sua flexibiliza\u00e7\u00e3o\u201d. Devem contemplar a articula\u00e7\u00e3o entre o ensino, pesquisa e extens\u00e3o, assegurando seu car\u00e1ter interdisciplinar em rela\u00e7\u00e3o \u00e0s diversas \u00e1reas do conhecimento, respeitando, no entanto, o Projeto Pedag\u00f3gico de cada Curso.<\/span><\/div>\n<div>\n<p>Alunos ingressantes at\u00e9 2021 devem realizar 150h de AFCs para compor a integraliza\u00e7\u00e3o curricular, enquanto alunos ingressantes a partir de 2022 devem realizar 60h de AFCs.<\/p>\n<p><strong>Para mais informa\u00e7\u00f5es, acesse:\u00a0<\/strong><\/p>\n<p><a href=\"https:\/\/sociaisaplicadas.ufpr.br\/coordeco\/wp-content\/uploads\/sites\/9\/2025\/12\/ANEXO-III-\u2013-REGULAMENTO-SOBRE-ATIVIDADES-FORMATIVAS-COMPLEMENTARES.v2.pdf\">Regulamento sobre Atividades Formativas Complementares do Curso de Ci\u00eancias Econ\u00f4micas UFPR<\/a><\/p>\n<p><span style=\"color: #ff0000\"><a style=\"color: #ff0000\" href=\"https:\/\/sociaisaplicadas.ufpr.br\/coordeco\/wp-content\/uploads\/sites\/9\/2024\/03\/Formulario-de-Atividades-Formativas-1.pdf\"><span style=\"font-size: revert\">Formul\u00e1rio de Atividades Formativas para alunos com GRR at\u00e9 2021<\/span><\/a><\/span><\/p>\n<\/div>\n<p><span style=\"color: #ff0000\"><a style=\"color: #ff0000\" href=\"https:\/\/sociaisaplicadas.ufpr.br\/coordeco\/wp-content\/uploads\/sites\/9\/2023\/05\/formul%C3%A1rio-atividades-formativas-curriculo-2022-1.pdf\">Formul\u00e1rio de Atividades Formativas para alunos com GRR a partir de 2022<\/a><\/span><\/p>\n<p><span style=\"color: #ffffff\">.<\/span><\/p>\n<h2>Envio e Valida\u00e7\u00e3o de Atividades Formativas<\/h2>\n<p><strong><img loading=\"lazy\" decoding=\"async\" class=\"alignnone  wp-image-2827\" src=\"https:\/\/sociaisaplicadas.ufpr.br\/coordeco\/wp-content\/uploads\/sites\/9\/2024\/03\/email_logo-250x250-1.jpeg\" alt=\"\" width=\"53\" height=\"53\" srcset=\"https:\/\/sociaisaplicadas.ufpr.br\/coordeco\/wp-content\/uploads\/sites\/9\/2024\/03\/email_logo-250x250-1.jpeg 250w, https:\/\/sociaisaplicadas.ufpr.br\/coordeco\/wp-content\/uploads\/sites\/9\/2024\/03\/email_logo-250x250-1-150x150.jpeg 150w\" sizes=\"auto, (max-width: 53px) 100vw, 53px\" \/> <img loading=\"lazy\" decoding=\"async\" class=\"alignnone  wp-image-2828\" src=\"https:\/\/sociaisaplicadas.ufpr.br\/coordeco\/wp-content\/uploads\/sites\/9\/2024\/03\/pdf.png\" alt=\"\" width=\"58\" height=\"58\" srcset=\"https:\/\/sociaisaplicadas.ufpr.br\/coordeco\/wp-content\/uploads\/sites\/9\/2024\/03\/pdf.png 200w, https:\/\/sociaisaplicadas.ufpr.br\/coordeco\/wp-content\/uploads\/sites\/9\/2024\/03\/pdf-150x150.png 150w\" sizes=\"auto, (max-width: 58px) 100vw, 58px\" \/><\/strong><\/p>\n<p><strong>Cabe ao discente:<br \/><\/strong>preencher o formul\u00e1rio correspondente e enviar para a secretaria da Coordena\u00e7\u00e3o do Curso de Ci\u00eancias Econ\u00f4micas (<a href=\"mailto:cursoadm@ufpr.br\">coordeco@ufpr.br<\/a>), juntamente com os documentos comprobat\u00f3rios das atividades.<\/p>\n<p><em>Importante: enviar os documentos uma \u00fanica vez, em arquivo \u00fanico formato pdf, assim que as 150 horas (ou 60h, no caso dos alunos ingressantes a partir de 2022) sejam atingidas.<\/em><\/p>\n<p><img loading=\"lazy\" decoding=\"async\" class=\"alignnone  wp-image-2826\" src=\"https:\/\/sociaisaplicadas.ufpr.br\/coordeco\/wp-content\/uploads\/sites\/9\/2024\/03\/sei.png\" alt=\"\" width=\"65\" height=\"42\" \/><\/p>\n<p><strong>Cabe \u00e0 secretaria da Coordena\u00e7\u00e3o do Curso de Ci\u00eancias Econ\u00f4micas:<\/strong><br \/>criar um processo SEI a partir da documenta\u00e7\u00e3o enviada pelo discente e encaminhar o processo SEI \u00e0 Comiss\u00e3o de Atividades Formativas do Curso de Ci\u00eancias Econ\u00f4micas para an\u00e1lise.<\/p>\n<p><img loading=\"lazy\" decoding=\"async\" class=\"alignnone  wp-image-2826\" src=\"https:\/\/sociaisaplicadas.ufpr.br\/coordeco\/wp-content\/uploads\/sites\/9\/2024\/03\/sei.png\" alt=\"\" width=\"65\" height=\"42\" \/><\/p>\n<p><strong>Cabe \u00e0 Comiss\u00e3o de Atividades Formativas do Curso de Ci\u00eancias Econ\u00f4micas:<br \/><\/strong>devolver o processo SEI \u00e0 secretaria da Coordena\u00e7\u00e3o do Curso de Ci\u00eancias Econ\u00f4micas com despacho decis\u00f3rio a respeito da valida\u00e7\u00e3o ou n\u00e3o das atividades formativas solicitada.<\/p>\n<p><img loading=\"lazy\" decoding=\"async\" class=\"alignnone  wp-image-2825\" src=\"https:\/\/sociaisaplicadas.ufpr.br\/coordeco\/wp-content\/uploads\/sites\/9\/2024\/03\/siga-300x169.png\" alt=\"\" width=\"109\" height=\"61\" srcset=\"https:\/\/sociaisaplicadas.ufpr.br\/coordeco\/wp-content\/uploads\/sites\/9\/2024\/03\/siga-300x169.png 300w, https:\/\/sociaisaplicadas.ufpr.br\/coordeco\/wp-content\/uploads\/sites\/9\/2024\/03\/siga.png 560w\" sizes=\"auto, (max-width: 109px) 100vw, 109px\" \/><\/p>\n<p><strong>Cabe \u00e0 secretaria da Coordena\u00e7\u00e3o do Curso de Ci\u00eancias Econ\u00f4micas:<br \/><\/strong>lan\u00e7ar, no SIGA, as Atividades Formativas validadas pela Comiss\u00e3o de Atividades Formativas do Curso de Ci\u00eancias Econ\u00f4micas no hist\u00f3rico escolar d(a)o discente.<\/p>\n<p><img loading=\"lazy\" decoding=\"async\" class=\"alignnone  wp-image-2825\" src=\"https:\/\/sociaisaplicadas.ufpr.br\/coordeco\/wp-content\/uploads\/sites\/9\/2024\/03\/siga-300x169.png\" alt=\"\" width=\"109\" height=\"61\" srcset=\"https:\/\/sociaisaplicadas.ufpr.br\/coordeco\/wp-content\/uploads\/sites\/9\/2024\/03\/siga-300x169.png 300w, https:\/\/sociaisaplicadas.ufpr.br\/coordeco\/wp-content\/uploads\/sites\/9\/2024\/03\/siga.png 560w\" sizes=\"auto, (max-width: 109px) 100vw, 109px\" \/><\/p>\n<p><strong>Cabe ao discente:\u00a0<\/strong>verificar no SIGA o lan\u00e7amento da carga hor\u00e1ria total (150h ou 60h) em seu hist\u00f3rico.<\/p>\n<div>\u00a0<\/div>\n<div><hr \/>\n<p>PERGUNTAS FREQUENTES:<\/p>\n<\/div>\n<div>\u00a0<\/div>\n<div>QUAIS ATIVIDADES PODEM SER UTILIZADAS PARA CONTABILIZA\u00c7\u00c3O DE ATIVIDADES FORMATIVAS?<\/div>\n<div>\n<div>\n<div>As atividades que podem ser consideradas est\u00e3o descritas no regulamento:\u00a0<a id=\"OWAf4a36d70-a772-7cbf-8a39-0fa622f21e59\" href=\"http:\/\/www.sociaisaplicadas.ufpr.br\/portal\/coordeco\/regulamentos-resolucoes\/\" target=\"_blank\" rel=\"noopener noreferrer\" data-linkindex=\"0\" data-auth=\"NotApplicable\">http:\/\/www.sociaisaplicadas.ufpr.br\/portal\/coordeco\/regulamentos-resolucoes\/<\/a><\/div>\n<div>\u00a0<\/div>\n<div>Aten\u00e7\u00e3o: s\u00f3 podem ser utilizadas atividades desenvolvidas no per\u00edodo em que o discente teve registro acad\u00eamico ativo no curso.<\/div>\n<div>\u00a0<\/div>\n<div>\u00a0<\/div>\n<div>QUANDO POSSO SOLICITAR?<\/div>\n<div>Pode-se solicitar as Atividades Formativas a qualquer tempo antes da integraliza\u00e7\u00e3o do curr\u00edculo do curso desde que tenha 150h (se GRR anterior a 2022 ) ou 60h (se GRR a partir de 2022) comprovadas porque s\u00f3 podemos lan\u00e7ar uma vez no sistema.<\/div>\n<div>\u00a0<\/div>\n<div>\u00a0<\/div>\n<div>*** N\u00c3O RECOMENDAMOS DEIXAR PARA \u00daLTIMA HORA O ENVIO POIS PODE HAVER ATIVIDADES QUE N\u00c3O SEJAM APROVADAS OU QUE NECESSITEM DE CORRE\u00c7\u00c3O E PODE N\u00c3O HAVER TEMPO H\u00c1BIL PARA NOVA AN\u00c1LISE PELA COMISS\u00c3O DE ATIVIDADES FORMATIVAS.<\/div>\n<div>\u00a0<\/div>\n<div>\u00a0<\/div>\n<div>QUAL MEU \u00daLTIMO PRAZO NO CURSO PARA ENCAMINHAR AS ATIVIDADES FORMATIVAS?<\/div>\n<div>Os prazos s\u00e3o definidos a cada calend\u00e1rio acad\u00eamico anual mas O(A) DISCENTE N\u00c3O PODE, DE FORMA ALGUMA, INTEGRALIZAR O CURR\u00cdCULO DO CURSO (CONCLUIR TODAS AS DISCIPLINAS OPTATIVAS, OBRIGAT\u00d3RIAS E MONOGRAFIAS) SEM TER ENCAMINHADO PARA AN\u00c1LISE AS ATIVIDADES FORMATIVAS EM TEMPO H\u00c1BIL NO MESMO SEMESTRE EM QUE INTEGRALIZAR\u00c1 O CURR\u00cdCULO.<\/div>\n<div>\u00a0<\/div>\n<div>QUAIS DOCUMENTOS DEVO ENCAMINHAR?\n<div>O formul\u00e1rio de requerimento (preenchido e assinado) dispon\u00edvel no link\u00a0<a id=\"OWA49ee84b2-f9a5-00ea-273d-cd8d8ff8fdfe\" href=\"http:\/\/www.sociaisaplicadas.ufpr.br\/portal\/coordeco\/formularios\/\" target=\"_blank\" rel=\"noopener noreferrer\" data-linkindex=\"1\" data-auth=\"NotApplicable\">Coordena\u00e7\u00e3o do Curso de Ci\u00eancias Econ\u00f4micas (ufpr.br)<\/a><\/div>\n<div>Os certificados que comprovem as atividades mencionadas com o n\u00famero de horas<\/div>\n<\/div>\n<div>COMO DEVO ENCAMINHAR OS DOCUMENTOS?<\/div>\n<div><b>Toda documenta\u00e7\u00e3o deve ser enviada um \u00fanico arquivo PDF (FORMUL\u00c1RIO + COMPROVANTES\/CERTIFICADOS)\u00a0<\/b>para o e-mail coordeco@ufpr.br<\/div>\n<div>\u00a0<\/div>\n<div>\n<div>\u00a0<\/div>\n<\/div>\n<div>\n<div>COMO COMPROVAR EXPERI\u00caNCIA PROFISSIONAL?<\/div>\n<\/div>\n<div>\n<div>No caso de atividade registrada em CTPS dever\u00e3o ser apresentados os registros em formato pdf contendo todas as informa\u00e7\u00f5es referentes a atividade que se pretende utilizar. \u00c9 necess\u00e1rio encaminhar tamb\u00e9m uma declara\u00e7\u00e3o assinada pela empresa detalhando as atividades desenvolvidas.<\/div>\n<div>\u00a0<\/div>\n<div>\u00a0<\/div>\n<div>COMO COMPROVAR\u00a0EST\u00c1GIO?<\/div>\n<div>No caso de est\u00e1gio n\u00e3o obrigat\u00f3rio deve ser entregue toda documenta\u00e7\u00e3o referente ao processo (contrato, relat\u00f3rios, rescis\u00e3o e os despachos com as assinaturas).<\/div>\n<div>\u00a0<\/div>\n<div>\u00a0<\/div>\n<div>COMO COMPROVAR\u00a0DISCIPLINAS OPTATIVAS?<\/div>\n<div>No caso de disciplinas optativas deve ser encaminhado o relat\u00f3rio de integraliza\u00e7\u00e3o curricular atualizado dispon\u00edvel no SIGA no menu documentos.<\/div>\n<\/div>\n<\/div>\n<\/div>\n\n\n<p><\/p>\n","protected":false},"excerpt":{"rendered":"<p>As atividades formativas complementares (AFCs), assim denominadas pelo Conselho Nacional de Educa\u00e7\u00e3o, s\u00e3o regulamentadas na Universidade Federal do Paran\u00e1 pela Resolu\u00e7\u00e3o n\u00ba 70\/04-CEPE com a denomina\u00e7\u00e3o de Atividades Formativas, definindo-as como \u201catividades complementares em rela\u00e7\u00e3o ao eixo fundamental do curr\u00edculo, objetivando sua flexibiliza\u00e7\u00e3o\u201d. Devem contemplar a articula\u00e7\u00e3o entre o ensino, pesquisa e extens\u00e3o, assegurando seu [&hellip;]<\/p>\n","protected":false},"author":2793,"featured_media":0,"parent":0,"menu_order":0,"comment_status":"closed","ping_status":"closed","template":"","meta":{"footnotes":""},"class_list":["post-1254","page","type-page","status-publish","hentry"],"_links":{"self":[{"href":"https:\/\/sociaisaplicadas.ufpr.br\/coordeco\/wp-json\/wp\/v2\/pages\/1254","targetHints":{"allow":["GET"]}}],"collection":[{"href":"https:\/\/sociaisaplicadas.ufpr.br\/coordeco\/wp-json\/wp\/v2\/pages"}],"about":[{"href":"https:\/\/sociaisaplicadas.ufpr.br\/coordeco\/wp-json\/wp\/v2\/types\/page"}],"author":[{"embeddable":true,"href":"https:\/\/sociaisaplicadas.ufpr.br\/coordeco\/wp-json\/wp\/v2\/users\/2793"}],"replies":[{"embeddable":true,"href":"https:\/\/sociaisaplicadas.ufpr.br\/coordeco\/wp-json\/wp\/v2\/comments?post=1254"}],"version-history":[{"count":44,"href":"https:\/\/sociaisaplicadas.ufpr.br\/coordeco\/wp-json\/wp\/v2\/pages\/1254\/revisions"}],"predecessor-version":[{"id":3403,"href":"https:\/\/sociaisaplicadas.ufpr.br\/coordeco\/wp-json\/wp\/v2\/pages\/1254\/revisions\/3403"}],"wp:attachment":[{"href":"https:\/\/sociaisaplicadas.ufpr.br\/coordeco\/wp-json\/wp\/v2\/media?parent=1254"}],"curies":[{"name":"wp","href":"https:\/\/api.w.org\/{rel}","templated":true}]}}