{"id":1973,"date":"2022-05-03T17:59:23","date_gmt":"2022-05-03T20:59:23","guid":{"rendered":"https:\/\/sociaisaplicadas.ufpr.br\/coordeco\/?page_id=1973"},"modified":"2024-07-04T16:48:54","modified_gmt":"2024-07-04T19:48:54","slug":"programa-de-orientacao-academica","status":"publish","type":"page","link":"https:\/\/sociaisaplicadas.ufpr.br\/coordeco\/programa-de-orientacao-academica\/","title":{"rendered":"Programa de Orienta\u00e7\u00e3o Acad\u00eamica"},"content":{"rendered":"<p>O Programa de Orienta\u00e7\u00e3o Acad\u00eamica (POA) do curso de Ci\u00eancias Econ\u00f4micas visa orientar os(as) estudantes em sua trajet\u00f3ria acad\u00eamica na gradua\u00e7\u00e3o, no intuito de identificar preventivamente e criar solu\u00e7\u00f5es para a supera\u00e7\u00e3o de obst\u00e1culos ao processo de ensino-aprendizagem, reduzindo a reten\u00e7\u00e3o e a evas\u00e3o, conforme institu\u00eddo na Resolu\u00e7\u00e3o 95\/15 &#8211; CEPE e na Instru\u00e7\u00e3o Normativa 02-A\/16 &#8211; PROGRAD\/PRAE.<\/p>\n<p>Link do regulamento:<\/p>\n<p><a href=\"https:\/\/sociaisaplicadas.ufpr.br\/coordeco\/wp-content\/uploads\/sites\/9\/2024\/07\/REGULAMENTO-POA-versao-final-2024.pdf\" target=\"_blank\" rel=\"noopener\">REGULAMENTO DO PROGRAMA DE ORIENTA\u00c7\u00c3O ACAD\u00caMICA (POA) DO CURSO DE CI\u00caNCIAS ECON\u00d4MICAS DA UFPR<\/a><\/p>\n<p><b>Listagem de tutoras e tutores do Programa de Orienta\u00e7\u00e3o Acad\u00eamica do curso de Ci\u00eancias Econ\u00f4micas<\/b><\/p>\n<p>A tutoria est\u00e1 definida pelo n\u00famero de seu GRR, conforme ano de ingresso no curso.<\/p>\n<p>Cada docente \u00e9 respons\u00e1vel pela tutoria de um grupo espec\u00edfico de estudantes, conforme o ano de ingresso e GRR:<\/p>\n<table>\n<tbody>\n<tr>\n<td><b>Ano de ingresso<\/b><\/td>\n<td colspan=\"2\"><b>Matutino<\/b><\/td>\n<td colspan=\"2\"><b>Noturno<\/b><\/td>\n<\/tr>\n<tr>\n<td><b>2010-2015<\/b><\/td>\n<td>Profa Angela Welters<\/td>\n<td>Profa Dayani Aquino<\/td>\n<td>Profa Angela Welters<\/td>\n<td>Profa Dayani Aquino<\/td>\n<\/tr>\n<tr>\n<td><b>2016<\/b><\/td>\n<td colspan=\"2\">Prof. Marcos Fuck<\/td>\n<td colspan=\"2\">Prof. Wellington Pereira<\/td>\n<\/tr>\n<tr>\n<td><b>2017<\/b><\/td>\n<td>Adalto Althaus<\/td>\n<td>Vinicius Vale<\/td>\n<td>Prof.Junior Garcia<\/td>\n<td>Prof.Fl\u00e1vio Gon\u00e7alves<\/td>\n<\/tr>\n<tr>\n<td><b>2018<\/b><\/td>\n<td>Profa Terciane Sabadini<\/td>\n<td>Alexandre Porsse<\/td>\n<td>Profa Dayane Rocha<\/td>\n<td>Prof.Fabiano Dalto<\/td>\n<\/tr>\n<tr>\n<td><b>2019<\/b><\/td>\n<td>Profa Adriana Sbicca<\/td>\n<td>Prof.Victor Pelaez<\/td>\n<td>Profa Carolina Bagattolli<\/td>\n<td>Prof.Luis Krajevski<\/td>\n<\/tr>\n<tr>\n<td><b>2020<\/b><\/td>\n<td>Prof.Fernando Motta<\/td>\n<td>Prof.Maur\u00edcio Bittencourt<\/td>\n<td>Prof.Vitor Rodrigues<\/td>\n<td>Prof.Paulo Jacinto<\/td>\n<\/tr>\n<tr>\n<td><b>2021<\/b><\/td>\n<td>Prof. Eduardo Angeli<\/td>\n<td>Prof. Ivan Salom\u00e3o<\/td>\n<td>Prof.Marcos Hasegawa<\/td>\n<td>Profa Raquel Guimar\u00e3es<\/td>\n<\/tr>\n<tr>\n<td><b>2022<\/b><\/td>\n<td>Prof. Hu\u00e1scar Pessali<\/td>\n<td>Prof. Jos\u00e9 Guilherme<\/td>\n<td>Prof. Ricardo Torres<\/td>\n<td>Prof. Walter Shima<\/td>\n<\/tr>\n<tr>\n<td><b>2023<\/b><\/td>\n<td>Prof. Armando Sampaio<\/td>\n<td>Prof. Jo\u00e3o Bas\u00edlio Pereima<\/td>\n<td>Prof. Wellington Pereira<\/td>\n<td>Profa K\u00eania Souza<\/td>\n<\/tr>\n<\/tbody>\n<\/table>\n<p>Caso n\u00e3o saiba quem seu tutor ou sua tutora, entre em contato com a secretaria da Coordena\u00e7\u00e3o ou diretamente com os\/as docentes que respondem pelo seu ano de ingresso e respectivo turno. Atente-se para os\/as respons\u00e1veis pelo seu <b>ano e turno de ingresso<\/b>.<\/p>\n","protected":false},"excerpt":{"rendered":"<p>O Programa de Orienta\u00e7\u00e3o Acad\u00eamica (POA) do curso de Ci\u00eancias Econ\u00f4micas visa orientar os(as) estudantes em sua trajet\u00f3ria acad\u00eamica na gradua\u00e7\u00e3o, no intuito de identificar preventivamente e criar solu\u00e7\u00f5es para a supera\u00e7\u00e3o de obst\u00e1culos ao processo de ensino-aprendizagem, reduzindo a reten\u00e7\u00e3o e a evas\u00e3o, conforme institu\u00eddo na Resolu\u00e7\u00e3o 95\/15 &#8211; CEPE e na Instru\u00e7\u00e3o Normativa [&hellip;]<\/p>\n","protected":false},"author":2793,"featured_media":0,"parent":0,"menu_order":0,"comment_status":"closed","ping_status":"closed","template":"","meta":{"footnotes":""},"class_list":["post-1973","page","type-page","status-publish","hentry"],"_links":{"self":[{"href":"https:\/\/sociaisaplicadas.ufpr.br\/coordeco\/wp-json\/wp\/v2\/pages\/1973","targetHints":{"allow":["GET"]}}],"collection":[{"href":"https:\/\/sociaisaplicadas.ufpr.br\/coordeco\/wp-json\/wp\/v2\/pages"}],"about":[{"href":"https:\/\/sociaisaplicadas.ufpr.br\/coordeco\/wp-json\/wp\/v2\/types\/page"}],"author":[{"embeddable":true,"href":"https:\/\/sociaisaplicadas.ufpr.br\/coordeco\/wp-json\/wp\/v2\/users\/2793"}],"replies":[{"embeddable":true,"href":"https:\/\/sociaisaplicadas.ufpr.br\/coordeco\/wp-json\/wp\/v2\/comments?post=1973"}],"version-history":[{"count":4,"href":"https:\/\/sociaisaplicadas.ufpr.br\/coordeco\/wp-json\/wp\/v2\/pages\/1973\/revisions"}],"predecessor-version":[{"id":3161,"href":"https:\/\/sociaisaplicadas.ufpr.br\/coordeco\/wp-json\/wp\/v2\/pages\/1973\/revisions\/3161"}],"wp:attachment":[{"href":"https:\/\/sociaisaplicadas.ufpr.br\/coordeco\/wp-json\/wp\/v2\/media?parent=1973"}],"curies":[{"name":"wp","href":"https:\/\/api.w.org\/{rel}","templated":true}]}}

Programa de Orientação Acadêmica

<p>O Programa de Orientação Acadêmica (POA) do curso de Ciências Econômicas visa orientar os(as) estudantes em sua trajetória acadêmica na graduação, no intuito de identificar preventivamente e criar soluções para a superação de obstáculos ao processo de ensino-aprendizagem, reduzindo a retenção e a evasão, conforme instituído na Resolução 95/15 &#8211; CEPE e na Instrução Normativa 02-A/16 &#8211; PROGRAD/PRAE.</p>
<p>Link do regulamento:</p>
<p><a href="https://sociaisaplicadas.ufpr.br/coordeco/wp-content/uploads/sites/9/2024/07/REGULAMENTO-POA-versao-final-2024.pdf" target="_blank" rel="noopener">REGULAMENTO DO PROGRAMA DE ORIENTAÇÃO ACADÊMICA (POA) DO CURSO DE CIÊNCIAS ECONÔMICAS DA UFPR</a></p>
<p><b>Listagem de tutoras e tutores do Programa de Orientação Acadêmica do curso de Ciências Econômicas</b></p>
<p>A tutoria está definida pelo número de seu GRR, conforme ano de ingresso no curso.</p>
<p>Cada docente é responsável pela tutoria de um grupo específico de estudantes, conforme o ano de ingresso e GRR:</p>
<table>
<tbody>
<tr>
<td><b>Ano de ingresso</b></td>
<td colspan="2"><b>Matutino</b></td>
<td colspan="2"><b>Noturno</b></td>
</tr>
<tr>
<td><b>2010-2015</b></td>
<td>Profa Angela Welters</td>
<td>Profa Dayani Aquino</td>
<td>Profa Angela Welters</td>
<td>Profa Dayani Aquino</td>
</tr>
<tr>
<td><b>2016</b></td>
<td colspan="2">Prof. Marcos Fuck</td>
<td colspan="2">Prof. Wellington Pereira</td>
</tr>
<tr>
<td><b>2017</b></td>
<td>Adalto Althaus</td>
<td>Vinicius Vale</td>
<td>Prof.Junior Garcia</td>
<td>Prof.Flávio Gonçalves</td>
</tr>
<tr>
<td><b>2018</b></td>
<td>Profa Terciane Sabadini</td>
<td>Alexandre Porsse</td>
<td>Profa Dayane Rocha</td>
<td>Prof.Fabiano Dalto</td>
</tr>
<tr>
<td><b>2019</b></td>
<td>Profa Adriana Sbicca</td>
<td>Prof.Victor Pelaez</td>
<td>Profa Carolina Bagattolli</td>
<td>Prof.Luis Krajevski</td>
</tr>
<tr>
<td><b>2020</b></td>
<td>Prof.Fernando Motta</td>
<td>Prof.Maurício Bittencourt</td>
<td>Prof.Vitor Rodrigues</td>
<td>Prof.Paulo Jacinto</td>
</tr>
<tr>
<td><b>2021</b></td>
<td>Prof. Eduardo Angeli</td>
<td>Prof. Ivan Salomão</td>
<td>Prof.Marcos Hasegawa</td>
<td>Profa Raquel Guimarães</td>
</tr>
<tr>
<td><b>2022</b></td>
<td>Prof. Huáscar Pessali</td>
<td>Prof. José Guilherme</td>
<td>Prof. Ricardo Torres</td>
<td>Prof. Walter Shima</td>
</tr>
<tr>
<td><b>2023</b></td>
<td>Prof. Armando Sampaio</td>
<td>Prof. João Basílio Pereima</td>
<td>Prof. Wellington Pereira</td>
<td>Profa Kênia Souza</td>
</tr>
</tbody>
</table>
<p>Caso não saiba quem seu tutor ou sua tutora, entre em contato com a secretaria da Coordenação ou diretamente com os/as docentes que respondem pelo seu ano de ingresso e respectivo turno. Atente-se para os/as responsáveis pelo seu <b>ano e turno de ingresso</b>.</p>

<p>O Programa de Orientação Acadêmica (POA) do curso de Ciências Econômicas visa orientar os(as) estudantes em sua trajetória acadêmica na graduação, no intuito de identificar preventivamente e criar soluções para a superação de obstáculos ao processo de ensino-aprendizagem, reduzindo a retenção e a evasão, conforme instituído na Resolução 95/15 &#8211; CEPE e na Instrução Normativa [&hellip;]</p>
