{"id":2395,"date":"2023-03-07T18:25:32","date_gmt":"2023-03-07T21:25:32","guid":{"rendered":"https:\/\/sociaisaplicadas.ufpr.br\/coordeco\/?page_id=2395"},"modified":"2023-07-19T13:22:38","modified_gmt":"2023-07-19T16:22:38","slug":"fichas-1ementas-e-fichas-2-planejamento-de-aula","status":"publish","type":"page","link":"https:\/\/sociaisaplicadas.ufpr.br\/coordeco\/fichas-1ementas-e-fichas-2-planejamento-de-aula\/","title":{"rendered":"Fichas 1(ementas) e Fichas 2 (planejamento de aula)"},"content":{"rendered":"<p>Ementas dispon\u00edvel em:\u00a0<a href=\"https:\/\/sociaisaplicadas.ufpr.br\/depecon\/programas-das-disciplinas\/\">Departamento de Economia \u2013 DEPECON (ufpr.br)<\/a><\/p>\n<p>Fichas 2:<\/p>\n<p>PRIMEIRO ANO<\/p>\n<p><a href=\"https:\/\/sociaisaplicadas.ufpr.br\/coordeco\/wp-content\/uploads\/sites\/9\/2023\/02\/C%C3%A1lculo-Aplicado-%C3%A0-Economia-I.pdf\">C\u00e1lculo aplicado \u00e0 Economia I \u2013 Noturno N \u2013 Prof. Diego Ferreira<\/a><\/p>\n<p><a href=\"https:\/\/sociaisaplicadas.ufpr.br\/coordeco\/wp-content\/uploads\/sites\/9\/2023\/02\/C%C3%A1lculo-Aplicado-%C3%A0-Economia-I.pdf\">C\u00e1lculo aplicado \u00e0 Economia I \u2013 Noturno P \u2013 Prof. Diego<\/a><\/p>\n<p><a href=\"https:\/\/sociaisaplicadas.ufpr.br\/coordeco\/wp-content\/uploads\/sites\/9\/2023\/02\/C%C3%A1lculo-Aplicado-%C3%A0-Economia-I-ver2-SILVIO.pdf\">C\u00e1lculo aplicado \u00e0 Economia I \u2013 Matutino D \u2013 Prof. Silvio Tai<\/a><\/p>\n<p><a href=\"https:\/\/sociaisaplicadas.ufpr.br\/coordeco\/wp-content\/uploads\/sites\/9\/2023\/02\/C%C3%A1lculo-Aplicado-%C3%A0-Economia-I-ver2-SILVIO.pdf\">C\u00e1lculo aplicado \u00e0 Economia I \u2013 Noturno E \u2013 Prof. Silvio Tai<\/a><\/p>\n<p>C\u00e1lculo aplicado \u00e0 Economia I \u2013 TURMA EXTRA NOTURNO\u2013 Prof. Diego Ferreira<\/p>\n<p><a href=\"https:\/\/sociaisaplicadas.ufpr.br\/coordeco\/wp-content\/uploads\/sites\/9\/2023\/02\/Introdu%C3%A7%C3%A3o-%C3%A0-Economia-Terciane.pdf\">Introdu\u00e7\u00e3o \u00e0 Economia \u2013 Matutino Turma D e E \u2013 Profa Terciane<\/a><\/p>\n<p><a href=\"https:\/\/sociaisaplicadas.ufpr.br\/coordeco\/wp-content\/uploads\/sites\/9\/2023\/02\/Introdu%C3%A7%C3%A3o-%C3%A0-Economia-Marindia.pdf\">Introdu\u00e7\u00e3o \u00e0 Economia \u2013 Noturno Turma N e P \u2013 Profa Marindia<\/a><\/p>\n<p><a href=\"https:\/\/sociaisaplicadas.ufpr.br\/coordeco\/wp-content\/uploads\/sites\/9\/2023\/02\/Hist%C3%B3ria-Econ%C3%B4mica-Geral-SE602-2023.pdf\">Hist\u00f3ria Econ\u00f4mica Geral \u2013 Matutino D e E \u2013 Prof. Eduardo Angeli<\/a><\/p>\n<p><a href=\"https:\/\/sociaisaplicadas.ufpr.br\/coordeco\/wp-content\/uploads\/sites\/9\/2023\/02\/Hist%C3%B3ria-Econ%C3%B4mica-Geral-%E2%80%93-Turma-N-SE602.-2023-V-Pelaez-.pdf\">Hist\u00f3ria Econ\u00f4mica Geral \u2013 Noturno Turma N\u2013 Prof Victor Pelaez<\/a><\/p>\n<p><a href=\"https:\/\/sociaisaplicadas.ufpr.br\/coordeco\/wp-content\/uploads\/sites\/9\/2023\/02\/Hist%C3%B3ria-Econ%C3%B4mica-Geral-%E2%80%93SE602.-2023-Turma-P-V-Pelaez.pdf\">Hist\u00f3ria Econ\u00f4mica Geral \u2013 Noturno Turma P\u2013 Prof Victor Pelaez<\/a><\/p>\n<p>Introdu\u00e7\u00e3o \u00e0 Sociologia para Economia \u2013 Noturno N e P \u2013 Departamento de Sociologia<\/p>\n<p><a href=\"https:\/\/sociaisaplicadas.ufpr.br\/coordeco\/wp-content\/uploads\/sites\/9\/2023\/03\/SEI_23075.075554_2022_14-1.pdf\">Contabilidade e An\u00e1lise de Balan\u00e7os \u2013 Turma D e E \u2013 Prof Jonatas Dutra<\/a><\/p>\n<p><a href=\"https:\/\/sociaisaplicadas.ufpr.br\/coordeco\/wp-content\/uploads\/sites\/9\/2023\/03\/SEI_23075.075554_2022_14-2.pdf\">Contabilidade e An\u00e1lise de Balan\u00e7os \u2013 Turma N e P \u2013 Prof Celso da Rosa<\/a><\/p>\n<p>&nbsp;<\/p>\n<p>&nbsp;<\/p>\n<p>SEGUNDO ANO<\/p>\n<p><a href=\"https:\/\/sociaisaplicadas.ufpr.br\/coordeco\/wp-content\/uploads\/sites\/9\/2023\/02\/An%C3%A1lise-Econ%C3%B4mica-e-Financeira-ADALTO.pdf\">An\u00e1lise Econ\u00f4mica e Financeira \u2013 Matutino D e E \u2013 Prof. Adalto Althaus\u00a0<\/a><\/p>\n<p><a href=\"https:\/\/sociaisaplicadas.ufpr.br\/coordeco\/wp-content\/uploads\/sites\/9\/2023\/02\/FICHA2-SE607A-ANALISE-ECONOMICA-E-FINANCEIRA-Dayane-Rocha-1-2023.pdf\">An\u00e1lise Econ\u00f4mica e Financeira \u2013 Noturno N e P \u2013 Profa Dayane Rocha<\/a><\/p>\n<p><a href=\"https:\/\/sociaisaplicadas.ufpr.br\/coordeco\/wp-content\/uploads\/sites\/9\/2023\/03\/FICHA2_SE609_2023_primeiro.pdf\">Contabilidade Social \u2013 Matutino D e E \u2013 Profa Angela Welters<\/a><\/p>\n<p><a href=\"https:\/\/sociaisaplicadas.ufpr.br\/coordeco\/wp-content\/uploads\/sites\/9\/2023\/02\/Contabilidade-Social-LARISSA.pdf\">Contabilidade Social \u2013 Noturno N e P \u2013 Profa Larissa<\/a><\/p>\n<p><a href=\"https:\/\/sociaisaplicadas.ufpr.br\/coordeco\/wp-content\/uploads\/sites\/9\/2023\/02\/SE605-Economia-matem%C3%A1tica-Ficha-2-Prof-Basilio_230203_234519.pdf\">Economia Matem\u00e1tica \u2013 Matutino D e E \u2013 Prof Basilio<\/a><\/p>\n<p><a href=\"https:\/\/sociaisaplicadas.ufpr.br\/coordeco\/wp-content\/uploads\/sites\/9\/2023\/02\/Economia-Matem%C3%A1tica-VICTOR-RODRIGEUS.pdf\">Economia Matem\u00e1tica \u2013 Noturno N e P \u2013 Prof. Victor Oliveira<\/a><\/p>\n<p><a href=\"https:\/\/sociaisaplicadas.ufpr.br\/coordeco\/wp-content\/uploads\/sites\/9\/2023\/03\/Teoria-Microecon%C3%B4mica-I.pdf\">Teoria Microecon\u00f4mica \u2013 Matutino \u2013 Prof\u00aa K\u00eania Souza<\/a><\/p>\n<p><a href=\"https:\/\/sociaisaplicadas.ufpr.br\/coordeco\/wp-content\/uploads\/sites\/9\/2023\/03\/Teoria-Microecon\u00f4mica-I-\u2013-Turma-N-e-P_1.pdf\">Teoria Microecon\u00f4mica \u2013 Noturno N e P \u2013 Prof. Armando<\/a><\/p>\n<p><a href=\"https:\/\/sociaisaplicadas.ufpr.br\/coordeco\/wp-content\/uploads\/sites\/9\/2023\/02\/Hist%C3%B3ria-do-Pensamento-Econ%C3%B4mico-I-Marcos-Paulo-HPE-I-2023.pdf\">Hist\u00f3ria do Pensamento Econ\u00f4mico I \u2013 Matutino D e E \u2013 Prof. Marcos Paulo<\/a><\/p>\n<p><a href=\"https:\/\/sociaisaplicadas.ufpr.br\/coordeco\/wp-content\/uploads\/sites\/9\/2023\/02\/Hist%C3%B3ria-do-Pensamento-Econ%C3%B4mico-I-VICTOR-CRUZ.pdf\">Hist\u00f3ria do Pensamento Econ\u00f4mico I \u2013 Noturno N e P \u2013 Victor Cruz<\/a><\/p>\n<p><a href=\"https:\/\/sociaisaplicadas.ufpr.br\/coordeco\/wp-content\/uploads\/sites\/9\/2023\/02\/OK-T%C3%A9cnicas-de-Pesquisa-em-Economia-SE627-2023-01.pdf\">T\u00e9cnicas de Pesquisa em Economia \u2013 Extra Matutino \u2013 Ricardo<\/a><\/p>\n<p>&nbsp;<\/p>\n<p>TERCEIRO ANO<\/p>\n<p><a href=\"https:\/\/sociaisaplicadas.ufpr.br\/coordeco\/wp-content\/uploads\/sites\/9\/2023\/02\/ECONOMETRIA-I1-SBICCA.pdf\">Econometria I \u2013 Matutino D e E \u2013 Profa. Adriana Sbicca<\/a><\/p>\n<p><a href=\"https:\/\/sociaisaplicadas.ufpr.br\/coordeco\/wp-content\/uploads\/sites\/9\/2023\/02\/ECONOMETRIA-I-HASEGAWA.pdf\">Econometria I \u2013 Noturno N e P \u2013 Prof. Marcos Hasegawa<\/a><\/p>\n<p><a href=\"https:\/\/sociaisaplicadas.ufpr.br\/coordeco\/wp-content\/uploads\/sites\/9\/2023\/02\/Econometria-II-5-FLAVIO.pdf\">Econometria II \u2013 Extra Matutino \u2013 Prof. Flavio Gon\u00e7alves<\/a><\/p>\n<p><a href=\"https:\/\/sociaisaplicadas.ufpr.br\/coordeco\/wp-content\/uploads\/sites\/9\/2023\/02\/Econometria-II-5-FLAVIO.pdf\">Econometria II \u2013 Extra Noturno \u2013 Prof. Flavio Gon\u00e7alves<\/a><\/p>\n<p><a href=\"https:\/\/sociaisaplicadas.ufpr.br\/coordeco\/wp-content\/uploads\/sites\/9\/2023\/02\/FICHA2-Economia-Poli%CC%81tica-I-Cipolla.pdf\">Economia Politica I \u2013 Extra Noturno \u2013 Prof. Cipolla<\/a><\/p>\n<p><a href=\"https:\/\/sociaisaplicadas.ufpr.br\/coordeco\/wp-content\/uploads\/sites\/9\/2023\/02\/FICHA2_Hist%C3%B3ria_do_Pensamento_Econ%C3%B4mico_I_2023_1_Felipe_Alemida_v2.pdf\">Historia do Pensamento Econ\u00f4mico I \u2013 Matutino D e E \u2013 Prof. Jos\u00e9 Felipe<\/a><\/p>\n<p><a href=\"https:\/\/sociaisaplicadas.ufpr.br\/coordeco\/wp-content\/uploads\/sites\/9\/2023\/02\/Hist%C3%B3ria-do-Pensamento-Econ%C3%B4mico-I-Dayani-2023.pdf\">Historia do Pensamento Econ\u00f4mico I \u2013 Noturno N e P \u2013 Prof. Dayani Aquino<\/a><\/p>\n<p><a href=\"https:\/\/sociaisaplicadas.ufpr.br\/coordeco\/wp-content\/uploads\/sites\/9\/2023\/02\/SHIMA-ECONOMIA-INDUSTRIAL-FICHA-2-em-25-01-2023.pdf\">Economia Industrial \u2013 Matutino \u2013 Prof. Walter Shima<\/a><\/p>\n<p><a href=\"https:\/\/sociaisaplicadas.ufpr.br\/coordeco\/wp-content\/uploads\/sites\/9\/2023\/02\/Economia-Internacional-VALE.pdf\">Economia Internacional \u2013 Matutino D e E\u00a0 \u2013 Prof. Vin\u00edcius Vale<\/a><\/p>\n<p><a href=\"https:\/\/sociaisaplicadas.ufpr.br\/coordeco\/wp-content\/uploads\/sites\/9\/2023\/02\/Economia-Internacional-I-WELL.pdf\">Economia Internacional \u2013 Noturno N e P\u00a0 \u2013 Prof. Wellington<\/a><\/p>\n<p><a href=\"https:\/\/sociaisaplicadas.ufpr.br\/coordeco\/wp-content\/uploads\/sites\/9\/2023\/02\/Economia-Brasileira-Contempor%C3%A2nea-II-Noturno-profa-Jaqueline_Semestre1_2023.pdf\">Economia Brasileira Contempor\u00e2nea II \u2013 Noturno N e P \u2013 Prof\u00aa Jaqueline<\/a><\/p>\n<p><a href=\"https:\/\/sociaisaplicadas.ufpr.br\/coordeco\/wp-content\/uploads\/sites\/9\/2023\/02\/Teoria-Macroecon%C3%B4mica-HUGO.pdf\">Teoria Macroecon\u00f4mica \u2013 Matutino D e E \u2013 Prof. Hugo<\/a><\/p>\n<p><a href=\"https:\/\/sociaisaplicadas.ufpr.br\/coordeco\/wp-content\/uploads\/sites\/9\/2023\/02\/Teoria-Macroecon%C3%B4mica-I-junior.pdf\">Teoria Macroecon\u00f4mica \u2013 Noturno N e P \u2013 Prof. Junior<\/a><\/p>\n<p><a href=\"https:\/\/sociaisaplicadas.ufpr.br\/coordeco\/wp-content\/uploads\/sites\/9\/2023\/07\/Ficha-2-SE610-Macroeconomia-I-Prof-Basilio.pdf\">Teoria Macroecon\u00f4mica \u2013 Noturno N e P \u2013 Prof. Jo\u00e3o Bas\u00edlio<\/a><\/p>\n<p>&nbsp;<\/p>\n<p>&nbsp;<\/p>\n<p>QUARTO ANO<\/p>\n<p><a href=\"https:\/\/sociaisaplicadas.ufpr.br\/coordeco\/wp-content\/uploads\/sites\/9\/2023\/02\/4.-FICHA2-Economia-Monetaria-SINC-2023-JOSE-GUILHERME.pdf\">Economia Monet\u00e1ria e Financeira I \u2013 Matutino D e E \u2013 Prof Jose Guilherme<\/a><\/p>\n<p><a href=\"https:\/\/sociaisaplicadas.ufpr.br\/coordeco\/wp-content\/uploads\/sites\/9\/2023\/02\/FICHA2-Fabiano-Dalto-SE624-Economia-Monetaria-I.pdf\">Economia Monet\u00e1ria e Financeira I \u2013 Noturno N e P \u2013 Prof Fabiano Dalto<\/a><\/p>\n<p><a href=\"https:\/\/sociaisaplicadas.ufpr.br\/coordeco\/wp-content\/uploads\/sites\/9\/2023\/02\/Elabora%C3%A7%C3%A3o-e-An%C3%A1lise-de-Projetos-I-SE615-2023-01-RICARDO.pdf\">Elabora\u00e7\u00e3o e An\u00e1lise de Projetos \u2013 Matutino D e E \u2013 Prof. Ricardo<\/a><\/p>\n<p><a href=\"https:\/\/sociaisaplicadas.ufpr.br\/coordeco\/wp-content\/uploads\/sites\/9\/2023\/02\/Ficha-2-Elabora%C3%A7%C3%A3o-e-An%C3%A1lise-de-Projetos-1-semestre-FRANCOISE.pdf\">Elabora\u00e7\u00e3o e An\u00e1lise de Projetos \u2013 Noturno N e P \u2013 Profa. Fran\u00e7oise<\/a><\/p>\n<p><a href=\"https:\/\/sociaisaplicadas.ufpr.br\/coordeco\/wp-content\/uploads\/sites\/9\/2023\/02\/Desenvolvimento-Econ%C3%B4mico-I-RAQUEL.pdf\">Desenvolvimento Econ\u00f4mico I \u2013 Noturno N e P \u2013 Profa Raquel<\/a><\/p>\n<p><a href=\"https:\/\/sociaisaplicadas.ufpr.br\/coordeco\/wp-content\/uploads\/sites\/9\/2023\/02\/Desenvolvimento-Econ%C3%B4mico-I-D-e-E-Prof.-Hu%C3%A1scar.pdf\">Desenvolvimento Econ\u00f4mico I -Matutino D e E \u2013 Prof. Hu\u00e1scar<\/a><\/p>\n<p><a href=\"https:\/\/sociaisaplicadas.ufpr.br\/coordeco\/wp-content\/uploads\/sites\/9\/2023\/02\/Economia-do-Setor-P%C3%BAblico-SE620-GIOVANNA.pdf\">Economia do Setor P\u00fablico \u2013 Matutino D e E \u2013 Prof\u00aa Giovanna<\/a><\/p>\n<p><a href=\"https:\/\/sociaisaplicadas.ufpr.br\/coordeco\/wp-content\/uploads\/sites\/9\/2023\/02\/Economia-Regional-e-Urbana-Noturno-profa-Jaqueline_Semestre1_2023.pdf\">Economia Regional e Urbana \u2013 Noturno N e P\u2013 Prof\u00aa Jaqueline<\/a><\/p>\n<p>&nbsp;<\/p>\n<p>OPTATIVAS<\/p>\n<p><a href=\"https:\/\/sociaisaplicadas.ufpr.br\/coordeco\/wp-content\/uploads\/sites\/9\/2023\/02\/OPTATIVA-SE685-Pol%C3%ADtica-Industrial-e-tecnol%C3%B3gica-CAROLINA.pdf\">SE685 \u2013 POL\u00cdTICA INDUSTRIAL E TECNOL\u00d3GICA \u2013 Prof\u00aa Carolina Bagatolli<\/a><\/p>\n<p><a href=\"https:\/\/sociaisaplicadas.ufpr.br\/coordeco\/wp-content\/uploads\/sites\/9\/2023\/02\/OPTATIVA-Economia-e-institui%C3%A7%C3%B5es-Prof_Hu%C3%A1scar.pdf\">SE661 \u2013 ECONOMIA E INSTITUI\u00c7\u00d5ES \u2013 Prof. Huascar<\/a><\/p>\n<p><a href=\"https:\/\/sociaisaplicadas.ufpr.br\/coordeco\/wp-content\/uploads\/sites\/9\/2023\/02\/OPTATIVA-An%C3%A1lise-Conjuntural-FERNANDO.pdf\">SE698 \u2013 AN\u00c1LISE CONJUNTURAL \u2013 Prof. Fernando Motta<\/a><\/p>\n<p><a href=\"https:\/\/sociaisaplicadas.ufpr.br\/coordeco\/wp-content\/uploads\/sites\/9\/2023\/02\/OPTATIVA-Avalia%C3%A7%C3%A3o-de-Impacto-de-Pol%C3%ADticas-P%C3%BAblicas-PAULO.pdf\">SE639 \u2013 AVALIA\u00c7\u00c3O DE IMPACTO DE POL\u00cdTICAS P\u00daBLICAS \u2013 Prof. Paulo Jacinto<\/a><\/p>\n<p><a href=\"https:\/\/sociaisaplicadas.ufpr.br\/coordeco\/wp-content\/uploads\/sites\/9\/2023\/02\/OPTATIVA-Metodologia-de-an%C3%A1lise-econ%C3%B4mica-MARINDIA.pdf\">SE678 \u2013 METODOLOGIA DE AN\u00c1LISE ECON\u00d4MICA \u2013 Prof\u00aa Marindia<\/a><\/p>\n<p><a href=\"https:\/\/sociaisaplicadas.ufpr.br\/coordeco\/wp-content\/uploads\/sites\/9\/2023\/02\/OPTATIVA-SE687-SILVIO-Seminarios-Economia-Internacional.pdf\">SE687 \u2013 SEMIN\u00c1RIOS DE ECONOMIA INTERNACIONAL \u2013 Prof. Silvio<\/a><\/p>\n<p><a href=\"https:\/\/sociaisaplicadas.ufpr.br\/coordeco\/wp-content\/uploads\/sites\/9\/2023\/02\/FICHA2-To%CC%81picos-Especiais-Cipolla.pdf\">SE691 \u2013 T\u00d3PICOS ESPECIAIS EM ECONOMIA I\u00a0: globaliza\u00e7\u00e3o e inequidade \u2013 Prof. Cipolla<\/a><\/p>\n<p><a href=\"https:\/\/sociaisaplicadas.ufpr.br\/coordeco\/wp-content\/uploads\/sites\/9\/2023\/02\/OPTATIVA-FICHA2-mercado-de-capitais-diurno-presencial2023-JOSE-GUILHERME.pdf\">SE677 \u2013 MERCADOS FINANCEIROS E DE CAPITAIS \u2013 Prof. Jos\u00e9 Guilherme<\/a><\/p>\n<p>&nbsp;<\/p>\n","protected":false},"excerpt":{"rendered":"<p>Ementas dispon\u00edvel em:\u00a0Departamento de Economia \u2013 DEPECON (ufpr.br) Fichas 2: PRIMEIRO ANO C\u00e1lculo aplicado \u00e0 Economia I \u2013 Noturno N \u2013 Prof. Diego Ferreira C\u00e1lculo aplicado \u00e0 Economia I \u2013 Noturno P \u2013 Prof. Diego C\u00e1lculo aplicado \u00e0 Economia I \u2013 Matutino D \u2013 Prof. Silvio Tai C\u00e1lculo aplicado \u00e0 Economia I \u2013 Noturno E [&hellip;]<\/p>\n","protected":false},"author":2793,"featured_media":0,"parent":0,"menu_order":0,"comment_status":"closed","ping_status":"closed","template":"","meta":{"footnotes":""},"class_list":["post-2395","page","type-page","status-publish","hentry"],"_links":{"self":[{"href":"https:\/\/sociaisaplicadas.ufpr.br\/coordeco\/wp-json\/wp\/v2\/pages\/2395","targetHints":{"allow":["GET"]}}],"collection":[{"href":"https:\/\/sociaisaplicadas.ufpr.br\/coordeco\/wp-json\/wp\/v2\/pages"}],"about":[{"href":"https:\/\/sociaisaplicadas.ufpr.br\/coordeco\/wp-json\/wp\/v2\/types\/page"}],"author":[{"embeddable":true,"href":"https:\/\/sociaisaplicadas.ufpr.br\/coordeco\/wp-json\/wp\/v2\/users\/2793"}],"replies":[{"embeddable":true,"href":"https:\/\/sociaisaplicadas.ufpr.br\/coordeco\/wp-json\/wp\/v2\/comments?post=2395"}],"version-history":[{"count":10,"href":"https:\/\/sociaisaplicadas.ufpr.br\/coordeco\/wp-json\/wp\/v2\/pages\/2395\/revisions"}],"predecessor-version":[{"id":2674,"href":"https:\/\/sociaisaplicadas.ufpr.br\/coordeco\/wp-json\/wp\/v2\/pages\/2395\/revisions\/2674"}],"wp:attachment":[{"href":"https:\/\/sociaisaplicadas.ufpr.br\/coordeco\/wp-json\/wp\/v2\/media?parent=2395"}],"curies":[{"name":"wp","href":"https:\/\/api.w.org\/{rel}","templated":true}]}}