{"id":2493,"date":"2023-07-04T10:28:22","date_gmt":"2023-07-04T13:28:22","guid":{"rendered":"https:\/\/sociaisaplicadas.ufpr.br\/coordeco\/?page_id=2493"},"modified":"2024-01-22T09:20:55","modified_gmt":"2024-01-22T12:20:55","slug":"2o-semestre-de-2023","status":"publish","type":"page","link":"https:\/\/sociaisaplicadas.ufpr.br\/coordeco\/2o-semestre-de-2023\/","title":{"rendered":"2\u00ba semestre de 2023"},"content":{"rendered":"<p>\u00daltima data de atualiza\u00e7\u00e3o\u00a0da p\u00e1gina:28 de julho de 2023<\/p>\n<p><a href=\"https:\/\/sociaisaplicadas.ufpr.br\/coordeco\/wp-content\/uploads\/sites\/9\/2023\/07\/Grade_hor\u00e1ria-2023-2_v8_final_diurno.pdf\" target=\"_blank\" rel=\"noopener\">Grade_hor\u00e1ria-2023-2_diurno<\/a><\/p>\n<p><a href=\"https:\/\/sociaisaplicadas.ufpr.br\/coordeco\/wp-content\/uploads\/sites\/9\/2023\/07\/Grade_hor\u00e1ria-2023-2_v8_final_noturno.pdf\" target=\"_blank\" rel=\"noopener\">Grade_hor\u00e1ria-2023-2_noturno<\/a><\/p>\n<p>II) Calend\u00e1rio completo:\u00a0<a href=\"https:\/\/sociaisaplicadas.ufpr.br\/coordeco\/wp-content\/uploads\/sites\/9\/2022\/11\/Res.-62.22-CEPE-calend\u00e1rio-2023.pdf\">Res.-62.22 CEPE &#8211; calend\u00e1rio 2023<\/a><\/p>\n<p>Principais datas: <a href=\"https:\/\/sociaisaplicadas.ufpr.br\/coordeco\/principais-datas\/\" target=\"_blank\" rel=\"noopener\">Clique aqui<\/a><\/p>\n<p>Planejamento das aulas e ementas das disciplinas:\u00a0<a href=\"https:\/\/sociaisaplicadas.ufpr.br\/coordeco\/ementas\/\">Clique aqui<\/a><\/p>\n","protected":false},"excerpt":{"rendered":"<p>\u00daltima data de atualiza\u00e7\u00e3o\u00a0da p\u00e1gina:28 de julho de 2023 Grade_hor\u00e1ria-2023-2_diurno Grade_hor\u00e1ria-2023-2_noturno II) Calend\u00e1rio completo:\u00a0Res.-62.22 CEPE &#8211; calend\u00e1rio 2023 Principais datas: Clique aqui Planejamento das aulas e ementas das disciplinas:\u00a0Clique aqui<\/p>\n","protected":false},"author":2793,"featured_media":0,"parent":0,"menu_order":0,"comment_status":"closed","ping_status":"closed","template":"","meta":{"footnotes":""},"class_list":["post-2493","page","type-page","status-publish","hentry"],"_links":{"self":[{"href":"https:\/\/sociaisaplicadas.ufpr.br\/coordeco\/wp-json\/wp\/v2\/pages\/2493","targetHints":{"allow":["GET"]}}],"collection":[{"href":"https:\/\/sociaisaplicadas.ufpr.br\/coordeco\/wp-json\/wp\/v2\/pages"}],"about":[{"href":"https:\/\/sociaisaplicadas.ufpr.br\/coordeco\/wp-json\/wp\/v2\/types\/page"}],"author":[{"embeddable":true,"href":"https:\/\/sociaisaplicadas.ufpr.br\/coordeco\/wp-json\/wp\/v2\/users\/2793"}],"replies":[{"embeddable":true,"href":"https:\/\/sociaisaplicadas.ufpr.br\/coordeco\/wp-json\/wp\/v2\/comments?post=2493"}],"version-history":[{"count":13,"href":"https:\/\/sociaisaplicadas.ufpr.br\/coordeco\/wp-json\/wp\/v2\/pages\/2493\/revisions"}],"predecessor-version":[{"id":2687,"href":"https:\/\/sociaisaplicadas.ufpr.br\/coordeco\/wp-json\/wp\/v2\/pages\/2493\/revisions\/2687"}],"wp:attachment":[{"href":"https:\/\/sociaisaplicadas.ufpr.br\/coordeco\/wp-json\/wp\/v2\/media?parent=2493"}],"curies":[{"name":"wp","href":"https:\/\/api.w.org\/{rel}","templated":true}]}}

2º semestre de 2023

<p>Última data de atualização da página:28 de julho de 2023</p>
<p><a href="https://sociaisaplicadas.ufpr.br/coordeco/wp-content/uploads/sites/9/2023/07/Grade_horária-2023-2_v8_final_diurno.pdf" target="_blank" rel="noopener">Grade_horária-2023-2_diurno</a></p>
<p><a href="https://sociaisaplicadas.ufpr.br/coordeco/wp-content/uploads/sites/9/2023/07/Grade_horária-2023-2_v8_final_noturno.pdf" target="_blank" rel="noopener">Grade_horária-2023-2_noturno</a></p>
<p>II) Calendário completo: <a href="https://sociaisaplicadas.ufpr.br/coordeco/wp-content/uploads/sites/9/2022/11/Res.-62.22-CEPE-calendário-2023.pdf">Res.-62.22 CEPE &#8211; calendário 2023</a></p>
<p>Principais datas: <a href="https://sociaisaplicadas.ufpr.br/coordeco/principais-datas/" target="_blank" rel="noopener">Clique aqui</a></p>
<p>Planejamento das aulas e ementas das disciplinas: <a href="https://sociaisaplicadas.ufpr.br/coordeco/ementas/">Clique aqui</a></p>

<p>Última data de atualização da página:28 de julho de 2023 Grade_horária-2023-2_diurno Grade_horária-2023-2_noturno II) Calendário completo: Res.-62.22 CEPE &#8211; calendário 2023 Principais datas: Clique aqui Planejamento das aulas e ementas das disciplinas: Clique aqui</p>
