{"id":2918,"date":"2024-03-07T07:55:10","date_gmt":"2024-03-07T10:55:10","guid":{"rendered":"https:\/\/sociaisaplicadas.ufpr.br\/coordeco\/?page_id=2918"},"modified":"2024-03-08T09:01:05","modified_gmt":"2024-03-08T12:01:05","slug":"o-curso","status":"publish","type":"page","link":"https:\/\/sociaisaplicadas.ufpr.br\/coordeco\/o-curso\/","title":{"rendered":"O Curso"},"content":{"rendered":"\n<p><a href=\"https:\/\/sociaisaplicadas.ufpr.br\/coordeco\/abandono-de-curso\/\">Abandono de Curso<\/a><br>Adiantamento de Conhecimento<br>Altera\u00e7\u00e3o de Cadastro<br>Aproveitamento de Conhecimento<br>Atividades Formativas<br>Calend\u00e1rio Acad\u00eamico 2024<br>Cancelamento de Disciplina<br>Cancelamento de Registro Acad\u00eamico<br>Cola\u00e7\u00e3o de Grau<br>Colegiado<br>Corpo Docente<br>Curr\u00edculos<br>Declara\u00e7\u00e3o de Prova<br>Destrancamento de Curso<br>Diploma<br>Disciplinas Eletivas e Isoladas<br>Editais de Notas<br>Enade<br>Equival\u00eancia<br>Est\u00e1gios<br>Exerc\u00edcios Domiciliares<br>Formul\u00e1rios<br>Grade e Corpo Docente<br>Hist\u00f3rico Escolar<br>Jubilamento<br>Manual para Estudantes da UFPR<br><a href=\"https:\/\/sociaisaplicadas.ufpr.br\/coordeco\/1o-semestre-2024\/\">Matr\u00edculas<\/a><br>Mobilidade Acad\u00eamica<br>POA<br>Programas das Disciplinas<br>Provar<br>Regulamentos<br>Representa\u00e7\u00e3o Discente<br>Revis\u00e3o de Prova<br>Segunda Avalia\u00e7\u00e3o Final<br>Segunda Chamada<br>TCC- Monografias<br>Trancamento de Curso<br>Transfer\u00eancia<br>Vistas de Prova<\/p>\n","protected":false},"excerpt":{"rendered":"<p>Abandono de CursoAdiantamento de ConhecimentoAltera\u00e7\u00e3o de CadastroAproveitamento de ConhecimentoAtividades FormativasCalend\u00e1rio Acad\u00eamico 2024Cancelamento de DisciplinaCancelamento de Registro Acad\u00eamicoCola\u00e7\u00e3o de GrauColegiadoCorpo DocenteCurr\u00edculosDeclara\u00e7\u00e3o de ProvaDestrancamento de CursoDiplomaDisciplinas Eletivas e IsoladasEditais de NotasEnadeEquival\u00eanciaEst\u00e1giosExerc\u00edcios DomiciliaresFormul\u00e1riosGrade e Corpo DocenteHist\u00f3rico EscolarJubilamentoManual para Estudantes da UFPRMatr\u00edculasMobilidade Acad\u00eamicaPOAProgramas das DisciplinasProvarRegulamentosRepresenta\u00e7\u00e3o DiscenteRevis\u00e3o de ProvaSegunda Avalia\u00e7\u00e3o FinalSegunda ChamadaTCC- MonografiasTrancamento de CursoTransfer\u00eanciaVistas de Prova<\/p>\n","protected":false},"author":2812,"featured_media":0,"parent":0,"menu_order":0,"comment_status":"closed","ping_status":"closed","template":"","meta":{"footnotes":""},"class_list":["post-2918","page","type-page","status-publish","hentry"],"_links":{"self":[{"href":"https:\/\/sociaisaplicadas.ufpr.br\/coordeco\/wp-json\/wp\/v2\/pages\/2918","targetHints":{"allow":["GET"]}}],"collection":[{"href":"https:\/\/sociaisaplicadas.ufpr.br\/coordeco\/wp-json\/wp\/v2\/pages"}],"about":[{"href":"https:\/\/sociaisaplicadas.ufpr.br\/coordeco\/wp-json\/wp\/v2\/types\/page"}],"author":[{"embeddable":true,"href":"https:\/\/sociaisaplicadas.ufpr.br\/coordeco\/wp-json\/wp\/v2\/users\/2812"}],"replies":[{"embeddable":true,"href":"https:\/\/sociaisaplicadas.ufpr.br\/coordeco\/wp-json\/wp\/v2\/comments?post=2918"}],"version-history":[{"count":5,"href":"https:\/\/sociaisaplicadas.ufpr.br\/coordeco\/wp-json\/wp\/v2\/pages\/2918\/revisions"}],"predecessor-version":[{"id":3137,"href":"https:\/\/sociaisaplicadas.ufpr.br\/coordeco\/wp-json\/wp\/v2\/pages\/2918\/revisions\/3137"}],"wp:attachment":[{"href":"https:\/\/sociaisaplicadas.ufpr.br\/coordeco\/wp-json\/wp\/v2\/media?parent=2918"}],"curies":[{"name":"wp","href":"https:\/\/api.w.org\/{rel}","templated":true}]}}