{"id":3036,"date":"2024-03-07T10:49:41","date_gmt":"2024-03-07T13:49:41","guid":{"rendered":"https:\/\/sociaisaplicadas.ufpr.br\/coordeco\/?page_id=3036"},"modified":"2024-03-08T08:07:39","modified_gmt":"2024-03-08T11:07:39","slug":"cancelamento-de-disciplina","status":"publish","type":"page","link":"https:\/\/sociaisaplicadas.ufpr.br\/coordeco\/cancelamento-de-disciplina\/","title":{"rendered":"Cancelamento de Disciplina"},"content":{"rendered":"\n<p>O(A) discente deve formalizar o pedido de CANCELAMENTO DE DISCIPLINA pelo SIGA, sempre atento(a) aos prazos definidos no Calend\u00e1rio Acad\u00eamico vigente.<\/p>\n\n\n\n<p>Importante! Uma disciplina s\u00f3 pode ser cancelada uma \u00fanica vez. O registro do cancelamento aparecer\u00e1 em seu Hist\u00f3rico Escolar.<\/p>\n\n\n\n<p><br>Aten\u00e7\u00e3o m\u00e1xima! Em nenhuma circunst\u00e2ncia o cancelamento pode zerar a matr\u00edcula do aluno em um per\u00edodo letivo. Caso isso aconte\u00e7a, o registro acad\u00eamico do aluno ser\u00e1 cancelado<\/p>\n\n\n\n<p><\/p>\n","protected":false},"excerpt":{"rendered":"<p>O(A) discente deve formalizar o pedido de CANCELAMENTO DE DISCIPLINA pelo SIGA, sempre atento(a) aos prazos definidos no Calend\u00e1rio Acad\u00eamico vigente. Importante! Uma disciplina s\u00f3 pode ser cancelada uma \u00fanica vez. O registro do cancelamento aparecer\u00e1 em seu Hist\u00f3rico Escolar. Aten\u00e7\u00e3o m\u00e1xima! Em nenhuma circunst\u00e2ncia o cancelamento pode zerar a matr\u00edcula do aluno em um [&hellip;]<\/p>\n","protected":false},"author":2812,"featured_media":0,"parent":0,"menu_order":0,"comment_status":"closed","ping_status":"closed","template":"","meta":{"footnotes":""},"class_list":["post-3036","page","type-page","status-publish","hentry"],"_links":{"self":[{"href":"https:\/\/sociaisaplicadas.ufpr.br\/coordeco\/wp-json\/wp\/v2\/pages\/3036","targetHints":{"allow":["GET"]}}],"collection":[{"href":"https:\/\/sociaisaplicadas.ufpr.br\/coordeco\/wp-json\/wp\/v2\/pages"}],"about":[{"href":"https:\/\/sociaisaplicadas.ufpr.br\/coordeco\/wp-json\/wp\/v2\/types\/page"}],"author":[{"embeddable":true,"href":"https:\/\/sociaisaplicadas.ufpr.br\/coordeco\/wp-json\/wp\/v2\/users\/2812"}],"replies":[{"embeddable":true,"href":"https:\/\/sociaisaplicadas.ufpr.br\/coordeco\/wp-json\/wp\/v2\/comments?post=3036"}],"version-history":[{"count":5,"href":"https:\/\/sociaisaplicadas.ufpr.br\/coordeco\/wp-json\/wp\/v2\/pages\/3036\/revisions"}],"predecessor-version":[{"id":3124,"href":"https:\/\/sociaisaplicadas.ufpr.br\/coordeco\/wp-json\/wp\/v2\/pages\/3036\/revisions\/3124"}],"wp:attachment":[{"href":"https:\/\/sociaisaplicadas.ufpr.br\/coordeco\/wp-json\/wp\/v2\/media?parent=3036"}],"curies":[{"name":"wp","href":"https:\/\/api.w.org\/{rel}","templated":true}]}}