{"id":330,"date":"2017-07-14T11:17:55","date_gmt":"2017-07-14T14:17:55","guid":{"rendered":"https:\/\/sociaisaplicadas.ufpr.br\/coordeco\/?page_id=330"},"modified":"2025-12-12T15:39:14","modified_gmt":"2025-12-12T18:39:14","slug":"estrutura-administrativa","status":"publish","type":"page","link":"https:\/\/sociaisaplicadas.ufpr.br\/coordeco\/a-coordenacao\/estrutura-administrativa\/","title":{"rendered":"Estrutura Administrativa"},"content":{"rendered":"\n<h5 class=\"wp-block-heading\">Coordena\u00e7\u00e3o<\/h5>\n\n\n\n<div class=\"wp-block-columns is-layout-flex wp-container-core-columns-is-layout-1 wp-block-columns-is-layout-flex\">\n<div class=\"wp-block-column is-layout-flow wp-block-column-is-layout-flow\" style=\"flex-basis:100%\">\n<p>Prof.&nbsp; Victor Rodrigues de Oliveira (Coordenador) Contato: victoroliv.rod@ufpr.br<\/p>\n\n\n\n<p>Prof.\u00aa&nbsp; Mar\u00edndia Brites (Vice-Coordenadora) Contato: marindia.brites@ufpr.br<\/p>\n<\/div>\n<\/div>\n\n\n\n<h5 class=\"wp-block-heading\">Secretaria da Coordena\u00e7\u00e3o<\/h5>\n\n\n\n<p><\/p>\n\n\n\n<p>CAMILA PASQUINI DE SOUZA<br>LUCAS LOPES SOARES<br><\/p>\n\n\n\n<p>Contato: coordeco@ufpr.br<br>Fone: (41) 3360-4356 (os telefones do Setor apresentam defeito com const\u00e2ncia)<\/p>\n\n\n\n<p><\/p>\n\n\n\n<p><\/p>\n\n\n\n<p><\/p>\n\n\n\n<p><\/p>\n","protected":false},"excerpt":{"rendered":"<p>Coordena\u00e7\u00e3o Prof.&nbsp; Victor Rodrigues de Oliveira (Coordenador) Contato: victoroliv.rod@ufpr.br Prof.\u00aa&nbsp; Mar\u00edndia Brites (Vice-Coordenadora) Contato: marindia.brites@ufpr.br Secretaria da Coordena\u00e7\u00e3o CAMILA PASQUINI DE SOUZALUCAS LOPES SOARES Contato: coordeco@ufpr.brFone: (41) 3360-4356 (os telefones do Setor apresentam defeito com const\u00e2ncia)<\/p>\n","protected":false},"author":2793,"featured_media":0,"parent":225,"menu_order":0,"comment_status":"closed","ping_status":"closed","template":"","meta":{"footnotes":""},"class_list":["post-330","page","type-page","status-publish","hentry"],"_links":{"self":[{"href":"https:\/\/sociaisaplicadas.ufpr.br\/coordeco\/wp-json\/wp\/v2\/pages\/330","targetHints":{"allow":["GET"]}}],"collection":[{"href":"https:\/\/sociaisaplicadas.ufpr.br\/coordeco\/wp-json\/wp\/v2\/pages"}],"about":[{"href":"https:\/\/sociaisaplicadas.ufpr.br\/coordeco\/wp-json\/wp\/v2\/types\/page"}],"author":[{"embeddable":true,"href":"https:\/\/sociaisaplicadas.ufpr.br\/coordeco\/wp-json\/wp\/v2\/users\/2793"}],"replies":[{"embeddable":true,"href":"https:\/\/sociaisaplicadas.ufpr.br\/coordeco\/wp-json\/wp\/v2\/comments?post=330"}],"version-history":[{"count":37,"href":"https:\/\/sociaisaplicadas.ufpr.br\/coordeco\/wp-json\/wp\/v2\/pages\/330\/revisions"}],"predecessor-version":[{"id":3390,"href":"https:\/\/sociaisaplicadas.ufpr.br\/coordeco\/wp-json\/wp\/v2\/pages\/330\/revisions\/3390"}],"up":[{"embeddable":true,"href":"https:\/\/sociaisaplicadas.ufpr.br\/coordeco\/wp-json\/wp\/v2\/pages\/225"}],"wp:attachment":[{"href":"https:\/\/sociaisaplicadas.ufpr.br\/coordeco\/wp-json\/wp\/v2\/media?parent=330"}],"curies":[{"name":"wp","href":"https:\/\/api.w.org\/{rel}","templated":true}]}}

<h5 class="wp-block-heading">Coordenação</h5>



<div class="wp-block-columns is-layout-flex wp-container-core-columns-is-layout-1 wp-block-columns-is-layout-flex">
<div class="wp-block-column is-layout-flow wp-block-column-is-layout-flow" style="flex-basis:100%">
<p>Prof.&nbsp; Victor Rodrigues de Oliveira (Coordenador) Contato: victoroliv.rod@ufpr.br</p>



<p>Prof.ª&nbsp; Maríndia Brites (Vice-Coordenadora) Contato: marindia.brites@ufpr.br</p>
</div>
</div>



<h5 class="wp-block-heading">Secretaria da Coordenação</h5>



<p></p>



<p>CAMILA PASQUINI DE SOUZA<br>LUCAS LOPES SOARES<br></p>



<p>Contato: coordeco@ufpr.br<br>Fone: (41) 3360-4356 (os telefones do Setor apresentam defeito com constância)</p>



<p></p>



<p></p>



<p></p>



<p></p>

<p>Coordenação Prof.&nbsp; Victor Rodrigues de Oliveira (Coordenador) Contato: victoroliv.rod@ufpr.br Prof.ª&nbsp; Maríndia Brites (Vice-Coordenadora) Contato: marindia.brites@ufpr.br Secretaria da Coordenação CAMILA PASQUINI DE SOUZALUCAS LOPES SOARES Contato: coordeco@ufpr.brFone: (41) 3360-4356 (os telefones do Setor apresentam defeito com constância)</p>
