{"id":813,"date":"2019-07-30T16:52:49","date_gmt":"2019-07-30T19:52:49","guid":{"rendered":"https:\/\/sociaisaplicadas.ufpr.br\/coordeco\/?page_id=813"},"modified":"2026-02-24T11:05:34","modified_gmt":"2026-02-24T14:05:34","slug":"estagios","status":"publish","type":"page","link":"https:\/\/sociaisaplicadas.ufpr.br\/coordeco\/estagios\/","title":{"rendered":"Est\u00e1gios"},"content":{"rendered":"<h2 data-start=\"159\" data-end=\"211\">AVISOS IMPORTANTES \u2013 EST\u00c1GIOS (COE \/ COORDENA\u00c7\u00c3O)<\/h2>\n<h3 data-start=\"1310\" data-end=\"1332\">M\u00eas de fevereiro<\/h3>\n<p data-start=\"1333\" data-end=\"1488\"><strong data-start=\"1333\" data-end=\"1351\">Fevereiro\/2026<\/strong><br data-start=\"1351\" data-end=\"1354\" \/>Em fun\u00e7\u00e3o do <strong data-start=\"1367\" data-end=\"1391\">ajuste de matr\u00edculas<\/strong>, recomenda-se evitar o envio de documenta\u00e7\u00e3o de est\u00e1gios, devido \u00e0 <strong data-start=\"1459\" data-end=\"1487\">alta demanda de trabalho<\/strong>.<\/p>\n<hr \/>\n<h5><span style=\"font-size: 18pt\">Orienta\u00e7\u00f5es para submiss\u00e3o de pedidos de est\u00e1gios<\/span><\/h5>\n<ul>\n<li>A documenta\u00e7\u00e3o deve ser encaminhada <strong>com anteced\u00eancia m\u00ednima de 15 dias \u00fateis pr\u00e9vios \u00e0 data de in\u00edcio das atividades de est\u00e1gio que constar no contrato\/aditivo<\/strong>.<\/li>\n<li>O envio da documenta\u00e7\u00e3o para an\u00e1lise da Comiss\u00e3o Orientadora de Est\u00e1gio (COE) poder\u00e1 ocorrer, <strong>no m\u00e1ximo<\/strong>, at\u00e9 \u00e0s <span style=\"color: #ff0000\">17 horas de toda ter\u00e7a-feira<\/span> que anteceder o calend\u00e1rio de an\u00e1lise de est\u00e1gios pela COE. Ou seja, contratos recebidos at\u00e9 as 17 h de ter\u00e7a-feira s\u00e3o analisados no dia seguinte. Contratos recebidos depois da ter\u00e7a (17h00) ou depois ser\u00e3o analisados somente na pr\u00f3xima quarta-feira.<\/li>\n<li>Em todo novo contrato de est\u00e1gio \/ aditivo \/ rescis\u00f5es \/ relat\u00f3rios que foram intermediados por Agentes\/Ag\u00eancias de Est\u00e1gio\/intermediadoras dever\u00e3o ter, tamb\u00e9m, a assinatura por parte do Agente\/Ag\u00eancia de Est\u00e1gio respons\u00e1vel.\n<ul>\n<li>Relat\u00f3rios, aditivos e rescis\u00f5es dever\u00e3o ser emitidos pela Intermediadora que fez o contrato original.<\/li>\n<\/ul>\n<\/li>\n<li>A\u202fdocumenta\u00e7\u00e3o, devidamente assinada pelo(a) estudante e pela empresa concedente, deve ser enviada para\u202f<strong>coordeco@ufpr.br<\/strong>.<\/li>\n<li>O t\u00edtulo do e-mail enviado deve ser obrigatoriamente <strong>EST\u00c1GIO. <span style=\"color: #ff0000\">Nunca enviar solicita\u00e7\u00f5es de est\u00e1gio como resposta em emails de outros assuntos.<\/span><\/strong><\/li>\n<li>As assinaturas pela empresa e pelo aluno poder\u00e3o ser eletr\u00f4nicas, caso tenha algum m\u00e9todo de autentificar\u00e3o digital que a COE ou Coordena\u00e7\u00e3o achem v\u00e1lidas.<\/li>\n<li><strong>Todos os documentos devem ser encaminhados em pdf\u00a0 <span style=\"color: #ff0000\">\u00fanico<\/span> leg\u00edvel. No nome do arquivo n\u00e3o utilizar caracteres especiais, tais como: cedilha (\u00e7), asterisco (*), par\u00eanteses ( ), colchetes [ ], percentual (%), acentos etc. Se for necess\u00e1rio, utilizar o h\u00edfen (-) para separar mais de um nome<\/strong>.<\/li>\n<li>\u00e9 poss\u00edvel juntar arquivos PDFs em sites como:\u00a0<a href=\"https:\/\/www.ilovepdf.com\/pt\/juntar_pdf\" target=\"_blank\" rel=\"noopener\">ILOVEPDF<\/a>\u00a0,\u00a0<a href=\"https:\/\/smallpdf.com\/pt\/juntar-pdf\" target=\"_blank\" rel=\"noopener\">SMALLPDF<\/a>,\u00a0<a href=\"https:\/\/combinepdf.com\/pt\/\" target=\"_blank\" rel=\"noopener\">COMBINEPDF<\/a>, entre outros links que tem a fun\u00e7\u00e3o dispon\u00edvel ou em Programa espec\u00edfico.<\/li>\n<li>S\u00f3 ser\u00e1 aberto processo interno e a documenta\u00e7\u00e3o encaminhada para an\u00e1lise da COE\/COAFE se a documenta\u00e7\u00e3o estiver completa.<\/li>\n<li><strong>Est\u00e1gios cujos hor\u00e1rios de atividades coincidam com o turno original de matr\u00edcula do(a) estudante<\/strong> <strong>n\u00e3o ser\u00e3o deferidos pela COE<\/strong>.<\/li>\n<li>Realiza\u00e7\u00e3o de est\u00e1gios TOTALMENTE remotos: ser\u00e3o permitidos quando constar, no contrato\/aditivo, que o est\u00e1gio \u00e9 totalmente remoto, e em casos em que a empresa fica fora de Curitiba e RMC. Contudo, os hor\u00e1rios de atividades a serem cumpridos no est\u00e1gio <strong>n\u00e3o podem, nunca, coincidir com o turno original de cada estudante.<\/strong><\/li>\n<li>O regulamento de est\u00e1gios continuar\u00e1 a ser seguido pela COE.<\/li>\n<li>Ap\u00f3s an\u00e1lise da COE, <strong>somente nas <span style=\"color: #000000\">quartas-feiras<\/span><\/strong><span style=\"color: #000000\">,<\/span> o processo \u00e9 encaminhado para a COAFE\/Unidade de Est\u00e1gios, a depender do encaminhamento interno, pode ficar pronto\u00a0<span style=\"color: #ff0000\">na quinta-feira at\u00e9 a segunda-feira da outra semana<\/span>, pois podem ocorrem atrasos nas assinaturas nos despachos necess\u00e1rios. O processo poder\u00e1 levar at\u00e9 3 dias \u00fateis para ser despachado de volta pela COAFE devido \u00e0 grande demanda de processos que chegam para an\u00e1lise na Unidade de Est\u00e1gios.<\/li>\n<li>O(A) estudante deve guardar toda documenta\u00e7\u00e3o enviada e recebida referente ao processo de est\u00e1gio.<\/li>\n<\/ul>\n<p><span style=\"font-size: 14pt;color: #ff0000\"><strong>ATEN\u00c7\u00c3O: a Coordena\u00e7\u00e3o do Curso sempre providenciar\u00e1 a assinatura do(a) docente que ser\u00e1 o(a) orientador(a) das atividades de est\u00e1gio.<\/strong><\/span><\/p>\n<p>Consulte o regulamento de Est\u00e1gios do Curso de Ci\u00eancias Econ\u00f4micas: <span style=\"color: #3366ff\"><strong><a style=\"color: #3366ff\" href=\"https:\/\/sociaisaplicadas.ufpr.br\/coordeco\/wp-content\/uploads\/sites\/9\/2022\/09\/ANEXO-IV-REGULAMENTO-DE-EST\u00c1GIO-NAO-OBRIGAT\u00d3RIO-31.08.2022-1.doc\">ANEXO IV \u2013 REGULAMENTO DE EST\u00c1GIO N\u00c3O OBRIGAT\u00d3RIO<\/a><\/strong><\/span><\/p>\n<p><span style=\"color: #ffffff\">.<\/span><\/p>\n<h2><\/h2>\n<h2><span style=\"font-size: 14pt;color: #000000\"><b>Roteiro para Submiss\u00e3o de Solicita\u00e7\u00f5es <\/b><\/span><\/h2>\n<h5><b style=\"color: revert;font-size: revert\">Novo Contrato<\/b><\/h5>\n<p>Dever\u00e1 encaminhar:<\/p>\n<p><strong>1.<\/strong> \u202f<b>Termo de Compromisso<\/b>:\u00a0Se\u00a0o Termo\u00a0<strong>n\u00e3o foi emitido<\/strong>\u00a0pelo CIEE\u00a0(ou outra ag\u00eancia de est\u00e1gios),\u00a0ou\u00a0se\u00a0a empresa\u00a0concedente\u00a0<strong>n\u00e3o\u00a0possuir\u00a0modelo de contrato<\/strong>, voc\u00ea poder\u00e1 utilizar o modelo de termo de compromisso que consta no link a seguir. O termo deve vir assinado por voc\u00ea, pelo supervisor do est\u00e1gio e pelo(a) respons\u00e1vel pela empresa: <a href=\"http:\/\/www.prograd.ufpr.br\/estagio\/formularios\/\">Est\u00e1gio UFPR<\/a><\/p>\n<p>O termo deve ser enviado com\u00a0a\u00a0assinatura do(a) respons\u00e1vel pela empresa e\u00a0pelo(a) estudante;<\/p>\n<p><b>2. Compromisso de Orienta\u00e7\u00e3o<\/b><b>.\u00a0<\/b>O\u00a0formul\u00e1rio pode ser acessado neste link\u00a0a seguir e ser assinado pelo(a) estudante: <a href=\"https:\/\/sociaisaplicadas.ufpr.br\/coordeco\/wp-content\/uploads\/sites\/9\/2021\/05\/FORMUL%C3%81RIO-COMPROMISSO-DE-ORIENTA%C3%87%C3%83O-DE-EST%C3%81GIO-MODIFICADO-EM-18.05.2021.pdf\" target=\"_blank\" rel=\"noopener\">https:\/\/sociaisaplicadas.ufpr.br\/coordeco\/formularios\/<\/a><\/p>\n<p><b>3. Declara\u00e7\u00e3o de Ci\u00eancia<\/b><b>, <\/b>por parte do(a) estudante,\u00a0sobre a necessidade de se entregar o\u00a0Relat\u00f3rio de\u00a0Atividades desenvolvidas no est\u00e1gio a cada seis meses: <a href=\"https:\/\/sociaisaplicadas.ufpr.br\/coordeco\/formularios\/declaracao-entrega-de-relatorio-de-estagios\/\">https:\/\/sociaisaplicadas.ufpr.br\/coordeco\/formularios\/declaracao-entrega-de-relatorio-de-estagios\/<\/a><\/p>\n<p><strong>4.<\/strong> \u202f<b>Hist\u00f3rico escolar IRA<\/b>: dispon\u00edvel no SIGA<\/p>\n<p><strong>5.<\/strong> <b>Hist\u00f3rico escolar Integraliza\u00e7\u00e3o Curricular<\/b>: dispon\u00edvel no SIGA<\/p>\n<p><b>6. Declara\u00e7\u00e3o de experi\u00eancia<\/b><b>.\u00a0<\/b>Se o(a)\u00a0supervisor(a) na empresa\u00a0n\u00e3o for formado(a)\u00a0em Ci\u00eancias Econ\u00f4micas\u00a0voc\u00ea dever\u00e1 providenciar, junto \u00e0\u00a0empresa,\u00a0uma declara\u00e7\u00e3o de experi\u00eancia\u00a0assinada\u00a0pelo(a) supervisor(a) na empresa,\u00a0conforme este modelo:\u00a0<a href=\"http:\/\/www.prograd.ufpr.br\/estagio\/formularios\/\">Est\u00e1gio UFPR<\/a><\/p>\n<p><strong>7. Plano de estudos.<\/strong> Somente discentes com carga hor\u00e1ria vencida superior a 2000 horas devem preencher, para o semestre atual e para cada semestre que falta para concluir o curso: <a href=\"https:\/\/sociaisaplicadas.ufpr.br\/coordeco\/wp-content\/uploads\/sites\/9\/2017\/07\/PLANO-DE-ESTUDOS-COE.pdf\">https:\/\/sociaisaplicadas.ufpr.br\/coordeco\/wp-content\/uploads\/sites\/9\/2017\/07\/PLANO-DE-ESTUDOS-COE.pdf<\/a><\/p>\n<p><span style=\"color: #ffffff\">.<\/span><\/p>\n<h5><b>Termo Aditivo<\/b><\/h5>\n<p>Dever\u00e1 encaminhar:<\/p>\n<p><b>1. Termo de <\/b><b>Aditivo<\/b>: Se o Termo n\u00e3o foi emitido pelo CIEE (ou outra ag\u00eancia de est\u00e1gios), ou se a empresa concedente n\u00e3o possuir modelo de contrato, voc\u00ea poder\u00e1 utilizar o modelo de termo de compromisso que consta no link a seguir. O termo deve vir assinado por voc\u00ea, pelo supervisor do est\u00e1gio e pelo(a) respons\u00e1vel pela empresa: <a href=\"http:\/\/www.prograd.ufpr.br\/estagio\/formularios\/\">Est\u00e1gio UFPR<\/a><\/p>\n<p><strong>2.<\/strong> <b>Compromisso de Orienta\u00e7\u00e3o<\/b><b>.\u00a0<\/b>O formul\u00e1rio pode ser acessado neste link a seguir e ser assinado pelo(a) estudante: <a href=\"https:\/\/sociaisaplicadas.ufpr.br\/coordeco\/formularios\/\">https:\/\/sociaisaplicadas.ufpr.br\/coordeco\/formularios\/<\/a><\/p>\n<p><b>3. Declara\u00e7\u00e3o de Ci\u00eancia<\/b><b>, <\/b>por parte do(a) estudante, sobre a necessidade de se entregar o Relat\u00f3rio de Atividades desenvolvidas no est\u00e1gio a cada seis meses: <a href=\"https:\/\/sociaisaplicadas.ufpr.br\/coordeco\/formularios\/declaracao-entrega-de-relatorio-de-estagios\/\">https:\/\/sociaisaplicadas.ufpr.br\/coordeco\/formularios\/declaracao-entrega-de-relatorio-de-estagios\/<\/a><\/p>\n<p><strong>4.<\/strong> \u202f<b>Hist\u00f3rico escolar IRA<\/b>: dispon\u00edvel no SIGA<\/p>\n<p><strong>5.<\/strong> <b>Hist\u00f3rico escolar Integraliza\u00e7\u00e3o Curricular<\/b>: dispon\u00edvel no SIGA<\/p>\n<p><b>6. Relat\u00f3rio de est\u00e1gio:<\/b>\u202fSe a empresa n\u00e3o possuir um modelo de relat\u00f3rio, voc\u00ea poder\u00e1 utilizar o modelo presente no link a seguir. O formul\u00e1rio precisa vir assinado por voc\u00ea e pelo(a) supervisor(a) na empresa. Caso o(a) supervisor(a) que assinou seu contrato inicial tenha sido alterado(a) ou sa\u00eddo da empresa, voc\u00ea dever\u00e1 pedir \u00e0 empresa um aditivo com a troca de supervisor atestando esse fato e indicando quem passou a ser o supervisor(a). Acesse o modelo de formul\u00e1rio:\u00a0<a href=\"http:\/\/www.prograd.ufpr.br\/estagio\/formularios\/\">Est\u00e1gio UFPR<\/a><\/p>\n<p><b>7. Declara\u00e7\u00e3o de experi\u00eancia<\/b><b>.\u00a0<\/b>Se o(a)\u00a0supervisor(a) na empresa\u00a0n\u00e3o for formado(a)\u00a0em Ci\u00eancias Econ\u00f4micas\u00a0voc\u00ea dever\u00e1 providenciar, junto \u00e0\u00a0empresa,\u00a0uma declara\u00e7\u00e3o de experi\u00eancia\u00a0assinada\u00a0pelo(a) supervisor(a) na empresa,\u00a0conforme este modelo:\u00a0<a href=\"http:\/\/www.prograd.ufpr.br\/estagio\/formularios\/\">Est\u00e1gio UFPR<\/a><\/p>\n<p><strong>8. Plano de estudos.<\/strong> Somente discentes com carga hor\u00e1ria vencida superior a 2000 horas devem preencher, para o semestre atual e para cada semestre que falta para concluir o curso: <a href=\"https:\/\/sociaisaplicadas.ufpr.br\/coordeco\/wp-content\/uploads\/sites\/9\/2017\/07\/PLANO-DE-ESTUDOS-COE.pdf\">https:\/\/sociaisaplicadas.ufpr.br\/coordeco\/wp-content\/uploads\/sites\/9\/2017\/07\/PLANO-DE-ESTUDOS-COE.pdf<\/a><\/p>\n<p><span style=\"color: #ffffff\">.<\/span><\/p>\n<h5><b>Rescis\u00e3o<\/b><\/h5>\n<p>*** S\u00f3 deve ser encaminhado termo de rescis\u00e3o para registro da Coordena\u00e7\u00e3o do Curso no caso de est\u00e1gios que terminaram antes da data final prevista no contrato.<\/p>\n<p>Dever\u00e1 encaminhar:<\/p>\n<p><b>1. Termo de <\/b><b>Rescis\u00e3o<\/b>: Se o Termo n\u00e3o foi emitido pelo CIEE (ou outra ag\u00eancia de est\u00e1gios), ou se a empresa concedente n\u00e3o possuir modelo de contrato, voc\u00ea poder\u00e1 utilizar o modelo de termo de compromisso que consta no link a seguir. O termo deve vir assinado por voc\u00ea, pelo supervisor do est\u00e1gio e pelo(a) respons\u00e1vel pela empresa: <a href=\"http:\/\/www.prograd.ufpr.br\/estagio\/formularios\/\">Est\u00e1gio UFPR<\/a><\/p>\n<p><strong>2.<\/strong> <b>Relat\u00f3rio de est\u00e1gio:<\/b>\u202fSe a empresa n\u00e3o possuir um modelo de relat\u00f3rio, voc\u00ea poder\u00e1 utilizar o modelo presente no link a seguir. O formul\u00e1rio precisa vir assinado por voc\u00ea e pelo(a) supervisor(a) na empresa. Caso o(a) supervisor(a) que assinou seu contrato inicial tenha sido alterado(a) ou sa\u00eddo da empresa, voc\u00ea dever\u00e1 pedir \u00e0 empresa um aditivo com a troca de supervisor ou uma declara\u00e7\u00e3o atestando esse fato e indicando quem passou a ser o supervisor(a). Acesse o modelo de formul\u00e1rio: <a href=\"http:\/\/www.prograd.ufpr.br\/estagio\/formularios\/\">Est\u00e1gio UFPR<\/a><\/p>\n<p><strong>3.<\/strong> <b>Ficha de avalia\u00e7\u00e3o de est\u00e1gio<\/b>: Se a empresa n\u00e3o possuir um modelo de ficha de avalia\u00e7\u00e3o dos est\u00e1gios, voc\u00ea poder\u00e1 utilizar o modelo presente no link a seguir. O documento dever\u00e1 vir assinado por voc\u00ea e pelo(a) supervisor(a) na empresa. Caso o(a) supervisor(a) que assinou seu contrato inicial tenha sido alterado(a) ou sa\u00eddo da empresa, voc\u00ea dever\u00e1 pedir \u00e0 empresa um aditivo com a troca de supervisor uma declara\u00e7\u00e3o atestando esse fato e indicando quem passou a ser o supervisor(a). Acesse o modelo de formul\u00e1rio:\u00a0<a href=\"http:\/\/www.prograd.ufpr.br\/estagio\/formularios\/\">Est\u00e1gio UFPR<\/a><\/p>\n<p><span style=\"color: #ffffff\">.<\/span><\/p>\n<h5><b>Relat\u00f3rio Semestral ou Relat\u00f3rio Final de Est\u00e1gio<\/b><\/h5>\n<h4><span style=\"text-decoration: underline\"><span style=\"color: #000000;text-decoration: underline\">Para relat\u00f3rios semestrais dever\u00e1 encaminhar:<\/span><\/span><\/h4>\n<p><span style=\"color: #000000\"><strong>1.<\/strong><b>Relat\u00f3rio de est\u00e1gio: <\/b><\/span>Se a empresa n\u00e3o possuir um modelo de relat\u00f3rio, voc\u00ea poder\u00e1 utilizar o modelo presente no link a seguir. O formul\u00e1rio precisa vir assinado por voc\u00ea e pelo(a) supervisor(a) na empresa. Caso o(a) supervisor(a) que assinou seu contrato inicial tenha sido alterado(a) ou sa\u00eddo da empresa, voc\u00ea dever\u00e1 pedir \u00e0 empresa um aditivo com a troca de supervisor. Acesse o modelo de formul\u00e1rio: <span style=\"color: #000000\"><a href=\"http:\/\/www.prograd.ufpr.br\/estagio\/formularios\/\">Est\u00e1gio UFPR<\/a><\/span><\/p>\n<h4><span style=\"text-decoration: underline\"><span style=\"color: #000000;text-decoration: underline\">Para relat\u00f3rios de est\u00e1gios que terminaram dentro do prazo do contrato:<\/span><\/span><\/h4>\n<p><span style=\"color: #000000\"><strong>1.<\/strong><b>Relat\u00f3rio de est\u00e1gio: <\/b><\/span>Se a empresa n\u00e3o possuir um modelo de relat\u00f3rio, voc\u00ea poder\u00e1 utilizar o modelo presente no link a seguir. O formul\u00e1rio precisa vir assinado por voc\u00ea e pelo(a) supervisor(a) na empresa. Caso o(a) supervisor(a) que assinou seu contrato inicial tenha sido alterado(a) ou sa\u00eddo da empresa, voc\u00ea dever\u00e1 pedir \u00e0 empresa um aditivo com a troca de supervisor ou uma declara\u00e7\u00e3o atestando esse fato e indicando quem passou a ser o supervisor(a). Acesse o modelo de formul\u00e1rio: <span style=\"color: #000000\"><a href=\"http:\/\/www.prograd.ufpr.br\/estagio\/formularios\/\">Est\u00e1gio UFPR<\/a><\/span><\/p>\n<p><span style=\"color: #000000\"><strong>2.<\/strong><b>Ficha de avalia\u00e7\u00e3o de est\u00e1gio<\/b>:\u00a0<\/span>Se a empresa n\u00e3o\u00a0possuir um\u00a0modelo de\u00a0ficha de avalia\u00e7\u00e3o dos est\u00e1gios, voc\u00ea\u00a0poder\u00e1 utilizar o modelo presente no link a seguir.\u00a0O documento dever\u00e1 vir assinado por voc\u00ea e pelo(a) supervisor(a) na empresa.\u00a0Caso o(a) supervisor(a) que assinou seu contrato inicial tenha sido alterado(a) ou sa\u00eddo da empresa, voc\u00ea dever\u00e1 pedir \u00e0 empresa um aditivo com a troca de supervisor ou uma declara\u00e7\u00e3o atestando esse fato e indicando quem passou a ser o supervisor(a). Acesse o modelo de formul\u00e1rio: <span style=\"color: #000000\"><a href=\"http:\/\/www.prograd.ufpr.br\/estagio\/formularios\/\">Est\u00e1gio UFPR<\/a><\/span><\/p>\n","protected":false},"excerpt":{"rendered":"<p>AVISOS IMPORTANTES \u2013 EST\u00c1GIOS (COE \/ COORDENA\u00c7\u00c3O) M\u00eas de fevereiro Fevereiro\/2026Em fun\u00e7\u00e3o do ajuste de matr\u00edculas, recomenda-se evitar o envio de documenta\u00e7\u00e3o de est\u00e1gios, devido \u00e0 alta demanda de trabalho. Orienta\u00e7\u00f5es para submiss\u00e3o de pedidos de est\u00e1gios A documenta\u00e7\u00e3o deve ser encaminhada com anteced\u00eancia m\u00ednima de 15 dias \u00fateis pr\u00e9vios \u00e0 data de in\u00edcio das [&hellip;]<\/p>\n","protected":false},"author":2793,"featured_media":0,"parent":0,"menu_order":0,"comment_status":"closed","ping_status":"closed","template":"","meta":{"footnotes":""},"class_list":["post-813","page","type-page","status-publish","hentry"],"_links":{"self":[{"href":"https:\/\/sociaisaplicadas.ufpr.br\/coordeco\/wp-json\/wp\/v2\/pages\/813","targetHints":{"allow":["GET"]}}],"collection":[{"href":"https:\/\/sociaisaplicadas.ufpr.br\/coordeco\/wp-json\/wp\/v2\/pages"}],"about":[{"href":"https:\/\/sociaisaplicadas.ufpr.br\/coordeco\/wp-json\/wp\/v2\/types\/page"}],"author":[{"embeddable":true,"href":"https:\/\/sociaisaplicadas.ufpr.br\/coordeco\/wp-json\/wp\/v2\/users\/2793"}],"replies":[{"embeddable":true,"href":"https:\/\/sociaisaplicadas.ufpr.br\/coordeco\/wp-json\/wp\/v2\/comments?post=813"}],"version-history":[{"count":108,"href":"https:\/\/sociaisaplicadas.ufpr.br\/coordeco\/wp-json\/wp\/v2\/pages\/813\/revisions"}],"predecessor-version":[{"id":3481,"href":"https:\/\/sociaisaplicadas.ufpr.br\/coordeco\/wp-json\/wp\/v2\/pages\/813\/revisions\/3481"}],"wp:attachment":[{"href":"https:\/\/sociaisaplicadas.ufpr.br\/coordeco\/wp-json\/wp\/v2\/media?parent=813"}],"curies":[{"name":"wp","href":"https:\/\/api.w.org\/{rel}","templated":true}]}}