{"id":13903,"date":"2026-07-20T15:15:36","date_gmt":"2026-07-20T18:15:36","guid":{"rendered":"https:\/\/sociaisaplicadas.ufpr.br\/decigi\/?page_id=13903"},"modified":"2026-09-01T11:50:22","modified_gmt":"2026-09-01T14:50:22","slug":"transparencia","status":"publish","type":"page","link":"https:\/\/sociaisaplicadas.ufpr.br\/decigi\/transparencia\/","title":{"rendered":"Transparencia"},"content":{"rendered":"\n<div class=\"wp-block-group decigi-pagina-topo\"><div class=\"wp-block-group__inner-container is-layout-constrained wp-block-group-is-layout-constrained\">\n<p class=\"decigi-trilha\"><a href=\"https:\/\/sociaisaplicadas.ufpr.br\/decigi\/\">In\u00edcio <\/a>\/ <a href=\"https:\/\/sociaisaplicadas.ufpr.br\/decigi\/transparencia\">Transpar\u00eancia<\/a><\/p>\n\n\n\n<h1 class=\"wp-block-heading\">Transpar\u00eancia<\/h1>\n\n\n\n<p>Documentos, normas e informa\u00e7\u00f5es institucionais do Departamento<\/p>\n<\/div><\/div>\n\n\n\n<div class=\"wp-block-group decigi-topicos-grade\"><div class=\"wp-block-group__inner-container is-layout-constrained wp-block-group-is-layout-constrained\">\n<h2 class=\"wp-block-heading\">Encontre o que precisa<\/h2>\n\n\n\n<p>Acesse documentos, normas e informa\u00e7\u00f5es institucionais do Departamento, organizados por categoria para facilitar a consulta.<\/p>\n\n\n\n<div class=\"wp-block-columns is-layout-flex wp-container-core-columns-is-layout-1 wp-block-columns-is-layout-flex\">\n<div class=\"wp-block-column is-layout-flow wp-block-column-is-layout-flow\">\n<div class=\"wp-block-group decigi-card\"><div class=\"wp-block-group__inner-container is-layout-constrained wp-block-group-is-layout-constrained\">\n<p>01<\/p>\n\n\n\n<h3 class=\"wp-block-heading\">Editais<\/h3>\n\n\n\n<p>Consulte sele\u00e7\u00f5es, oportunidades e processos seletivos promovidos pelo DECIGI.<\/p>\n\n\n\n<a class=\"decigi-card-link\" href=\"https:\/\/sociaisaplicadas.ufpr.br\/decigi\/transparencia\/editais\/\" aria-label=\"Abrir\"><\/a>\n<\/div><\/div>\n<\/div>\n\n\n\n<div class=\"wp-block-column is-layout-flow wp-block-column-is-layout-flow\">\n<div class=\"wp-block-group decigi-card\"><div class=\"wp-block-group__inner-container is-layout-constrained wp-block-group-is-layout-constrained\">\n<p>02<\/p>\n\n\n\n<h3 class=\"wp-block-heading\">Resolu\u00e7\u00f5es<\/h3>\n\n\n\n<p>Consulte normas e delibera\u00e7\u00f5es aplic\u00e1veis \u00e0s atividades do Departamento.<\/p>\n\n\n\n<a class=\"decigi-card-link\" href=\"https:\/\/sociaisaplicadas.ufpr.br\/decigi\/transparencia\/resolucoes\/\" aria-label=\"Abrir\"><\/a>\n<\/div><\/div>\n<\/div>\n\n\n\n<div class=\"wp-block-column is-layout-flow wp-block-column-is-layout-flow\">\n<div class=\"wp-block-group decigi-card\"><div class=\"wp-block-group__inner-container is-layout-constrained wp-block-group-is-layout-constrained\">\n<p>03<\/p>\n\n\n\n<h3 class=\"wp-block-heading\">Fun\u00e7\u00f5es, Comiss\u00f5es e Representa\u00e7\u00f5es<\/h3>\n\n\n\n<p>Consulte composi\u00e7\u00f5es, mandatos, atribui\u00e7\u00f5es e atos de designa\u00e7\u00e3o referentes ao DECIGI.<\/p>\n\n\n\n<a class=\"decigi-card-link\" href=\"https:\/\/sociaisaplicadas.ufpr.br\/decigi\/transparencia\/funcoes\/\" aria-label=\"Abrir\"><\/a>\n<\/div><\/div>\n<\/div>\n\n\n\n<div class=\"wp-block-column is-layout-flow wp-block-column-is-layout-flow\">\n<div class=\"wp-block-group decigi-card\"><div class=\"wp-block-group__inner-container is-layout-constrained wp-block-group-is-layout-constrained\">\n<p>04<\/p>\n\n\n\n<h3 class=\"wp-block-heading\">Atas de reuni\u00f5es <\/h3>\n\n\n\n<p>Consulte os registros das reuni\u00f5es da Plen\u00e1ria Departamental.<\/p>\n\n\n\n<a class=\"decigi-card-link\" href=\"https:\/\/sociaisaplicadas.ufpr.br\/decigi\/transparencia\/atas\/\" aria-label=\"Abrir\"><\/a>\n<\/div><\/div>\n<\/div>\n<\/div>\n<\/div><\/div>\n","protected":false},"excerpt":{"rendered":"<p>In\u00edcio \/ Transpar\u00eancia Transpar\u00eancia Documentos, normas e informa\u00e7\u00f5es institucionais do Departamento Encontre o que precisa Acesse documentos, normas e informa\u00e7\u00f5es institucionais do Departamento, organizados por categoria para facilitar a consulta. 01 Editais Consulte sele\u00e7\u00f5es, oportunidades e processos seletivos promovidos pelo DECIGI. 02 Resolu\u00e7\u00f5es Consulte normas e delibera\u00e7\u00f5es aplic\u00e1veis \u00e0s atividades do Departamento. 03 Fun\u00e7\u00f5es, Comiss\u00f5es [&hellip;]<\/p>\n","protected":false},"author":2858,"featured_media":0,"parent":0,"menu_order":0,"comment_status":"closed","ping_status":"closed","template":"","meta":{"_acf_changed":false,"footnotes":""},"class_list":["post-13903","page","type-page","status-publish","hentry"],"acf":[],"_links":{"self":[{"href":"https:\/\/sociaisaplicadas.ufpr.br\/decigi\/wp-json\/wp\/v2\/pages\/13903","targetHints":{"allow":["GET"]}}],"collection":[{"href":"https:\/\/sociaisaplicadas.ufpr.br\/decigi\/wp-json\/wp\/v2\/pages"}],"about":[{"href":"https:\/\/sociaisaplicadas.ufpr.br\/decigi\/wp-json\/wp\/v2\/types\/page"}],"author":[{"embeddable":true,"href":"https:\/\/sociaisaplicadas.ufpr.br\/decigi\/wp-json\/wp\/v2\/users\/2858"}],"replies":[{"embeddable":true,"href":"https:\/\/sociaisaplicadas.ufpr.br\/decigi\/wp-json\/wp\/v2\/comments?post=13903"}],"version-history":[{"count":18,"href":"https:\/\/sociaisaplicadas.ufpr.br\/decigi\/wp-json\/wp\/v2\/pages\/13903\/revisions"}],"predecessor-version":[{"id":15579,"href":"https:\/\/sociaisaplicadas.ufpr.br\/decigi\/wp-json\/wp\/v2\/pages\/13903\/revisions\/15579"}],"wp:attachment":[{"href":"https:\/\/sociaisaplicadas.ufpr.br\/decigi\/wp-json\/wp\/v2\/media?parent=13903"}],"curies":[{"name":"wp","href":"https:\/\/api.w.org\/{rel}","templated":true}]}}

<div class="wp-block-group decigi-pagina-topo"><div class="wp-block-group__inner-container is-layout-constrained wp-block-group-is-layout-constrained">
<p class="decigi-trilha"><a href="https://sociaisaplicadas.ufpr.br/decigi/">Início </a>/ <a href="https://sociaisaplicadas.ufpr.br/decigi/transparencia">Transparência</a></p>



<h1 class="wp-block-heading">Transparência</h1>



<p>Documentos, normas e informações institucionais do Departamento</p>
</div></div>



<div class="wp-block-group decigi-topicos-grade"><div class="wp-block-group__inner-container is-layout-constrained wp-block-group-is-layout-constrained">
<h2 class="wp-block-heading">Encontre o que precisa</h2>



<p>Acesse documentos, normas e informações institucionais do Departamento, organizados por categoria para facilitar a consulta.</p>



<div class="wp-block-columns is-layout-flex wp-container-core-columns-is-layout-1 wp-block-columns-is-layout-flex">
<div class="wp-block-column is-layout-flow wp-block-column-is-layout-flow">
<div class="wp-block-group decigi-card"><div class="wp-block-group__inner-container is-layout-constrained wp-block-group-is-layout-constrained">
<p>01</p>



<h3 class="wp-block-heading">Editais</h3>



<p>Consulte seleções, oportunidades e processos seletivos promovidos pelo DECIGI.</p>



<a class="decigi-card-link" href="https://sociaisaplicadas.ufpr.br/decigi/transparencia/editais/" aria-label="Abrir"></a>
</div></div>
</div>



<div class="wp-block-column is-layout-flow wp-block-column-is-layout-flow">
<div class="wp-block-group decigi-card"><div class="wp-block-group__inner-container is-layout-constrained wp-block-group-is-layout-constrained">
<p>02</p>



<h3 class="wp-block-heading">Resoluções</h3>



<p>Consulte normas e deliberações aplicáveis às atividades do Departamento.</p>



<a class="decigi-card-link" href="https://sociaisaplicadas.ufpr.br/decigi/transparencia/resolucoes/" aria-label="Abrir"></a>
</div></div>
</div>



<div class="wp-block-column is-layout-flow wp-block-column-is-layout-flow">
<div class="wp-block-group decigi-card"><div class="wp-block-group__inner-container is-layout-constrained wp-block-group-is-layout-constrained">
<p>03</p>



<h3 class="wp-block-heading">Funções, Comissões e Representações</h3>



<p>Consulte composições, mandatos, atribuições e atos de designação referentes ao DECIGI.</p>



<a class="decigi-card-link" href="https://sociaisaplicadas.ufpr.br/decigi/transparencia/funcoes/" aria-label="Abrir"></a>
</div></div>
</div>



<div class="wp-block-column is-layout-flow wp-block-column-is-layout-flow">
<div class="wp-block-group decigi-card"><div class="wp-block-group__inner-container is-layout-constrained wp-block-group-is-layout-constrained">
<p>04</p>



<h3 class="wp-block-heading">Atas de reuniões </h3>



<p>Consulte os registros das reuniões da Plenária Departamental.</p>



<a class="decigi-card-link" href="https://sociaisaplicadas.ufpr.br/decigi/transparencia/atas/" aria-label="Abrir"></a>
</div></div>
</div>
</div>
</div></div>

<p>Início / Transparência Transparência Documentos, normas e informações institucionais do Departamento Encontre o que precisa Acesse documentos, normas e informações institucionais do Departamento, organizados por categoria para facilitar a consulta. 01 Editais Consulte seleções, oportunidades e processos seletivos promovidos pelo DECIGI. 02 Resoluções Consulte normas e deliberações aplicáveis às atividades do Departamento. 03 Funções, Comissões [&hellip;]</p>
