{"id":14072,"date":"2026-08-10T12:16:02","date_gmt":"2026-08-10T15:16:02","guid":{"rendered":"https:\/\/sociaisaplicadas.ufpr.br\/decigi\/?page_id=14072"},"modified":"2026-08-31T12:05:25","modified_gmt":"2026-08-31T15:05:25","slug":"o-departamento","status":"publish","type":"page","link":"https:\/\/sociaisaplicadas.ufpr.br\/decigi\/o-departamento\/","title":{"rendered":"O Departamento"},"content":{"rendered":"\n<div class=\"wp-block-group decigi-pagina-topo\"><div class=\"wp-block-group__inner-container is-layout-constrained wp-block-group-is-layout-constrained\">\n<p class=\"decigi-trilha\"><a href=\"https:\/\/sociaisaplicadas.ufpr.br\/decigi\/\">In\u00edcio<\/a> \/ <a href=\"https:\/\/sociaisaplicadas.ufpr.br\/decigi\/o-departamento\/\">O Departamento<\/a><\/p>\n\n\n\n<h1 class=\"wp-block-heading\">O Departamento<\/h1>\n\n\n\n<p>Conhe\u00e7a a hist\u00f3ria, as compet\u00eancias, a estrutura e a atua\u00e7\u00e3o institucional do DECIGI<\/p>\n<\/div><\/div>\n\n\n\n<div class=\"wp-block-group decigi-conteudo-lateral\"><div class=\"wp-block-group__inner-container is-layout-constrained wp-block-group-is-layout-constrained\">\n<div class=\"wp-block-columns is-layout-flex wp-container-core-columns-is-layout-2 wp-block-columns-is-layout-flex\">\n<div class=\"wp-block-column is-layout-flow wp-block-column-is-layout-flow\">\n<div class=\"wp-block-group decigi-texto\"><div class=\"wp-block-group__inner-container is-layout-constrained wp-block-group-is-layout-constrained\">\n<h2 class=\"wp-block-heading\" id=\"apresentacao\">Apresenta\u00e7\u00e3o<\/h2>\n\n\n\n<p>O <strong>Departamento de Ci\u00eancia e Gest\u00e3o da Informa\u00e7\u00e3o (DECIGI)<\/strong> da <strong>Universidade Federal do Paran\u00e1 (UFPR)<\/strong> integra o <strong><a href=\"https:\/\/sociaisaplicadas.ufpr.br\/\" target=\"_blank\" rel=\"noreferrer noopener\">Setor de Ci\u00eancias Sociais Aplicadas (SCSA)<\/a><\/strong> e desenvolve atividades de <strong>ensino, pesquisa, extens\u00e3o e gest\u00e3o acad\u00eamica<\/strong> no campo da Ci\u00eancia e Gest\u00e3o da Informa\u00e7\u00e3o.<br><br>Criado em <strong>1999<\/strong>, em substitui\u00e7\u00e3o ao ent\u00e3o <strong>Departamento de Biblioteconomia (DEBI)<\/strong>, o DECIGI esteve inicialmente vinculado ao <a href=\"http:\/\/www.humanas.ufpr.br\/portal\/\" target=\"_blank\" rel=\"noreferrer noopener\">Setor de Ci\u00eancias Humanas, Letras e Artes (SCHLA)<\/a>. Em <strong>2001<\/strong>, passou a integrar o Setor de Ci\u00eancias Sociais Aplicadas, acompanhando a implanta\u00e7\u00e3o do Curso de Gest\u00e3o da Informa\u00e7\u00e3o no Setor.<br><br>De car\u00e1ter interdisciplinar, sua atua\u00e7\u00e3o abrange temas relacionados \u00e0 <strong>informa\u00e7\u00e3o, dados, documentos, tecnologia, conhecimento e organiza\u00e7\u00f5es<\/strong>, contemplando seus processos de produ\u00e7\u00e3o, organiza\u00e7\u00e3o, gest\u00e3o, acesso, uso e preserva\u00e7\u00e3o.<br><br>Ao articular forma\u00e7\u00e3o acad\u00eamica, produ\u00e7\u00e3o de conhecimento e intera\u00e7\u00e3o com a sociedade, o DECIGI contribui para o desenvolvimento da Ci\u00eancia e Gest\u00e3o da Informa\u00e7\u00e3o e para a compreens\u00e3o dos desafios decorrentes das transforma\u00e7\u00f5es informacionais, tecnol\u00f3gicas e organizacionais contempor\u00e2neas.<\/p>\n\n\n\n<h2 class=\"wp-block-heading\" id=\"missao\">Miss\u00e3o<\/h2>\n\n\n\n<p>Promover o <strong>ensino, a pesquisa e a extens\u00e3o de excel\u00eancia em Ci\u00eancia e Gest\u00e3o da Informa\u00e7\u00e3o<\/strong>, formando profissionais qualificados e socialmente comprometidos, produzindo e compartilhando conhecimento e contribuindo para o desenvolvimento cient\u00edfico, tecnol\u00f3gico, institucional, social e econ\u00f4mico.<br><br>No \u00e2mbito de suas atribui\u00e7\u00f5es, o DECIGI busca assegurar uma gest\u00e3o acad\u00eamica e administrativa eficiente, capaz de oferecer as condi\u00e7\u00f5es necess\u00e1rias ao desenvolvimento de suas atividades e ao cumprimento da miss\u00e3o institucional da Universidade.<\/p>\n\n\n\n<h2 class=\"wp-block-heading\" id=\"competencias\">Compet\u00eancias<\/h2>\n\n\n\n<p>Como unidade acad\u00eamica da UFPR, compete ao DECIGI planejar, coordenar e desenvolver as atividades acad\u00eamicas e administrativas sob sua responsabilidade, em conson\u00e2ncia com as normas e objetivos institucionais da Universidade.<br><br>Entre suas principais compet\u00eancias, destacam-se:<\/p>\n\n\n\n<ul class=\"wp-block-list\">\n<li><strong>Ensino:<\/strong> planejar, ofertar e acompanhar as atividades de ensino e os componentes curriculares sob responsabilidade do Departamento;<\/li>\n\n\n\n<li><strong>Pesquisa, extens\u00e3o e inova\u00e7\u00e3o:<\/strong> promover e apoiar projetos e iniciativas que contribuam para a produ\u00e7\u00e3o, aplica\u00e7\u00e3o e compartilhamento do conhecimento;<\/li>\n\n\n\n<li><strong>Gest\u00e3o acad\u00eamica:<\/strong> analisar e deliberar sobre mat\u00e9rias acad\u00eamicas de compet\u00eancia departamental e apoiar o funcionamento dos cursos e demais atividades \u00e0s quais o Departamento est\u00e1 vinculado;<\/li>\n\n\n\n<li><strong>Gest\u00e3o administrativa:<\/strong> organizar e administrar pessoas, infraestrutura, documentos e recursos necess\u00e1rios ao funcionamento da unidade;<\/li>\n\n\n\n<li><strong>Desenvolvimento institucional:<\/strong> colaborar com os cursos, programas, unidades e inst\u00e2ncias da Universidade, contribuindo para o cumprimento das finalidades institucionais da UFPR.<\/li>\n<\/ul>\n\n\n\n<p>As atribui\u00e7\u00f5es dos departamentos acad\u00eamicos da Universidade s\u00e3o estabelecidas pelo <strong><a href=\"https:\/\/proad.ufpr.br\/wp-content\/uploads\/2025\/09\/Reg-Geral-da-UFPR-atualizado-1.pdf\" target=\"_blank\" rel=\"noreferrer noopener\">art. 39 do Regimento Geral da UFPR<\/a><\/strong>, al\u00e9m das demais disposi\u00e7\u00f5es institucionais aplic\u00e1veis.<\/p>\n\n\n\n<h2 class=\"wp-block-heading\" id=\"infraestrutura\">Infraestrutura<\/h2>\n\n\n\n<div class=\"wp-block-group decigi-blocos\"><div class=\"wp-block-group__inner-container is-layout-constrained wp-block-group-is-layout-constrained\">\n<div class=\"wp-block-columns is-layout-flex wp-container-core-columns-is-layout-1 wp-block-columns-is-layout-flex\">\n<div class=\"wp-block-column is-layout-flow wp-block-column-is-layout-flow\">\n<div class=\"wp-block-group decigi-bloco\"><div class=\"wp-block-group__inner-container is-layout-constrained wp-block-group-is-layout-constrained\">\n<h3 class=\"wp-block-heading\">Laborat\u00f3rios<\/h3>\n\n\n\n<p>Espa\u00e7os para ensino, pesquisa, extens\u00e3o e atividades pr\u00e1ticas.<\/p>\n\n\n\n<a class=\"decigi-bloco-link\" href=\"https:\/\/sociaisaplicadas.ufpr.br\/decigi\/o-departamento\/infraestrutura\/\" rel=\"noopener noreferrer\" aria-label=\"Relat\u00f3rio 1\"><\/a>\n<\/div><\/div>\n<\/div>\n\n\n\n<div class=\"wp-block-column is-layout-flow wp-block-column-is-layout-flow\">\n<div class=\"wp-block-group decigi-bloco\"><div class=\"wp-block-group__inner-container is-layout-constrained wp-block-group-is-layout-constrained\">\n<h3 class=\"wp-block-heading\">Ambientes acad\u00eamicos e administrativos<\/h3>\n\n\n\n<p>Espa\u00e7os para atividades acad\u00eamicas, administrativas e atendimento.<\/p>\n\n\n\n<a class=\"decigi-bloco-link\" href=\"https:\/\/sociaisaplicadas.ufpr.br\/decigi\/o-departamento\/infraestrutura\/\" rel=\"noopener noreferrer\" aria-label=\"Relat\u00f3rio 1\"><\/a>\n<\/div><\/div>\n<\/div>\n<\/div>\n<\/div><\/div>\n<\/div><\/div>\n<\/div>\n\n\n\n<div class=\"wp-block-column is-layout-flow wp-block-column-is-layout-flow\">\n<div class=\"wp-block-group decigi-indice\"><div class=\"wp-block-group__inner-container is-layout-constrained wp-block-group-is-layout-constrained\">\n<div class=\"wp-block-buttons is-layout-flex wp-block-buttons-is-layout-flex\">\n<div class=\"wp-block-button\"><a class=\"wp-block-button__link wp-element-button\" href=\"#apresentacao\" rel=\"\">Apresenta\u00e7\u00e3o<\/a><\/div>\n\n\n\n<div class=\"wp-block-button\"><a class=\"wp-block-button__link wp-element-button\" href=\"#missao\">Miss\u00e3o<\/a><\/div>\n\n\n\n<div class=\"wp-block-button\"><a class=\"wp-block-button__link wp-element-button\" href=\"#competencias\">Compet\u00eancias<\/a><\/div>\n\n\n\n<div class=\"wp-block-button\"><a class=\"wp-block-button__link wp-element-button\" href=\"#infraestrutura\">Infraestrutura<\/a><\/div>\n<\/div>\n<\/div><\/div>\n<\/div>\n<\/div>\n<\/div><\/div>\n","protected":false},"excerpt":{"rendered":"<p>In\u00edcio \/ O Departamento O Departamento Conhe\u00e7a a hist\u00f3ria, as compet\u00eancias, a estrutura e a atua\u00e7\u00e3o institucional do DECIGI Apresenta\u00e7\u00e3o O Departamento de Ci\u00eancia e Gest\u00e3o da Informa\u00e7\u00e3o (DECIGI) da Universidade Federal do Paran\u00e1 (UFPR) integra o Setor de Ci\u00eancias Sociais Aplicadas (SCSA) e desenvolve atividades de ensino, pesquisa, extens\u00e3o e gest\u00e3o acad\u00eamica no campo [&hellip;]<\/p>\n","protected":false},"author":2858,"featured_media":0,"parent":0,"menu_order":0,"comment_status":"closed","ping_status":"closed","template":"","meta":{"_acf_changed":false,"footnotes":""},"class_list":["post-14072","page","type-page","status-publish","hentry"],"acf":[],"_links":{"self":[{"href":"https:\/\/sociaisaplicadas.ufpr.br\/decigi\/wp-json\/wp\/v2\/pages\/14072","targetHints":{"allow":["GET"]}}],"collection":[{"href":"https:\/\/sociaisaplicadas.ufpr.br\/decigi\/wp-json\/wp\/v2\/pages"}],"about":[{"href":"https:\/\/sociaisaplicadas.ufpr.br\/decigi\/wp-json\/wp\/v2\/types\/page"}],"author":[{"embeddable":true,"href":"https:\/\/sociaisaplicadas.ufpr.br\/decigi\/wp-json\/wp\/v2\/users\/2858"}],"replies":[{"embeddable":true,"href":"https:\/\/sociaisaplicadas.ufpr.br\/decigi\/wp-json\/wp\/v2\/comments?post=14072"}],"version-history":[{"count":20,"href":"https:\/\/sociaisaplicadas.ufpr.br\/decigi\/wp-json\/wp\/v2\/pages\/14072\/revisions"}],"predecessor-version":[{"id":15318,"href":"https:\/\/sociaisaplicadas.ufpr.br\/decigi\/wp-json\/wp\/v2\/pages\/14072\/revisions\/15318"}],"wp:attachment":[{"href":"https:\/\/sociaisaplicadas.ufpr.br\/decigi\/wp-json\/wp\/v2\/media?parent=14072"}],"curies":[{"name":"wp","href":"https:\/\/api.w.org\/{rel}","templated":true}]}}

<div class="wp-block-group decigi-pagina-topo"><div class="wp-block-group__inner-container is-layout-constrained wp-block-group-is-layout-constrained">
<p class="decigi-trilha"><a href="https://sociaisaplicadas.ufpr.br/decigi/">Início</a> / <a href="https://sociaisaplicadas.ufpr.br/decigi/o-departamento/">O Departamento</a></p>



<h1 class="wp-block-heading">O Departamento</h1>



<p>Conheça a história, as competências, a estrutura e a atuação institucional do DECIGI</p>
</div></div>



<div class="wp-block-group decigi-conteudo-lateral"><div class="wp-block-group__inner-container is-layout-constrained wp-block-group-is-layout-constrained">
<div class="wp-block-columns is-layout-flex wp-container-core-columns-is-layout-2 wp-block-columns-is-layout-flex">
<div class="wp-block-column is-layout-flow wp-block-column-is-layout-flow">
<div class="wp-block-group decigi-texto"><div class="wp-block-group__inner-container is-layout-constrained wp-block-group-is-layout-constrained">
<h2 class="wp-block-heading" id="apresentacao">Apresentação</h2>



<p>O <strong>Departamento de Ciência e Gestão da Informação (DECIGI)</strong> da <strong>Universidade Federal do Paraná (UFPR)</strong> integra o <strong><a href="https://sociaisaplicadas.ufpr.br/" target="_blank" rel="noreferrer noopener">Setor de Ciências Sociais Aplicadas (SCSA)</a></strong> e desenvolve atividades de <strong>ensino, pesquisa, extensão e gestão acadêmica</strong> no campo da Ciência e Gestão da Informação.<br><br>Criado em <strong>1999</strong>, em substituição ao então <strong>Departamento de Biblioteconomia (DEBI)</strong>, o DECIGI esteve inicialmente vinculado ao <a href="http://www.humanas.ufpr.br/portal/" target="_blank" rel="noreferrer noopener">Setor de Ciências Humanas, Letras e Artes (SCHLA)</a>. Em <strong>2001</strong>, passou a integrar o Setor de Ciências Sociais Aplicadas, acompanhando a implantação do Curso de Gestão da Informação no Setor.<br><br>De caráter interdisciplinar, sua atuação abrange temas relacionados à <strong>informação, dados, documentos, tecnologia, conhecimento e organizações</strong>, contemplando seus processos de produção, organização, gestão, acesso, uso e preservação.<br><br>Ao articular formação acadêmica, produção de conhecimento e interação com a sociedade, o DECIGI contribui para o desenvolvimento da Ciência e Gestão da Informação e para a compreensão dos desafios decorrentes das transformações informacionais, tecnológicas e organizacionais contemporâneas.</p>



<h2 class="wp-block-heading" id="missao">Missão</h2>



<p>Promover o <strong>ensino, a pesquisa e a extensão de excelência em Ciência e Gestão da Informação</strong>, formando profissionais qualificados e socialmente comprometidos, produzindo e compartilhando conhecimento e contribuindo para o desenvolvimento científico, tecnológico, institucional, social e econômico.<br><br>No âmbito de suas atribuições, o DECIGI busca assegurar uma gestão acadêmica e administrativa eficiente, capaz de oferecer as condições necessárias ao desenvolvimento de suas atividades e ao cumprimento da missão institucional da Universidade.</p>



<h2 class="wp-block-heading" id="competencias">Competências</h2>



<p>Como unidade acadêmica da UFPR, compete ao DECIGI planejar, coordenar e desenvolver as atividades acadêmicas e administrativas sob sua responsabilidade, em consonância com as normas e objetivos institucionais da Universidade.<br><br>Entre suas principais competências, destacam-se:</p>



<ul class="wp-block-list">
<li><strong>Ensino:</strong> planejar, ofertar e acompanhar as atividades de ensino e os componentes curriculares sob responsabilidade do Departamento;</li>



<li><strong>Pesquisa, extensão e inovação:</strong> promover e apoiar projetos e iniciativas que contribuam para a produção, aplicação e compartilhamento do conhecimento;</li>



<li><strong>Gestão acadêmica:</strong> analisar e deliberar sobre matérias acadêmicas de competência departamental e apoiar o funcionamento dos cursos e demais atividades às quais o Departamento está vinculado;</li>



<li><strong>Gestão administrativa:</strong> organizar e administrar pessoas, infraestrutura, documentos e recursos necessários ao funcionamento da unidade;</li>



<li><strong>Desenvolvimento institucional:</strong> colaborar com os cursos, programas, unidades e instâncias da Universidade, contribuindo para o cumprimento das finalidades institucionais da UFPR.</li>
</ul>



<p>As atribuições dos departamentos acadêmicos da Universidade são estabelecidas pelo <strong><a href="https://proad.ufpr.br/wp-content/uploads/2025/09/Reg-Geral-da-UFPR-atualizado-1.pdf" target="_blank" rel="noreferrer noopener">art. 39 do Regimento Geral da UFPR</a></strong>, além das demais disposições institucionais aplicáveis.</p>



<h2 class="wp-block-heading" id="infraestrutura">Infraestrutura</h2>



<div class="wp-block-group decigi-blocos"><div class="wp-block-group__inner-container is-layout-constrained wp-block-group-is-layout-constrained">
<div class="wp-block-columns is-layout-flex wp-container-core-columns-is-layout-1 wp-block-columns-is-layout-flex">
<div class="wp-block-column is-layout-flow wp-block-column-is-layout-flow">
<div class="wp-block-group decigi-bloco"><div class="wp-block-group__inner-container is-layout-constrained wp-block-group-is-layout-constrained">
<h3 class="wp-block-heading">Laboratórios</h3>



<p>Espaços para ensino, pesquisa, extensão e atividades práticas.</p>



<a class="decigi-bloco-link" href="https://sociaisaplicadas.ufpr.br/decigi/o-departamento/infraestrutura/" rel="noopener noreferrer" aria-label="Relatório 1"></a>
</div></div>
</div>



<div class="wp-block-column is-layout-flow wp-block-column-is-layout-flow">
<div class="wp-block-group decigi-bloco"><div class="wp-block-group__inner-container is-layout-constrained wp-block-group-is-layout-constrained">
<h3 class="wp-block-heading">Ambientes acadêmicos e administrativos</h3>



<p>Espaços para atividades acadêmicas, administrativas e atendimento.</p>



<a class="decigi-bloco-link" href="https://sociaisaplicadas.ufpr.br/decigi/o-departamento/infraestrutura/" rel="noopener noreferrer" aria-label="Relatório 1"></a>
</div></div>
</div>
</div>
</div></div>
</div></div>
</div>



<div class="wp-block-column is-layout-flow wp-block-column-is-layout-flow">
<div class="wp-block-group decigi-indice"><div class="wp-block-group__inner-container is-layout-constrained wp-block-group-is-layout-constrained">
<div class="wp-block-buttons is-layout-flex wp-block-buttons-is-layout-flex">
<div class="wp-block-button"><a class="wp-block-button__link wp-element-button" href="#apresentacao" rel="">Apresentação</a></div>



<div class="wp-block-button"><a class="wp-block-button__link wp-element-button" href="#missao">Missão</a></div>



<div class="wp-block-button"><a class="wp-block-button__link wp-element-button" href="#competencias">Competências</a></div>



<div class="wp-block-button"><a class="wp-block-button__link wp-element-button" href="#infraestrutura">Infraestrutura</a></div>
</div>
</div></div>
</div>
</div>
</div></div>

<p>Início / O Departamento O Departamento Conheça a história, as competências, a estrutura e a atuação institucional do DECIGI Apresentação O Departamento de Ciência e Gestão da Informação (DECIGI) da Universidade Federal do Paraná (UFPR) integra o Setor de Ciências Sociais Aplicadas (SCSA) e desenvolve atividades de ensino, pesquisa, extensão e gestão acadêmica no campo [&hellip;]</p>
