{"id":15104,"date":"2026-08-26T11:18:00","date_gmt":"2026-08-26T14:18:00","guid":{"rendered":"https:\/\/sociaisaplicadas.ufpr.br\/decigi\/?page_id=15104"},"modified":"2026-08-27T11:55:41","modified_gmt":"2026-08-27T14:55:41","slug":"atas","status":"publish","type":"page","link":"https:\/\/sociaisaplicadas.ufpr.br\/decigi\/transparencia\/atas\/","title":{"rendered":"Atas"},"content":{"rendered":"\n<div class=\"wp-block-group decigi-pagina-topo\"><div class=\"wp-block-group__inner-container is-layout-constrained wp-block-group-is-layout-constrained\">\n<p class=\"decigi-trilha\"><a href=\"https:\/\/sociaisaplicadas.ufpr.br\/decigi\/\">In\u00edcio&nbsp;<\/a>\/&nbsp;<a href=\"https:\/\/sociaisaplicadas.ufpr.br\/decigi\/transparencia\/\">Transpar\u00eancia&nbsp;<\/a>\/ <a href=\"https:\/\/sociaisaplicadas.ufpr.br\/decigi\/transparencia\/atas\/\">Atas<\/a><\/p>\n\n\n\n<h1 class=\"wp-block-heading\">Atas<\/h1>\n\n\n\n<p>Registros das reuni\u00f5es da Plen\u00e1ria do DECIGI organizados por ano.<\/p>\n<\/div><\/div>\n\n\n\n<div class=\"wp-block-group decigi-status-nav\"><div class=\"wp-block-group__inner-container is-layout-constrained wp-block-group-is-layout-constrained\">\n<div class=\"wp-block-buttons is-layout-flex wp-block-buttons-is-layout-flex\">\n<div class=\"wp-block-button aberto\"><a class=\"wp-block-button__link wp-element-button\" href=\"#corrente\">2026<\/a><\/div>\n\n\n\n<div class=\"wp-block-button andamento\"><a class=\"wp-block-button__link wp-element-button\" href=\"#anteriores\">Anos anteriores<\/a><\/div>\n<\/div>\n<\/div><\/div>\n\n\n\n<div id=\"corrente\" class=\"wp-block-group decigi-doc-grupo aberto\"><div class=\"wp-block-group__inner-container is-layout-constrained wp-block-group-is-layout-constrained\">\n<div class=\"wp-block-group decigi-doc-grupo-cabecalho\"><div class=\"wp-block-group__inner-container is-layout-constrained wp-block-group-is-layout-constrained\">\n<h6 class=\"wp-block-heading decigi-doc-grupo-rotulo\">2026<\/h6>\n\n\n\n<h2 class=\"wp-block-heading\">Reuni\u00f5es<\/h2>\n\n\n\n<p>Registros do ano corrente.<\/p>\n<\/div><\/div>\n\n\n\n<div class=\"wp-block-group decigi-reuniao\"><div class=\"wp-block-group__inner-container is-layout-constrained wp-block-group-is-layout-constrained\">\n<div class=\"wp-block-columns is-layout-flex wp-container-core-columns-is-layout-1 wp-block-columns-is-layout-flex\">\n<div class=\"wp-block-column is-layout-flow wp-block-column-is-layout-flow\">\n<div class=\"wp-block-group decigi-reuniao-data\"><div class=\"wp-block-group__inner-container is-layout-constrained wp-block-group-is-layout-constrained\">\n<p>05<\/p>\n\n\n\n<p class=\"decigi-reuniao-mes \">AGO<\/p>\n<\/div><\/div>\n<\/div>\n\n\n\n<div class=\"wp-block-column is-layout-flow wp-block-column-is-layout-flow\">\n<div class=\"wp-block-group decigi-doc-etiquetas\"><div class=\"wp-block-group__inner-container is-layout-constrained wp-block-group-is-layout-constrained\">\n<h6 class=\"wp-block-heading decigi-etiqueta e andamento\">em VALIDA\u00c7\u00c3O<\/h6>\n<\/div><\/div>\n\n\n\n<div class=\"wp-block-group\"><div class=\"wp-block-group__inner-container is-layout-constrained wp-block-group-is-layout-constrained\">\n<h3 class=\"wp-block-heading\">7\u00aa Reuni\u00e3o Ordin\u00e1ria<\/h3>\n\n\n\n<p>14h \u00b7 Sala 121<\/p>\n<\/div><\/div>\n<\/div>\n\n\n\n<div class=\"wp-block-column is-layout-flow wp-block-column-is-layout-flow\">\n<div class=\"wp-block-group decigi-reuniao-docs\"><div class=\"wp-block-group__inner-container is-layout-constrained wp-block-group-is-layout-constrained\">\n<div class=\"wp-block-group decigi-processo-doc-link\"><div class=\"wp-block-group__inner-container is-layout-constrained wp-block-group-is-layout-constrained\">\n<p class=\"decigi-processo-doc-numero\">Ata<\/p>\n\n\n\n<div class=\"wp-block-buttons is-layout-flex wp-block-buttons-is-layout-flex\">\n<div class=\"wp-block-button decigi-processo-doc-acessar\"><a class=\"wp-block-button__link wp-element-button\">Acessar \u2192<\/a><\/div>\n<\/div>\n<\/div><\/div>\n<\/div><\/div>\n<\/div>\n<\/div>\n<\/div><\/div>\n\n\n\n<div class=\"wp-block-group decigi-reuniao\"><div class=\"wp-block-group__inner-container is-layout-constrained wp-block-group-is-layout-constrained\">\n<div class=\"wp-block-columns is-layout-flex wp-container-core-columns-is-layout-2 wp-block-columns-is-layout-flex\">\n<div class=\"wp-block-column is-layout-flow wp-block-column-is-layout-flow\">\n<div class=\"wp-block-group decigi-reuniao-data\"><div class=\"wp-block-group__inner-container is-layout-constrained wp-block-group-is-layout-constrained\">\n<p>05<\/p>\n\n\n\n<p class=\"decigi-reuniao-mes \">AGO<\/p>\n<\/div><\/div>\n<\/div>\n\n\n\n<div class=\"wp-block-column is-layout-flow wp-block-column-is-layout-flow\">\n<div class=\"wp-block-group decigi-doc-etiquetas\"><div class=\"wp-block-group__inner-container is-layout-constrained wp-block-group-is-layout-constrained\">\n<h6 class=\"wp-block-heading decigi-etiqueta e andamento\">em VALIDA\u00c7\u00c3O<\/h6>\n<\/div><\/div>\n\n\n\n<div class=\"wp-block-group\"><div class=\"wp-block-group__inner-container is-layout-constrained wp-block-group-is-layout-constrained\">\n<h3 class=\"wp-block-heading\">7\u00aa Reuni\u00e3o Ordin\u00e1ria<\/h3>\n\n\n\n<p>14h \u00b7 Sala 121<\/p>\n<\/div><\/div>\n<\/div>\n\n\n\n<div class=\"wp-block-column is-layout-flow wp-block-column-is-layout-flow\">\n<div class=\"wp-block-group decigi-reuniao-docs\"><div class=\"wp-block-group__inner-container is-layout-constrained wp-block-group-is-layout-constrained\">\n<div class=\"wp-block-group decigi-processo-doc-link\"><div class=\"wp-block-group__inner-container is-layout-constrained wp-block-group-is-layout-constrained\">\n<p class=\"decigi-processo-doc-numero\">Ata<\/p>\n\n\n\n<div class=\"wp-block-buttons is-layout-flex wp-block-buttons-is-layout-flex\">\n<div class=\"wp-block-button decigi-processo-doc-acessar\"><a class=\"wp-block-button__link wp-element-button\">Acessar \u2192<\/a><\/div>\n<\/div>\n<\/div><\/div>\n<\/div><\/div>\n<\/div>\n<\/div>\n<\/div><\/div>\n<\/div><\/div>\n\n\n\n<div id=\"anteriores\" class=\"wp-block-group decigi-doc-grupo andamento\"><div class=\"wp-block-group__inner-container is-layout-constrained wp-block-group-is-layout-constrained\">\n<div class=\"wp-block-group decigi-doc-grupo-cabecalho\"><div class=\"wp-block-group__inner-container is-layout-constrained wp-block-group-is-layout-constrained\">\n<h6 class=\"wp-block-heading decigi-doc-grupo-rotulo\">Anos anteriores<\/h6>\n\n\n\n<h2 class=\"wp-block-heading\">Reuni\u00f5es<\/h2>\n\n\n\n<p>Arquivo<\/p>\n<\/div><\/div>\n\n\n\n<div class=\"wp-block-group decigi-reuniao\"><div class=\"wp-block-group__inner-container is-layout-constrained wp-block-group-is-layout-constrained\">\n<div class=\"wp-block-columns is-layout-flex wp-container-core-columns-is-layout-3 wp-block-columns-is-layout-flex\">\n<div class=\"wp-block-column is-layout-flow wp-block-column-is-layout-flow\">\n<div class=\"wp-block-group decigi-reuniao-data\"><div class=\"wp-block-group__inner-container is-layout-constrained wp-block-group-is-layout-constrained\">\n<p>05<\/p>\n\n\n\n<p class=\"decigi-reuniao-mes \">AGO<\/p>\n<\/div><\/div>\n<\/div>\n\n\n\n<div class=\"wp-block-column is-layout-flow wp-block-column-is-layout-flow\">\n<div class=\"wp-block-group decigi-doc-etiquetas\"><div class=\"wp-block-group__inner-container is-layout-constrained wp-block-group-is-layout-constrained\">\n<h6 class=\"wp-block-heading decigi-etiqueta e andamento\">em VALIDA\u00c7\u00c3O<\/h6>\n<\/div><\/div>\n\n\n\n<div class=\"wp-block-group\"><div class=\"wp-block-group__inner-container is-layout-constrained wp-block-group-is-layout-constrained\">\n<h3 class=\"wp-block-heading\">7\u00aa Reuni\u00e3o Ordin\u00e1ria<\/h3>\n\n\n\n<p>14h \u00b7 Sala 121<\/p>\n<\/div><\/div>\n<\/div>\n\n\n\n<div class=\"wp-block-column is-layout-flow wp-block-column-is-layout-flow\">\n<div class=\"wp-block-group decigi-reuniao-docs\"><div class=\"wp-block-group__inner-container is-layout-constrained wp-block-group-is-layout-constrained\">\n<div class=\"wp-block-group decigi-processo-doc-link\"><div class=\"wp-block-group__inner-container is-layout-constrained wp-block-group-is-layout-constrained\">\n<p class=\"decigi-processo-doc-numero\">Ata<\/p>\n\n\n\n<div class=\"wp-block-buttons is-layout-flex wp-block-buttons-is-layout-flex\">\n<div class=\"wp-block-button decigi-processo-doc-acessar\"><a class=\"wp-block-button__link wp-element-button\">Acessar \u2192<\/a><\/div>\n<\/div>\n<\/div><\/div>\n<\/div><\/div>\n<\/div>\n<\/div>\n<\/div><\/div>\n\n\n\n<div class=\"wp-block-group decigi-reuniao\"><div class=\"wp-block-group__inner-container is-layout-constrained wp-block-group-is-layout-constrained\">\n<div class=\"wp-block-columns is-layout-flex wp-container-core-columns-is-layout-4 wp-block-columns-is-layout-flex\">\n<div class=\"wp-block-column is-layout-flow wp-block-column-is-layout-flow\">\n<div class=\"wp-block-group decigi-reuniao-data\"><div class=\"wp-block-group__inner-container is-layout-constrained wp-block-group-is-layout-constrained\">\n<p>05<\/p>\n\n\n\n<p class=\"decigi-reuniao-mes \">AGO<\/p>\n<\/div><\/div>\n<\/div>\n\n\n\n<div class=\"wp-block-column is-layout-flow wp-block-column-is-layout-flow\">\n<div class=\"wp-block-group decigi-doc-etiquetas\"><div class=\"wp-block-group__inner-container is-layout-constrained wp-block-group-is-layout-constrained\">\n<h6 class=\"wp-block-heading decigi-etiqueta e andamento\">em VALIDA\u00c7\u00c3O<\/h6>\n<\/div><\/div>\n\n\n\n<div class=\"wp-block-group\"><div class=\"wp-block-group__inner-container is-layout-constrained wp-block-group-is-layout-constrained\">\n<h3 class=\"wp-block-heading\">7\u00aa Reuni\u00e3o Ordin\u00e1ria<\/h3>\n\n\n\n<p>14h \u00b7 Sala 121<\/p>\n<\/div><\/div>\n<\/div>\n\n\n\n<div class=\"wp-block-column is-layout-flow wp-block-column-is-layout-flow\">\n<div class=\"wp-block-group decigi-reuniao-docs\"><div class=\"wp-block-group__inner-container is-layout-constrained wp-block-group-is-layout-constrained\">\n<div class=\"wp-block-group decigi-processo-doc-link\"><div class=\"wp-block-group__inner-container is-layout-constrained wp-block-group-is-layout-constrained\">\n<p class=\"decigi-processo-doc-numero\">Ata<\/p>\n\n\n\n<div class=\"wp-block-buttons is-layout-flex wp-block-buttons-is-layout-flex\">\n<div class=\"wp-block-button decigi-processo-doc-acessar\"><a class=\"wp-block-button__link wp-element-button\">Acessar \u2192<\/a><\/div>\n<\/div>\n<\/div><\/div>\n<\/div><\/div>\n<\/div>\n<\/div>\n<\/div><\/div>\n<\/div><\/div>\n","protected":false},"excerpt":{"rendered":"<p>In\u00edcio&nbsp;\/&nbsp;Transpar\u00eancia&nbsp;\/ Atas Atas Registros das reuni\u00f5es da Plen\u00e1ria do DECIGI organizados por ano. 2026 Reuni\u00f5es Registros do ano corrente. 05 AGO em VALIDA\u00c7\u00c3O 7\u00aa Reuni\u00e3o Ordin\u00e1ria 14h \u00b7 Sala 121 Ata 05 AGO em VALIDA\u00c7\u00c3O 7\u00aa Reuni\u00e3o Ordin\u00e1ria 14h \u00b7 Sala 121 Ata Anos anteriores Reuni\u00f5es Arquivo 05 AGO em VALIDA\u00c7\u00c3O 7\u00aa Reuni\u00e3o Ordin\u00e1ria 14h [&hellip;]<\/p>\n","protected":false},"author":2858,"featured_media":0,"parent":13903,"menu_order":0,"comment_status":"closed","ping_status":"closed","template":"","meta":{"_acf_changed":false,"footnotes":""},"class_list":["post-15104","page","type-page","status-publish","hentry"],"acf":[],"_links":{"self":[{"href":"https:\/\/sociaisaplicadas.ufpr.br\/decigi\/wp-json\/wp\/v2\/pages\/15104","targetHints":{"allow":["GET"]}}],"collection":[{"href":"https:\/\/sociaisaplicadas.ufpr.br\/decigi\/wp-json\/wp\/v2\/pages"}],"about":[{"href":"https:\/\/sociaisaplicadas.ufpr.br\/decigi\/wp-json\/wp\/v2\/types\/page"}],"author":[{"embeddable":true,"href":"https:\/\/sociaisaplicadas.ufpr.br\/decigi\/wp-json\/wp\/v2\/users\/2858"}],"replies":[{"embeddable":true,"href":"https:\/\/sociaisaplicadas.ufpr.br\/decigi\/wp-json\/wp\/v2\/comments?post=15104"}],"version-history":[{"count":9,"href":"https:\/\/sociaisaplicadas.ufpr.br\/decigi\/wp-json\/wp\/v2\/pages\/15104\/revisions"}],"predecessor-version":[{"id":15176,"href":"https:\/\/sociaisaplicadas.ufpr.br\/decigi\/wp-json\/wp\/v2\/pages\/15104\/revisions\/15176"}],"up":[{"embeddable":true,"href":"https:\/\/sociaisaplicadas.ufpr.br\/decigi\/wp-json\/wp\/v2\/pages\/13903"}],"wp:attachment":[{"href":"https:\/\/sociaisaplicadas.ufpr.br\/decigi\/wp-json\/wp\/v2\/media?parent=15104"}],"curies":[{"name":"wp","href":"https:\/\/api.w.org\/{rel}","templated":true}]}}

<div class="wp-block-group decigi-pagina-topo"><div class="wp-block-group__inner-container is-layout-constrained wp-block-group-is-layout-constrained">
<p class="decigi-trilha"><a href="https://sociaisaplicadas.ufpr.br/decigi/">Início&nbsp;</a>/&nbsp;<a href="https://sociaisaplicadas.ufpr.br/decigi/transparencia/">Transparência&nbsp;</a>/ <a href="https://sociaisaplicadas.ufpr.br/decigi/transparencia/atas/">Atas</a></p>



<h1 class="wp-block-heading">Atas</h1>



<p>Registros das reuniões da Plenária do DECIGI organizados por ano.</p>
</div></div>



<div class="wp-block-group decigi-status-nav"><div class="wp-block-group__inner-container is-layout-constrained wp-block-group-is-layout-constrained">
<div class="wp-block-buttons is-layout-flex wp-block-buttons-is-layout-flex">
<div class="wp-block-button aberto"><a class="wp-block-button__link wp-element-button" href="#corrente">2026</a></div>



<div class="wp-block-button andamento"><a class="wp-block-button__link wp-element-button" href="#anteriores">Anos anteriores</a></div>
</div>
</div></div>



<div id="corrente" class="wp-block-group decigi-doc-grupo aberto"><div class="wp-block-group__inner-container is-layout-constrained wp-block-group-is-layout-constrained">
<div class="wp-block-group decigi-doc-grupo-cabecalho"><div class="wp-block-group__inner-container is-layout-constrained wp-block-group-is-layout-constrained">
<h6 class="wp-block-heading decigi-doc-grupo-rotulo">2026</h6>



<h2 class="wp-block-heading">Reuniões</h2>



<p>Registros do ano corrente.</p>
</div></div>



<div class="wp-block-group decigi-reuniao"><div class="wp-block-group__inner-container is-layout-constrained wp-block-group-is-layout-constrained">
<div class="wp-block-columns is-layout-flex wp-container-core-columns-is-layout-1 wp-block-columns-is-layout-flex">
<div class="wp-block-column is-layout-flow wp-block-column-is-layout-flow">
<div class="wp-block-group decigi-reuniao-data"><div class="wp-block-group__inner-container is-layout-constrained wp-block-group-is-layout-constrained">
<p>05</p>



<p class="decigi-reuniao-mes ">AGO</p>
</div></div>
</div>



<div class="wp-block-column is-layout-flow wp-block-column-is-layout-flow">
<div class="wp-block-group decigi-doc-etiquetas"><div class="wp-block-group__inner-container is-layout-constrained wp-block-group-is-layout-constrained">
<h6 class="wp-block-heading decigi-etiqueta e andamento">em VALIDAÇÃO</h6>
</div></div>



<div class="wp-block-group"><div class="wp-block-group__inner-container is-layout-constrained wp-block-group-is-layout-constrained">
<h3 class="wp-block-heading">7ª Reunião Ordinária</h3>



<p>14h · Sala 121</p>
</div></div>
</div>



<div class="wp-block-column is-layout-flow wp-block-column-is-layout-flow">
<div class="wp-block-group decigi-reuniao-docs"><div class="wp-block-group__inner-container is-layout-constrained wp-block-group-is-layout-constrained">
<div class="wp-block-group decigi-processo-doc-link"><div class="wp-block-group__inner-container is-layout-constrained wp-block-group-is-layout-constrained">
<p class="decigi-processo-doc-numero">Ata</p>



<div class="wp-block-buttons is-layout-flex wp-block-buttons-is-layout-flex">
<div class="wp-block-button decigi-processo-doc-acessar"><a class="wp-block-button__link wp-element-button">Acessar →</a></div>
</div>
</div></div>
</div></div>
</div>
</div>
</div></div>



<div class="wp-block-group decigi-reuniao"><div class="wp-block-group__inner-container is-layout-constrained wp-block-group-is-layout-constrained">
<div class="wp-block-columns is-layout-flex wp-container-core-columns-is-layout-2 wp-block-columns-is-layout-flex">
<div class="wp-block-column is-layout-flow wp-block-column-is-layout-flow">
<div class="wp-block-group decigi-reuniao-data"><div class="wp-block-group__inner-container is-layout-constrained wp-block-group-is-layout-constrained">
<p>05</p>



<p class="decigi-reuniao-mes ">AGO</p>
</div></div>
</div>



<div class="wp-block-column is-layout-flow wp-block-column-is-layout-flow">
<div class="wp-block-group decigi-doc-etiquetas"><div class="wp-block-group__inner-container is-layout-constrained wp-block-group-is-layout-constrained">
<h6 class="wp-block-heading decigi-etiqueta e andamento">em VALIDAÇÃO</h6>
</div></div>



<div class="wp-block-group"><div class="wp-block-group__inner-container is-layout-constrained wp-block-group-is-layout-constrained">
<h3 class="wp-block-heading">7ª Reunião Ordinária</h3>



<p>14h · Sala 121</p>
</div></div>
</div>



<div class="wp-block-column is-layout-flow wp-block-column-is-layout-flow">
<div class="wp-block-group decigi-reuniao-docs"><div class="wp-block-group__inner-container is-layout-constrained wp-block-group-is-layout-constrained">
<div class="wp-block-group decigi-processo-doc-link"><div class="wp-block-group__inner-container is-layout-constrained wp-block-group-is-layout-constrained">
<p class="decigi-processo-doc-numero">Ata</p>



<div class="wp-block-buttons is-layout-flex wp-block-buttons-is-layout-flex">
<div class="wp-block-button decigi-processo-doc-acessar"><a class="wp-block-button__link wp-element-button">Acessar →</a></div>
</div>
</div></div>
</div></div>
</div>
</div>
</div></div>
</div></div>



<div id="anteriores" class="wp-block-group decigi-doc-grupo andamento"><div class="wp-block-group__inner-container is-layout-constrained wp-block-group-is-layout-constrained">
<div class="wp-block-group decigi-doc-grupo-cabecalho"><div class="wp-block-group__inner-container is-layout-constrained wp-block-group-is-layout-constrained">
<h6 class="wp-block-heading decigi-doc-grupo-rotulo">Anos anteriores</h6>



<h2 class="wp-block-heading">Reuniões</h2>



<p>Arquivo</p>
</div></div>



<div class="wp-block-group decigi-reuniao"><div class="wp-block-group__inner-container is-layout-constrained wp-block-group-is-layout-constrained">
<div class="wp-block-columns is-layout-flex wp-container-core-columns-is-layout-3 wp-block-columns-is-layout-flex">
<div class="wp-block-column is-layout-flow wp-block-column-is-layout-flow">
<div class="wp-block-group decigi-reuniao-data"><div class="wp-block-group__inner-container is-layout-constrained wp-block-group-is-layout-constrained">
<p>05</p>



<p class="decigi-reuniao-mes ">AGO</p>
</div></div>
</div>



<div class="wp-block-column is-layout-flow wp-block-column-is-layout-flow">
<div class="wp-block-group decigi-doc-etiquetas"><div class="wp-block-group__inner-container is-layout-constrained wp-block-group-is-layout-constrained">
<h6 class="wp-block-heading decigi-etiqueta e andamento">em VALIDAÇÃO</h6>
</div></div>



<div class="wp-block-group"><div class="wp-block-group__inner-container is-layout-constrained wp-block-group-is-layout-constrained">
<h3 class="wp-block-heading">7ª Reunião Ordinária</h3>



<p>14h · Sala 121</p>
</div></div>
</div>



<div class="wp-block-column is-layout-flow wp-block-column-is-layout-flow">
<div class="wp-block-group decigi-reuniao-docs"><div class="wp-block-group__inner-container is-layout-constrained wp-block-group-is-layout-constrained">
<div class="wp-block-group decigi-processo-doc-link"><div class="wp-block-group__inner-container is-layout-constrained wp-block-group-is-layout-constrained">
<p class="decigi-processo-doc-numero">Ata</p>



<div class="wp-block-buttons is-layout-flex wp-block-buttons-is-layout-flex">
<div class="wp-block-button decigi-processo-doc-acessar"><a class="wp-block-button__link wp-element-button">Acessar →</a></div>
</div>
</div></div>
</div></div>
</div>
</div>
</div></div>



<div class="wp-block-group decigi-reuniao"><div class="wp-block-group__inner-container is-layout-constrained wp-block-group-is-layout-constrained">
<div class="wp-block-columns is-layout-flex wp-container-core-columns-is-layout-4 wp-block-columns-is-layout-flex">
<div class="wp-block-column is-layout-flow wp-block-column-is-layout-flow">
<div class="wp-block-group decigi-reuniao-data"><div class="wp-block-group__inner-container is-layout-constrained wp-block-group-is-layout-constrained">
<p>05</p>



<p class="decigi-reuniao-mes ">AGO</p>
</div></div>
</div>



<div class="wp-block-column is-layout-flow wp-block-column-is-layout-flow">
<div class="wp-block-group decigi-doc-etiquetas"><div class="wp-block-group__inner-container is-layout-constrained wp-block-group-is-layout-constrained">
<h6 class="wp-block-heading decigi-etiqueta e andamento">em VALIDAÇÃO</h6>
</div></div>



<div class="wp-block-group"><div class="wp-block-group__inner-container is-layout-constrained wp-block-group-is-layout-constrained">
<h3 class="wp-block-heading">7ª Reunião Ordinária</h3>



<p>14h · Sala 121</p>
</div></div>
</div>



<div class="wp-block-column is-layout-flow wp-block-column-is-layout-flow">
<div class="wp-block-group decigi-reuniao-docs"><div class="wp-block-group__inner-container is-layout-constrained wp-block-group-is-layout-constrained">
<div class="wp-block-group decigi-processo-doc-link"><div class="wp-block-group__inner-container is-layout-constrained wp-block-group-is-layout-constrained">
<p class="decigi-processo-doc-numero">Ata</p>



<div class="wp-block-buttons is-layout-flex wp-block-buttons-is-layout-flex">
<div class="wp-block-button decigi-processo-doc-acessar"><a class="wp-block-button__link wp-element-button">Acessar →</a></div>
</div>
</div></div>
</div></div>
</div>
</div>
</div></div>
</div></div>

<p>Início&nbsp;/&nbsp;Transparência&nbsp;/ Atas Atas Registros das reuniões da Plenária do DECIGI organizados por ano. 2026 Reuniões Registros do ano corrente. 05 AGO em VALIDAÇÃO 7ª Reunião Ordinária 14h · Sala 121 Ata 05 AGO em VALIDAÇÃO 7ª Reunião Ordinária 14h · Sala 121 Ata Anos anteriores Reuniões Arquivo 05 AGO em VALIDAÇÃO 7ª Reunião Ordinária 14h [&hellip;]</p>
