{"id":15435,"date":"2026-08-31T13:22:04","date_gmt":"2026-08-31T16:22:04","guid":{"rendered":"https:\/\/sociaisaplicadas.ufpr.br\/decigi\/?page_id=15435"},"modified":"2026-08-31T14:20:44","modified_gmt":"2026-08-31T17:20:44","slug":"cestari","status":"publish","type":"page","link":"https:\/\/sociaisaplicadas.ufpr.br\/decigi\/docentes\/cestari\/","title":{"rendered":"J-C"},"content":{"rendered":"\n<div class=\"wp-block-group decigi-pagina-topo\"><div class=\"wp-block-group__inner-container is-layout-constrained wp-block-group-is-layout-constrained\">\n<p class=\"decigi-trilha\"><a href=\"https:\/\/sociaisaplicadas.ufpr.br\/decigi\/\">In\u00edcio <\/a>\/ <a href=\"https:\/\/sociaisaplicadas.ufpr.br\/decigi\/docentes\">Docentes <\/a>\/ <a href=\"https:\/\/sociaisaplicadas.ufpr.br\/decigi\/docentes\/cestari\">Jos\u00e9 Marcelo Almeida Prado Cestari<\/a><\/p>\n\n\n\n<h1 class=\"wp-block-heading\">Perfil docente<\/h1>\n\n\n\n<p>Forma\u00e7\u00e3o, atua\u00e7\u00e3o acad\u00eamica e iniciativas.<\/p>\n<\/div><\/div>\n\n\n\n<div class=\"wp-block-group decigi-menu-interno decigi-so-mobile\"><div class=\"wp-block-group__inner-container is-layout-constrained wp-block-group-is-layout-constrained\">\n<div class=\"wp-block-buttons is-layout-flex wp-block-buttons-is-layout-flex\">\n<div class=\"wp-block-button\"><a class=\"wp-block-button__link wp-element-button\" href=\"#apresentacao\">Apresenta\u00e7\u00e3o<\/a><\/div>\n\n\n\n<div class=\"wp-block-button\"><a class=\"wp-block-button__link wp-element-button\" href=\"#areas\">\u00c1reas de atua\u00e7\u00e3o<\/a><\/div>\n\n\n\n<div class=\"wp-block-button\"><a class=\"wp-block-button__link wp-element-button\" href=\"#projetos\">Projetos e iniciativas<\/a><\/div>\n<\/div>\n<\/div><\/div>\n\n\n\n<div class=\"wp-block-group decigi-conteudo-lateral\"><div class=\"wp-block-group__inner-container is-layout-constrained wp-block-group-is-layout-constrained\">\n<div class=\"wp-block-columns is-layout-flex wp-container-core-columns-is-layout-2 wp-block-columns-is-layout-flex\">\n<div class=\"wp-block-column is-layout-flow wp-block-column-is-layout-flow\">\n<div class=\"wp-block-group decigi-perfil\"><div class=\"wp-block-group__inner-container is-layout-constrained wp-block-group-is-layout-constrained\">\n<figure class=\"wp-block-image size-full decigi-perfil-foto\"><a href=\"https:\/\/sociaisaplicadas.ufpr.br\/decigi\/wp-content\/uploads\/sites\/5\/2026\/05\/cest.jpg\"><img loading=\"lazy\" decoding=\"async\" width=\"1407\" height=\"1600\" src=\"https:\/\/sociaisaplicadas.ufpr.br\/decigi\/wp-content\/uploads\/sites\/5\/2026\/05\/cest.jpg\" alt=\"\" class=\"wp-image-12680\" \/><\/a><\/figure>\n\n\n\n<div class=\"wp-block-group decigi-perfil-info\"><div class=\"wp-block-group__inner-container is-layout-constrained wp-block-group-is-layout-constrained\">\n<h2 class=\"wp-block-heading\">Jos\u00e9 Marcelo Almeida Prado Cestari<\/h2>\n\n\n\n<p>Engenharia de Software \u00b7 Gest\u00e3o de Processos \u00b7 Ci\u00eancia de Dados<\/p>\n\n\n\n<div class=\"wp-block-buttons is-layout-flex wp-block-buttons-is-layout-flex\">\n<div class=\"wp-block-button\"><a class=\"wp-block-button__link wp-element-button\" href=\"http:\/\/lattes.cnpq.br\/0125473885727627\" target=\"_blank\" rel=\"noreferrer noopener\">Curr\u00edculo Lattes<\/a><\/div>\n\n\n\n<div class=\"wp-block-button\"><a class=\"wp-block-button__link wp-element-button\" href=\"https:\/\/orcid.org\/0000-0002-6422-1609\" target=\"_blank\" rel=\"noreferrer noopener\">ORCID<\/a><\/div>\n\n\n\n<div class=\"wp-block-button\"><a class=\"wp-block-button__link wp-element-button\">E-mail: cestari@ufpr.br<\/a><\/div>\n<\/div>\n<\/div><\/div>\n<\/div><\/div>\n\n\n\n<div class=\"wp-block-group decigi-texto\"><div class=\"wp-block-group__inner-container is-layout-constrained wp-block-group-is-layout-constrained\">\n<h2 class=\"wp-block-heading\" id=\"apresentacao\">Apresenta\u00e7\u00e3o<\/h2>\n\n\n\n<p>Doutor em Engenharia de Produ\u00e7\u00e3o e Sistemas pela PUCPR, mestre e bacharel em Inform\u00e1tica pela UFPR, com dois p\u00f3s-doutorados em Engenharia de Produ\u00e7\u00e3o e Sistemas. Atua nas \u00e1reas de engenharia de software, gest\u00e3o e modelagem de processos, ci\u00eancia de dados, intelig\u00eancia artificial, sistemas de medi\u00e7\u00e3o de desempenho e apoio \u00e0 tomada de decis\u00e3o. \u00c9 professor permanente do Programa de P\u00f3s-Gradua\u00e7\u00e3o em Gest\u00e3o da Informa\u00e7\u00e3o e do Programa de P\u00f3s-Gradua\u00e7\u00e3o em Ci\u00eancia de Dados da UFPR.<\/p>\n\n\n\n<h2 class=\"wp-block-heading\" id=\"areas\">\u00c1reas de atua\u00e7\u00e3o<\/h2>\n\n\n\n<div class=\"wp-block-group\"><div class=\"wp-block-group__inner-container is-layout-constrained wp-block-group-is-layout-constrained\">\n<div class=\"wp-block-group decigi-passos\"><div class=\"wp-block-group__inner-container is-layout-constrained wp-block-group-is-layout-constrained\">\n<div class=\"wp-block-group decigi-passo\"><div class=\"wp-block-group__inner-container is-layout-constrained wp-block-group-is-layout-constrained\">\n<p>#<\/p>\n\n\n\n<div class=\"wp-block-group decigi-passo-corpo\"><div class=\"wp-block-group__inner-container is-layout-constrained wp-block-group-is-layout-constrained\">\n<h2 class=\"wp-block-heading\">Engenharia de Software<\/h2>\n<\/div><\/div>\n<\/div><\/div>\n\n\n\n<div class=\"wp-block-group decigi-passo\"><div class=\"wp-block-group__inner-container is-layout-constrained wp-block-group-is-layout-constrained\">\n<p>#<\/p>\n\n\n\n<div class=\"wp-block-group decigi-passo-corpo\"><div class=\"wp-block-group__inner-container is-layout-constrained wp-block-group-is-layout-constrained\">\n<h2 class=\"wp-block-heading\">Compet\u00eanGest\u00e3o e Modelagem de Processoscia em Informa\u00e7\u00e3o<\/h2>\n<\/div><\/div>\n<\/div><\/div>\n\n\n\n<div class=\"wp-block-group decigi-passo\"><div class=\"wp-block-group__inner-container is-layout-constrained wp-block-group-is-layout-constrained\">\n<p>#<\/p>\n\n\n\n<div class=\"wp-block-group decigi-passo-corpo\"><div class=\"wp-block-group__inner-container is-layout-constrained wp-block-group-is-layout-constrained\">\n<h2 class=\"wp-block-heading\">Minera\u00e7\u00e3o de Processos<\/h2>\n<\/div><\/div>\n<\/div><\/div>\n\n\n\n<div class=\"wp-block-group decigi-passo\"><div class=\"wp-block-group__inner-container is-layout-constrained wp-block-group-is-layout-constrained\">\n<p>#<\/p>\n\n\n\n<div class=\"wp-block-group decigi-passo-corpo\"><div class=\"wp-block-group__inner-container is-layout-constrained wp-block-group-is-layout-constrained\">\n<h2 class=\"wp-block-heading\">Ci\u00eancia de Dados<\/h2>\n<\/div><\/div>\n<\/div><\/div>\n\n\n\n<div class=\"wp-block-group decigi-passo\"><div class=\"wp-block-group__inner-container is-layout-constrained wp-block-group-is-layout-constrained\">\n<p>#<\/p>\n\n\n\n<div class=\"wp-block-group decigi-passo-corpo\"><div class=\"wp-block-group__inner-container is-layout-constrained wp-block-group-is-layout-constrained\">\n<h2 class=\"wp-block-heading\">Intelig\u00eancia Artificial<\/h2>\n<\/div><\/div>\n<\/div><\/div>\n\n\n\n<div class=\"wp-block-group decigi-passo\"><div class=\"wp-block-group__inner-container is-layout-constrained wp-block-group-is-layout-constrained\">\n<p>#<\/p>\n\n\n\n<div class=\"wp-block-group decigi-passo-corpo\"><div class=\"wp-block-group__inner-container is-layout-constrained wp-block-group-is-layout-constrained\">\n<h2 class=\"wp-block-heading\">Sistemas de Apoio \u00e0 Decis\u00e3o<\/h2>\n<\/div><\/div>\n<\/div><\/div>\n\n\n\n<div class=\"wp-block-group decigi-passo\"><div class=\"wp-block-group__inner-container is-layout-constrained wp-block-group-is-layout-constrained\">\n<p>#<\/p>\n\n\n\n<div class=\"wp-block-group decigi-passo-corpo\"><div class=\"wp-block-group__inner-container is-layout-constrained wp-block-group-is-layout-constrained\">\n<h2 class=\"wp-block-heading\">Modelos de Maturidade<\/h2>\n<\/div><\/div>\n<\/div><\/div>\n\n\n\n<div class=\"wp-block-group decigi-passo\"><div class=\"wp-block-group__inner-container is-layout-constrained wp-block-group-is-layout-constrained\">\n<p>#<\/p>\n\n\n\n<div class=\"wp-block-group decigi-passo-corpo\"><div class=\"wp-block-group__inner-container is-layout-constrained wp-block-group-is-layout-constrained\">\n<h2 class=\"wp-block-heading\">Gest\u00e3o de Projetos<\/h2>\n<\/div><\/div>\n<\/div><\/div>\n<\/div><\/div>\n<\/div><\/div>\n\n\n\n<h2 class=\"wp-block-heading\" id=\"projetos\">Projetos vinculados<\/h2>\n\n\n\n<div class=\"wp-block-group decigi-blocos\"><div class=\"wp-block-group__inner-container is-layout-constrained wp-block-group-is-layout-constrained\">\n<div class=\"wp-block-columns is-layout-flex wp-container-core-columns-is-layout-1 wp-block-columns-is-layout-flex\">\n<div class=\"wp-block-column is-layout-flow wp-block-column-is-layout-flow\">\n<div class=\"wp-block-group decigi-bloco\"><div class=\"wp-block-group__inner-container is-layout-constrained wp-block-group-is-layout-constrained\">\n<p class=\"decigi-chips\">PESQUISA<\/p>\n\n\n\n<h2 class=\"wp-block-heading\">Sistemas de Medi\u00e7\u00e3o de Desempenho para gest\u00e3o operacional produtiva e sustent\u00e1vel em organiza\u00e7\u00f5es sem fins lucrativos<\/h2>\n\n\n\n<p>Investiga sistemas de medi\u00e7\u00e3o e gest\u00e3o de desempenho voltados \u00e0s particularidades de organiza\u00e7\u00f5es sem fins lucrativos e do setor p\u00fablico.<\/p>\n<\/div><\/div>\n<\/div>\n\n\n\n<div class=\"wp-block-column is-layout-flow wp-block-column-is-layout-flow\">\n<div class=\"wp-block-group decigi-bloco\"><div class=\"wp-block-group__inner-container is-layout-constrained wp-block-group-is-layout-constrained\">\n<p class=\"decigi-chips\">EXTENS\u00c3O<\/p>\n\n\n\n<h2 class=\"wp-block-heading\">Projeto de Extens\u00e3o de Gest\u00e3o da Informa\u00e7\u00e3o (PEGI)<\/h2>\n\n\n\n<p>Articula atividades de extens\u00e3o vinculadas \u00e0 forma\u00e7\u00e3o em Gest\u00e3o da Informa\u00e7\u00e3o, promovendo capacita\u00e7\u00f5es e a\u00e7\u00f5es voltadas \u00e0s comunidades interna e externa.<\/p>\n<\/div><\/div>\n<\/div>\n<\/div>\n<\/div><\/div>\n<\/div><\/div>\n\n\n\n<p class=\"decigi-aviso\">Para informa\u00e7\u00f5es curriculares completas e atualizadas, consulte o Curr\u00edculo Lattes. Para quest\u00f5es espec\u00edficas, entre em contato diretamente com o docente.<\/p>\n<\/div>\n\n\n\n<div class=\"wp-block-column is-layout-flow wp-block-column-is-layout-flow\">\n<div class=\"wp-block-group decigi-indice decigi-so-desktop\"><div class=\"wp-block-group__inner-container is-layout-constrained wp-block-group-is-layout-constrained\">\n<div class=\"wp-block-buttons is-layout-flex wp-block-buttons-is-layout-flex\">\n<div class=\"wp-block-button\"><a class=\"wp-block-button__link wp-element-button\" href=\"#apresentacao\">Apresenta\u00e7\u00e3o<\/a><\/div>\n\n\n\n<div class=\"wp-block-button\"><a class=\"wp-block-button__link wp-element-button\" href=\"#areas\">\u00c1reas de atua\u00e7\u00e3o<\/a><\/div>\n\n\n\n<div class=\"wp-block-button\"><a class=\"wp-block-button__link wp-element-button\" href=\"#projetos\">Projetos e iniciativas<\/a><\/div>\n<\/div>\n<\/div><\/div>\n<\/div>\n<\/div>\n<\/div><\/div>\n","protected":false},"excerpt":{"rendered":"<p>In\u00edcio \/ Docentes \/ Jos\u00e9 Marcelo Almeida Prado Cestari Perfil docente Forma\u00e7\u00e3o, atua\u00e7\u00e3o acad\u00eamica e iniciativas. Jos\u00e9 Marcelo Almeida Prado Cestari Engenharia de Software \u00b7 Gest\u00e3o de Processos \u00b7 Ci\u00eancia de Dados Apresenta\u00e7\u00e3o Doutor em Engenharia de Produ\u00e7\u00e3o e Sistemas pela PUCPR, mestre e bacharel em Inform\u00e1tica pela UFPR, com dois p\u00f3s-doutorados em Engenharia de [&hellip;]<\/p>\n","protected":false},"author":2858,"featured_media":0,"parent":13832,"menu_order":0,"comment_status":"closed","ping_status":"closed","template":"","meta":{"_acf_changed":false,"footnotes":""},"class_list":["post-15435","page","type-page","status-publish","hentry"],"acf":[],"_links":{"self":[{"href":"https:\/\/sociaisaplicadas.ufpr.br\/decigi\/wp-json\/wp\/v2\/pages\/15435","targetHints":{"allow":["GET"]}}],"collection":[{"href":"https:\/\/sociaisaplicadas.ufpr.br\/decigi\/wp-json\/wp\/v2\/pages"}],"about":[{"href":"https:\/\/sociaisaplicadas.ufpr.br\/decigi\/wp-json\/wp\/v2\/types\/page"}],"author":[{"embeddable":true,"href":"https:\/\/sociaisaplicadas.ufpr.br\/decigi\/wp-json\/wp\/v2\/users\/2858"}],"replies":[{"embeddable":true,"href":"https:\/\/sociaisaplicadas.ufpr.br\/decigi\/wp-json\/wp\/v2\/comments?post=15435"}],"version-history":[{"count":4,"href":"https:\/\/sociaisaplicadas.ufpr.br\/decigi\/wp-json\/wp\/v2\/pages\/15435\/revisions"}],"predecessor-version":[{"id":15494,"href":"https:\/\/sociaisaplicadas.ufpr.br\/decigi\/wp-json\/wp\/v2\/pages\/15435\/revisions\/15494"}],"up":[{"embeddable":true,"href":"https:\/\/sociaisaplicadas.ufpr.br\/decigi\/wp-json\/wp\/v2\/pages\/13832"}],"wp:attachment":[{"href":"https:\/\/sociaisaplicadas.ufpr.br\/decigi\/wp-json\/wp\/v2\/media?parent=15435"}],"curies":[{"name":"wp","href":"https:\/\/api.w.org\/{rel}","templated":true}]}}

<div class="wp-block-group decigi-pagina-topo"><div class="wp-block-group__inner-container is-layout-constrained wp-block-group-is-layout-constrained">
<p class="decigi-trilha"><a href="https://sociaisaplicadas.ufpr.br/decigi/">Início </a>/ <a href="https://sociaisaplicadas.ufpr.br/decigi/docentes">Docentes </a>/ <a href="https://sociaisaplicadas.ufpr.br/decigi/docentes/cestari">José Marcelo Almeida Prado Cestari</a></p>



<h1 class="wp-block-heading">Perfil docente</h1>



<p>Formação, atuação acadêmica e iniciativas.</p>
</div></div>



<div class="wp-block-group decigi-menu-interno decigi-so-mobile"><div class="wp-block-group__inner-container is-layout-constrained wp-block-group-is-layout-constrained">
<div class="wp-block-buttons is-layout-flex wp-block-buttons-is-layout-flex">
<div class="wp-block-button"><a class="wp-block-button__link wp-element-button" href="#apresentacao">Apresentação</a></div>



<div class="wp-block-button"><a class="wp-block-button__link wp-element-button" href="#areas">Áreas de atuação</a></div>



<div class="wp-block-button"><a class="wp-block-button__link wp-element-button" href="#projetos">Projetos e iniciativas</a></div>
</div>
</div></div>



<div class="wp-block-group decigi-conteudo-lateral"><div class="wp-block-group__inner-container is-layout-constrained wp-block-group-is-layout-constrained">
<div class="wp-block-columns is-layout-flex wp-container-core-columns-is-layout-2 wp-block-columns-is-layout-flex">
<div class="wp-block-column is-layout-flow wp-block-column-is-layout-flow">
<div class="wp-block-group decigi-perfil"><div class="wp-block-group__inner-container is-layout-constrained wp-block-group-is-layout-constrained">
<figure class="wp-block-image size-full decigi-perfil-foto"><a href="https://sociaisaplicadas.ufpr.br/decigi/wp-content/uploads/sites/5/2026/05/cest.jpg"><img loading="lazy" decoding="async" width="1407" height="1600" src="https://sociaisaplicadas.ufpr.br/decigi/wp-content/uploads/sites/5/2026/05/cest.jpg" alt="" class="wp-image-12680" /></a></figure>



<div class="wp-block-group decigi-perfil-info"><div class="wp-block-group__inner-container is-layout-constrained wp-block-group-is-layout-constrained">
<h2 class="wp-block-heading">José Marcelo Almeida Prado Cestari</h2>



<p>Engenharia de Software · Gestão de Processos · Ciência de Dados</p>



<div class="wp-block-buttons is-layout-flex wp-block-buttons-is-layout-flex">
<div class="wp-block-button"><a class="wp-block-button__link wp-element-button" href="http://lattes.cnpq.br/0125473885727627" target="_blank" rel="noreferrer noopener">Currículo Lattes</a></div>



<div class="wp-block-button"><a class="wp-block-button__link wp-element-button" href="https://orcid.org/0000-0002-6422-1609" target="_blank" rel="noreferrer noopener">ORCID</a></div>



<div class="wp-block-button"><a class="wp-block-button__link wp-element-button">E-mail: cestari@ufpr.br</a></div>
</div>
</div></div>
</div></div>



<div class="wp-block-group decigi-texto"><div class="wp-block-group__inner-container is-layout-constrained wp-block-group-is-layout-constrained">
<h2 class="wp-block-heading" id="apresentacao">Apresentação</h2>



<p>Doutor em Engenharia de Produção e Sistemas pela PUCPR, mestre e bacharel em Informática pela UFPR, com dois pós-doutorados em Engenharia de Produção e Sistemas. Atua nas áreas de engenharia de software, gestão e modelagem de processos, ciência de dados, inteligência artificial, sistemas de medição de desempenho e apoio à tomada de decisão. É professor permanente do Programa de Pós-Graduação em Gestão da Informação e do Programa de Pós-Graduação em Ciência de Dados da UFPR.</p>



<h2 class="wp-block-heading" id="areas">Áreas de atuação</h2>



<div class="wp-block-group"><div class="wp-block-group__inner-container is-layout-constrained wp-block-group-is-layout-constrained">
<div class="wp-block-group decigi-passos"><div class="wp-block-group__inner-container is-layout-constrained wp-block-group-is-layout-constrained">
<div class="wp-block-group decigi-passo"><div class="wp-block-group__inner-container is-layout-constrained wp-block-group-is-layout-constrained">
<p>#</p>



<div class="wp-block-group decigi-passo-corpo"><div class="wp-block-group__inner-container is-layout-constrained wp-block-group-is-layout-constrained">
<h2 class="wp-block-heading">Engenharia de Software</h2>
</div></div>
</div></div>



<div class="wp-block-group decigi-passo"><div class="wp-block-group__inner-container is-layout-constrained wp-block-group-is-layout-constrained">
<p>#</p>



<div class="wp-block-group decigi-passo-corpo"><div class="wp-block-group__inner-container is-layout-constrained wp-block-group-is-layout-constrained">
<h2 class="wp-block-heading">CompetênGestão e Modelagem de Processoscia em Informação</h2>
</div></div>
</div></div>



<div class="wp-block-group decigi-passo"><div class="wp-block-group__inner-container is-layout-constrained wp-block-group-is-layout-constrained">
<p>#</p>



<div class="wp-block-group decigi-passo-corpo"><div class="wp-block-group__inner-container is-layout-constrained wp-block-group-is-layout-constrained">
<h2 class="wp-block-heading">Mineração de Processos</h2>
</div></div>
</div></div>



<div class="wp-block-group decigi-passo"><div class="wp-block-group__inner-container is-layout-constrained wp-block-group-is-layout-constrained">
<p>#</p>



<div class="wp-block-group decigi-passo-corpo"><div class="wp-block-group__inner-container is-layout-constrained wp-block-group-is-layout-constrained">
<h2 class="wp-block-heading">Ciência de Dados</h2>
</div></div>
</div></div>



<div class="wp-block-group decigi-passo"><div class="wp-block-group__inner-container is-layout-constrained wp-block-group-is-layout-constrained">
<p>#</p>



<div class="wp-block-group decigi-passo-corpo"><div class="wp-block-group__inner-container is-layout-constrained wp-block-group-is-layout-constrained">
<h2 class="wp-block-heading">Inteligência Artificial</h2>
</div></div>
</div></div>



<div class="wp-block-group decigi-passo"><div class="wp-block-group__inner-container is-layout-constrained wp-block-group-is-layout-constrained">
<p>#</p>



<div class="wp-block-group decigi-passo-corpo"><div class="wp-block-group__inner-container is-layout-constrained wp-block-group-is-layout-constrained">
<h2 class="wp-block-heading">Sistemas de Apoio à Decisão</h2>
</div></div>
</div></div>



<div class="wp-block-group decigi-passo"><div class="wp-block-group__inner-container is-layout-constrained wp-block-group-is-layout-constrained">
<p>#</p>



<div class="wp-block-group decigi-passo-corpo"><div class="wp-block-group__inner-container is-layout-constrained wp-block-group-is-layout-constrained">
<h2 class="wp-block-heading">Modelos de Maturidade</h2>
</div></div>
</div></div>



<div class="wp-block-group decigi-passo"><div class="wp-block-group__inner-container is-layout-constrained wp-block-group-is-layout-constrained">
<p>#</p>



<div class="wp-block-group decigi-passo-corpo"><div class="wp-block-group__inner-container is-layout-constrained wp-block-group-is-layout-constrained">
<h2 class="wp-block-heading">Gestão de Projetos</h2>
</div></div>
</div></div>
</div></div>
</div></div>



<h2 class="wp-block-heading" id="projetos">Projetos vinculados</h2>



<div class="wp-block-group decigi-blocos"><div class="wp-block-group__inner-container is-layout-constrained wp-block-group-is-layout-constrained">
<div class="wp-block-columns is-layout-flex wp-container-core-columns-is-layout-1 wp-block-columns-is-layout-flex">
<div class="wp-block-column is-layout-flow wp-block-column-is-layout-flow">
<div class="wp-block-group decigi-bloco"><div class="wp-block-group__inner-container is-layout-constrained wp-block-group-is-layout-constrained">
<p class="decigi-chips">PESQUISA</p>



<h2 class="wp-block-heading">Sistemas de Medição de Desempenho para gestão operacional produtiva e sustentável em organizações sem fins lucrativos</h2>



<p>Investiga sistemas de medição e gestão de desempenho voltados às particularidades de organizações sem fins lucrativos e do setor público.</p>
</div></div>
</div>



<div class="wp-block-column is-layout-flow wp-block-column-is-layout-flow">
<div class="wp-block-group decigi-bloco"><div class="wp-block-group__inner-container is-layout-constrained wp-block-group-is-layout-constrained">
<p class="decigi-chips">EXTENSÃO</p>



<h2 class="wp-block-heading">Projeto de Extensão de Gestão da Informação (PEGI)</h2>



<p>Articula atividades de extensão vinculadas à formação em Gestão da Informação, promovendo capacitações e ações voltadas às comunidades interna e externa.</p>
</div></div>
</div>
</div>
</div></div>
</div></div>



<p class="decigi-aviso">Para informações curriculares completas e atualizadas, consulte o Currículo Lattes. Para questões específicas, entre em contato diretamente com o docente.</p>
</div>



<div class="wp-block-column is-layout-flow wp-block-column-is-layout-flow">
<div class="wp-block-group decigi-indice decigi-so-desktop"><div class="wp-block-group__inner-container is-layout-constrained wp-block-group-is-layout-constrained">
<div class="wp-block-buttons is-layout-flex wp-block-buttons-is-layout-flex">
<div class="wp-block-button"><a class="wp-block-button__link wp-element-button" href="#apresentacao">Apresentação</a></div>



<div class="wp-block-button"><a class="wp-block-button__link wp-element-button" href="#areas">Áreas de atuação</a></div>



<div class="wp-block-button"><a class="wp-block-button__link wp-element-button" href="#projetos">Projetos e iniciativas</a></div>
</div>
</div></div>
</div>
</div>
</div></div>

<p>Início / Docentes / José Marcelo Almeida Prado Cestari Perfil docente Formação, atuação acadêmica e iniciativas. José Marcelo Almeida Prado Cestari Engenharia de Software · Gestão de Processos · Ciência de Dados Apresentação Doutor em Engenharia de Produção e Sistemas pela PUCPR, mestre e bacharel em Informática pela UFPR, com dois pós-doutorados em Engenharia de [&hellip;]</p>
