{"id":172,"date":"2016-09-20T10:43:59","date_gmt":"2016-09-20T13:43:59","guid":{"rendered":"https:\/\/sociaisaplicadas.ufpr.br\/economia\/?page_id=172"},"modified":"2026-04-15T22:52:32","modified_gmt":"2026-04-16T01:52:32","slug":"contato","status":"publish","type":"page","link":"https:\/\/sociaisaplicadas.ufpr.br\/decigi\/contato\/","title":{"rendered":"Contato"},"content":{"rendered":"<h5><span style=\"font-size: 14pt\"><strong style=\"color: #000080\"><span style=\"font-family: arial, helvetica, sans-serif\">Localiza\u00e7\u00e3o<\/span><\/strong><\/span><\/h5>\n<p style=\"padding-left: 30px\"><span style=\"font-family: arial, helvetica, sans-serif;color: #000000\">Universidade Federal do Paran\u00e1 \u2013 Campus III<\/span><br \/>\n<span style=\"font-family: arial, helvetica, sans-serif;color: #000000\"> Setor de Ci\u00eancias Sociais Aplicadas, 1\u00ba Andar<\/span><br \/>\n<span style=\"font-family: arial, helvetica, sans-serif;color: #000000\"> Av. Prefeito Loth\u00e1rio Meissner, 632<\/span><br \/>\n<span style=\"font-family: arial, helvetica, sans-serif;color: #000000\"> Jardim Bot\u00e2nico \u2013 Curitiba \u2013 PR \u2013 Brasil<\/span><br \/>\n<span style=\"font-family: arial, helvetica, sans-serif;color: #000000\"> CEP: 80210-070<\/span><\/p>\n<h5><span style=\"color: #000080;font-size: 14pt\"><strong><span style=\"font-family: arial, helvetica, sans-serif\">Coordena\u00e7\u00e3o do Curso de Gest\u00e3o da Informa\u00e7\u00e3o &#8211; CCGI<\/span><\/strong><\/span><\/h5>\n<p><span style=\"font-family: arial, helvetica, sans-serif;color: #000000\"><em><span style=\"color: #000000\"><strong><span style=\"font-size: 14pt\">*<\/span><\/strong><\/span>A Coordena\u00e7\u00e3o \u00e9 respons\u00e1vel pela gest\u00e3o acad\u00eamica do curso, ou seja, assuntos relativos aos interesses dos alunos<\/em><\/span><\/p>\n<ul>\n<li><span style=\"font-family: arial, helvetica, sans-serif;color: #000000\"><strong>Local:<\/strong> 1\u00b0 Andar \u2013 Setor de Ci\u00eancias Sociais Aplicadas da UFPR (<em>presencial de ter\u00e7a at\u00e9 sexta<\/em>).<\/span><\/li>\n<li><span style=\"font-family: arial, helvetica, sans-serif;color: #000000\"><strong>Hor\u00e1rio de atendimento:<\/strong> <\/span>\n<ul>\n<li><span style=\"color: #000000\"><span style=\"background-color: #ffff99\">Presencial:<\/span> <span style=\"font-family: arial, helvetica, sans-serif\">Quinta-feira e Sexta-feira das 7h \u00e0s 12h30 e das 13h30 \u00e0s 16h<\/span><\/span><\/li>\n<li><span style=\"font-family: arial, helvetica, sans-serif;color: #000000\"><span style=\"background-color: #ffff99\">Remoto:<\/span> Segunda-feira a Sexta-feira das 7h \u00e0s 12h30 e das 13h30 \u00e0s 16h<\/span><\/li>\n<\/ul>\n<\/li>\n<li><span style=\"font-family: arial, helvetica, sans-serif;color: #000000\"><strong>Telefone:<\/strong> (41) 3360-4389 (linha com instabilidade)<\/span><\/li>\n<li><span style=\"font-family: arial, helvetica, sans-serif;color: #000000\"><strong>E-mail:<\/strong> <\/span><span style=\"font-family: arial, helvetica, sans-serif\"><a href=\"mailto:gestinf@ufpr.br\">gestinf@ufpr.br (canal recomendado)<\/a><\/span><\/li>\n<li><span style=\"font-family: arial, helvetica, sans-serif;color: #000000\"><strong>Instagram:\u00a0<\/strong><\/span><a href=\"https:\/\/www.instagram.com\/gi_ufpr\/\" target=\"_blank\" rel=\"noopener\"><span style=\"font-family: arial, helvetica, sans-serif\">@gi_ufpr<\/span><\/a><\/li>\n<li><strong>Teams:<\/strong> Maikel Alef<\/li>\n<\/ul>\n<p><span style=\"color: #000000\"><strong><span style=\"font-family: arial, helvetica, sans-serif\">Administrativo <span style=\"font-family: arial, helvetica, sans-serif;color: #000000\">(<span style=\"background-color: #ffff99\">servidores aderentes do movimento grevista, priorizar contato via e-mail<\/span>)<\/span>:<\/span><\/strong><\/span><\/p>\n<ul>\n<li><span style=\"font-family: arial, helvetica, sans-serif;color: #000000\">Maikel Alef I M Ceolin <a style=\"color: #000000\" href=\"https:\/\/sociaisaplicadas.ufpr.br\/decigi\/wp-content\/uploads\/sites\/5\/2021\/10\/lattes.png\"><img loading=\"lazy\" decoding=\"async\" class=\"alignnone wp-image-2395\" src=\"https:\/\/sociaisaplicadas.ufpr.br\/decigi\/wp-content\/uploads\/sites\/5\/2021\/10\/lattes-300x300.png\" alt=\"\" width=\"19\" height=\"19\" srcset=\"https:\/\/sociaisaplicadas.ufpr.br\/decigi\/wp-content\/uploads\/sites\/5\/2021\/10\/lattes-300x300.png 300w, https:\/\/sociaisaplicadas.ufpr.br\/decigi\/wp-content\/uploads\/sites\/5\/2021\/10\/lattes-150x150.png 150w, https:\/\/sociaisaplicadas.ufpr.br\/decigi\/wp-content\/uploads\/sites\/5\/2021\/10\/lattes-768x769.png 768w, https:\/\/sociaisaplicadas.ufpr.br\/decigi\/wp-content\/uploads\/sites\/5\/2021\/10\/lattes-1024x1024.png 1024w, https:\/\/sociaisaplicadas.ufpr.br\/decigi\/wp-content\/uploads\/sites\/5\/2021\/10\/lattes.png 1495w\" sizes=\"auto, (max-width: 19px) 100vw, 19px\" \/><\/a>\u00a0<\/span><span style=\"font-family: arial, helvetica, sans-serif\"><a href=\"http:\/\/buscatextual.cnpq.br\/buscatextual\/visualizacv.do?id=K4386992T5&amp;tokenCaptchar=03AGdBq24vaKFxXui29YqvO1sso7GxKhtAX2u1CuegfPSmsMUWz7CvNLj21nHYc0wtyhmiykcKCj0kKiZO7uuDupwQHhIPpbWV-2fmU80HZKFA4ltK4jitaHWg0ykZRRL8EfKyTX4kXpQr3lyfqxfwDbQBKfyzL1yyEUOWlELxe6NrprDTuf8y1GNrD71TqcOVbszBjepGTVGCs0e-icLBUSxEoayJ2aIWAElkdu2oESpB3R-DPgrcXJSYgLjI8DyFLBYzZDD6JU6nRzAdOl0mBAzMhXDxtgW-XyXP_qtRmZcfwNKC9vbfFzzfLYHQnyY6WiMtRv2o-KQ49gFBW1-oUuu4qsKel9hhoTuNqZ9mokhmwuRMDdY49idL3KuFibXiReNLXpPxahPKFN7OSXC_qasPJ18mUiNYj7bLmn49NhkImlaUi0DhbyeYS6Mk1tivthZuFvTloo-hSHE8aWpX6YWvizyzht0W9g\">Lattes\u00a0<\/a><\/span><\/li>\n<\/ul>\n<h5><span style=\"color: #000080;font-size: 14pt\"><strong><span style=\"font-family: arial, helvetica, sans-serif\">Secretaria do Departamento de Ci\u00eancia e Gest\u00e3o da Informa\u00e7\u00e3o &#8211; DECIGI<\/span><\/strong><\/span><\/h5>\n<p><span style=\"color: #000000\"><em><span style=\"font-family: arial, helvetica, sans-serif\"><span style=\"font-family: arial, helvetica, sans-serif\"><strong><span style=\"font-size: 14pt\">*<\/span><\/strong><\/span><\/span><\/em><em><span style=\"font-family: arial, helvetica, sans-serif\">O Departamento \u00e9 respons\u00e1vel pela gest\u00e3o administrativa do curso, ou seja, assuntos relacionados as necessidades dos docentes e t\u00e9cnicos administrativos<\/span><\/em><\/span><\/p>\n<ul>\n<li><span style=\"font-family: arial, helvetica, sans-serif;color: #000000\"><strong>Local:<\/strong> 1\u00b0 Andar \u2013 Setor de Ci\u00eancias Sociais Aplicadas da UFPR (<em>presencial segunda e ter\u00e7a<\/em>).<\/span><\/li>\n<li><span style=\"font-family: arial, helvetica, sans-serif;color: #000000\"><strong>Hor\u00e1rio de atendimento:<\/strong>\u00a0<\/span><\/li>\n<\/ul>\n<ul style=\"list-style-type: circle\">\n<li><span style=\"color: #000000\"><span style=\"background-color: #ffff99\">Presencial:<\/span> <span style=\"font-family: arial, helvetica, sans-serif\">Segunda-Feira a Quarta-feira das 7h \u00e0s 12h30 e das 13h30 \u00e0s 16h<\/span><\/span><\/li>\n<li><span style=\"color: #000000\"><span style=\"background-color: #ffff99\">Remoto:<\/span> <span style=\"font-family: arial, helvetica, sans-serif\">Segunda-feira a Sexta-feira das 7h \u00e0s 12h30 e das 13h30 \u00e0s 16h<\/span><\/span><\/li>\n<\/ul>\n<ul>\n<li><span style=\"font-family: arial, helvetica, sans-serif;color: #000000\"><strong>Email:\u00a0<\/strong><\/span><span style=\"font-family: arial, helvetica, sans-serif\"><a href=\"mailto:decigi@ufpr.br\">decigi@ufpr.br (canal recomendado)<\/a><\/span><\/li>\n<li><span style=\"font-family: arial, helvetica, sans-serif;color: #000000\"><strong>Telefone:<\/strong>\u00a0(41) 3360-4420 (linha com instabilidade)<\/span><\/li>\n<li><strong>Teams:<\/strong> Guilherme Teixeira; Paula Hara<\/li>\n<\/ul>\n<p><span style=\"color: #000000\"><strong><span style=\"font-family: arial, helvetica, sans-serif\">Administrativo <span style=\"font-family: arial, helvetica, sans-serif;color: #000000\">(<span style=\"background-color: #ffff99\">servidores aderentes do movimento grevista, priorizar contato via e-mail<\/span>)<\/span>:<\/span><\/strong><\/span><\/p>\n<ul>\n<li><span style=\"font-family: arial, helvetica, sans-serif;color: #000000\">Guilherme Henrique Teixeira <a style=\"color: #000000\" href=\"http:\/\/lattes.cnpq.br\/5661351845693415\"><img loading=\"lazy\" decoding=\"async\" class=\"alignnone wp-image-2395\" src=\"https:\/\/sociaisaplicadas.ufpr.br\/decigi\/wp-content\/uploads\/sites\/5\/2021\/10\/lattes-300x300.png\" alt=\"\" width=\"19\" height=\"19\" srcset=\"https:\/\/sociaisaplicadas.ufpr.br\/decigi\/wp-content\/uploads\/sites\/5\/2021\/10\/lattes-300x300.png 300w, https:\/\/sociaisaplicadas.ufpr.br\/decigi\/wp-content\/uploads\/sites\/5\/2021\/10\/lattes-150x150.png 150w, https:\/\/sociaisaplicadas.ufpr.br\/decigi\/wp-content\/uploads\/sites\/5\/2021\/10\/lattes-768x769.png 768w, https:\/\/sociaisaplicadas.ufpr.br\/decigi\/wp-content\/uploads\/sites\/5\/2021\/10\/lattes-1024x1024.png 1024w, https:\/\/sociaisaplicadas.ufpr.br\/decigi\/wp-content\/uploads\/sites\/5\/2021\/10\/lattes.png 1495w\" sizes=\"auto, (max-width: 19px) 100vw, 19px\" \/><\/a>\u00a0<\/span><span style=\"font-family: arial, helvetica, sans-serif\"><a href=\"http:\/\/lattes.cnpq.br\/5661351845693415\">Lattes<\/a><\/span><\/li>\n<li><span style=\"color: #000000\">Paula Hara\u00a0<\/span><\/li>\n<\/ul>\n<h5><span style=\"color: #000080;font-size: 14pt\"><strong><span style=\"font-family: arial, helvetica, sans-serif\">Atendimento relacionado ao Projeto do acervo da FACEL e da FANAC\u00a0<\/span><\/strong><\/span><\/h5>\n<p><span style=\"background-color: #ffcc99;color: #000000\"><em>*Somente para d\u00favidas relacionadas ao escopo do projeto que n\u00e3o estejam contidas na aba espec\u00edfica do site (Projetos&gt;Projeto FACEL\/FANAC)<\/em><\/span><\/p>\n<ul>\n<li><span style=\"font-family: arial, helvetica, sans-serif;color: #000000\"><strong>Atendimento:<\/strong> Online<\/span><\/li>\n<li><span style=\"font-family: arial, helvetica, sans-serif;color: #000000\"><strong>Email:\u00a0<\/strong>facel.fanac@ufpr.br (tempo m\u00e9dio de resposta: 15 dias \u00fateis)<\/span><\/li>\n<li><a href=\"https:\/\/sociaisaplicadas.ufpr.br\/decigi\/projeto-facel-fanac\/\">Clique aqui para saber mais<\/a><\/li>\n<\/ul>\n","protected":false},"excerpt":{"rendered":"<p>Localiza\u00e7\u00e3o Universidade Federal do Paran\u00e1 \u2013 Campus III Setor de Ci\u00eancias Sociais Aplicadas, 1\u00ba Andar Av. Prefeito Loth\u00e1rio Meissner, 632 Jardim Bot\u00e2nico \u2013 Curitiba \u2013 PR \u2013 Brasil CEP: 80210-070 Coordena\u00e7\u00e3o do Curso de Gest\u00e3o da Informa\u00e7\u00e3o &#8211; CCGI *A Coordena\u00e7\u00e3o \u00e9 respons\u00e1vel pela gest\u00e3o acad\u00eamica do curso, ou seja, assuntos relativos aos interesses dos [&hellip;]<\/p>\n","protected":false},"author":2783,"featured_media":0,"parent":0,"menu_order":0,"comment_status":"closed","ping_status":"closed","template":"","meta":{"_acf_changed":false,"footnotes":""},"class_list":["post-172","page","type-page","status-publish","hentry"],"acf":[],"_links":{"self":[{"href":"https:\/\/sociaisaplicadas.ufpr.br\/decigi\/wp-json\/wp\/v2\/pages\/172","targetHints":{"allow":["GET"]}}],"collection":[{"href":"https:\/\/sociaisaplicadas.ufpr.br\/decigi\/wp-json\/wp\/v2\/pages"}],"about":[{"href":"https:\/\/sociaisaplicadas.ufpr.br\/decigi\/wp-json\/wp\/v2\/types\/page"}],"author":[{"embeddable":true,"href":"https:\/\/sociaisaplicadas.ufpr.br\/decigi\/wp-json\/wp\/v2\/users\/2783"}],"replies":[{"embeddable":true,"href":"https:\/\/sociaisaplicadas.ufpr.br\/decigi\/wp-json\/wp\/v2\/comments?post=172"}],"version-history":[{"count":175,"href":"https:\/\/sociaisaplicadas.ufpr.br\/decigi\/wp-json\/wp\/v2\/pages\/172\/revisions"}],"predecessor-version":[{"id":12359,"href":"https:\/\/sociaisaplicadas.ufpr.br\/decigi\/wp-json\/wp\/v2\/pages\/172\/revisions\/12359"}],"wp:attachment":[{"href":"https:\/\/sociaisaplicadas.ufpr.br\/decigi\/wp-json\/wp\/v2\/media?parent=172"}],"curies":[{"name":"wp","href":"https:\/\/api.w.org\/{rel}","templated":true}]}}