{"id":367,"date":"2017-02-10T17:19:16","date_gmt":"2017-02-10T17:19:16","guid":{"rendered":"https:\/\/sociaisaplicadas.ufpr.br\/decigi\/?page_id=367"},"modified":"2023-03-06T13:47:23","modified_gmt":"2023-03-06T13:47:23","slug":"extensao","status":"publish","type":"page","link":"https:\/\/sociaisaplicadas.ufpr.br\/decigi\/pesquisa-e-extensao\/extensao\/","title":{"rendered":"Extens\u00e3o"},"content":{"rendered":"<h5><span style=\"font-family: arial, helvetica, sans-serif;font-size: 14pt\">O que \u00e9 Extens\u00e3o?<\/span><\/h5>\n<p><span style=\"font-family: arial, helvetica, sans-serif;color: #000000\">A extens\u00e3o universit\u00e1ria \u00e9 um processo interdisciplinar que promove a intera\u00e7\u00e3o entre as institui\u00e7\u00f5es de ensino superior e outros setores da sociedade. Cinco princ\u00edpios que norteiam a extens\u00e3o universit\u00e1ria previstos na<\/span> <span style=\"font-family: arial, helvetica, sans-serif\"><a href=\"https:\/\/sociaisaplicadas.ufpr.br\/decigi\/wp-content\/uploads\/sites\/5\/2021\/10\/Res.-57-19-CEPE-atividades-de-extens\u00e3o-1.pdf\">Resolu\u00e7\u00e3o N\u00ba 57\/19 &#8211; CEPE<\/a><\/span><span style=\"font-family: arial, helvetica, sans-serif;color: #000000\">:<\/span><\/p>\n<p><span style=\"color: #000000\"><strong><span class=\"TextRun SCXW86703713 BCX0\" lang=\"PT-BR\" style=\"font-family: arial, helvetica, sans-serif\" xml:lang=\"PT-BR\"><span class=\"NormalTextRun SCXW86703713 BCX0\">Impacto e Transforma\u00e7\u00e3o Social<br \/>\n<\/span><\/span><\/strong><span style=\"font-family: arial, helvetica, sans-serif\">Visa o estabelecimento de inter-rela\u00e7\u00e3o entre a UFPR, sua comunidade e os demais segmentos da sociedade para uma atua\u00e7\u00e3o transformadora, contribuindo para a forma\u00e7\u00e3o acad\u00eamica, os interesses e necessidades sociais, o desenvolvimento regional, econ\u00f4mico, social, ambiental, cultural e o aprimoramento de pol\u00edticas p\u00fablicas.<\/span><\/span><\/p>\n<p><span style=\"color: #000000\"><strong><span class=\"TextRun SCXW61343014 BCX0\" lang=\"PT-BR\" style=\"font-family: arial, helvetica, sans-serif\" xml:lang=\"PT-BR\"><span class=\"NormalTextRun SCXW61343014 BCX0\">Intera\u00e7\u00e3o Dial\u00f3gica<br \/>\n<\/span><\/span><\/strong><span style=\"font-family: arial, helvetica, sans-serif\">Visa o estabelecimento e desenvolvimento de rela\u00e7\u00e3o entre a UFPR, sua comunidade e os demais segmentos da sociedade por meio do di\u00e1logo e da troca de saberes.<\/span><\/span><\/p>\n<p><span style=\"color: #000000\"><strong><span style=\"font-family: arial, helvetica, sans-serif\"><span class=\"NormalTextRun SCXW101010538 BCX0\">Interdisciplinaridade\/<\/span><span class=\"NormalTextRun SpellingErrorV2 SCXW101010538 BCX0\">Interprofissionalidade<br \/>\n<\/span><\/span><\/strong><span style=\"font-family: arial, helvetica, sans-serif\">Visa o estabelecimento de inter-rela\u00e7\u00e3o ou integra\u00e7\u00e3o de modelos, conceitos e metodologias, oriundos de v\u00e1rias disciplinas e \u00e1reas de conhecimento, bem como a constru\u00e7\u00e3o de alian\u00e7as intersetoriais, interorganizacionais e interprofissionais, para o atendimento \u00e0s demandas formativas e sociais.<\/span><\/span><\/p>\n<p><span style=\"color: #000000\"><strong><span class=\"TextRun BCX0 SCXW174345977\" lang=\"PT-BR\" style=\"font-family: arial, helvetica, sans-serif\" xml:lang=\"PT-BR\"><span class=\"NormalTextRun BCX0 SCXW174345977\">Indissociabilidade entre Ensino, Pesquisa e Extens\u00e3o<br \/>\n<\/span><\/span><\/strong><span style=\"font-family: arial, helvetica, sans-serif\">Consiste no v\u00ednculo da extens\u00e3o universit\u00e1ria ao processo de forma\u00e7\u00e3o de pessoas e de gera\u00e7\u00e3o de conhecimento podendo envolver servidores t\u00e9cnico-administrativos, discentes de p\u00f3s-gradua\u00e7\u00e3o e comunidade externa e necessariamente docentes e discentes,\u00a0cursos t\u00e9cnicos ou de gradua\u00e7\u00e3o, da UFPR, durante todo o per\u00edodo de vig\u00eancia da atividade.<\/span><\/span><\/p>\n<p><span style=\"color: #000000\"><strong><span class=\"TextRun BCX0 SCXW240972665\" lang=\"PT-BR\" style=\"font-family: arial, helvetica, sans-serif\" xml:lang=\"PT-BR\"><span class=\"NormalTextRun BCX0 SCXW240972665\">Impacto na forma\u00e7\u00e3o discente<br \/>\n<\/span><\/span><\/strong><span style=\"font-family: arial, helvetica, sans-serif\">Visa fortalecer a experi\u00eancia discente em termos te\u00f3ricos, metodol\u00f3gicos e de cidadania.<\/span><\/span><\/p>\n<p>&nbsp;<\/p>\n<h5><span style=\"font-family: arial, helvetica, sans-serif;font-size: 14pt\">Formas de Extens\u00e3o<\/span><\/h5>\n<p><span style=\"font-family: arial, helvetica, sans-serif;color: #000000\"><strong>Curso<\/strong><br \/>\nCurso de extens\u00e3o universit\u00e1ria a a\u00e7\u00e3o pedag\u00f3gica, de car\u00e1ter te\u00f3rico e\/ou pr\u00e1tico, planejada e organizada de modo sistem\u00e1tico, com carga hor\u00e1ria previamente definida, que esteja de acordo com o conceito de extens\u00e3o universit\u00e1ria.<\/span><\/p>\n<p><span style=\"font-family: arial, helvetica, sans-serif;color: #000000\"><strong>Evento<\/strong><br \/>\nA atividade que implica a apresenta\u00e7\u00e3o ou exibi\u00e7\u00e3o p\u00fablica, livre ou com clientela espec\u00edfica, do conhecimento ou produto cultural, art\u00edstico, esportivo, cient\u00edfico e tecnol\u00f3gico desenvolvido e reconhecido pela Universidade, de acordo com o estabelecido pelo o F\u00f3rum de Pr\u00f3-Reitores das Institui\u00e7\u00f5es P\u00fablicas de Educa\u00e7\u00e3o Superior Brasileiras \u2013 FORPROEX.<br \/>\n<\/span><\/p>\n<p><span style=\"font-family: arial, helvetica, sans-serif;color: #000000\"><strong>Programa<\/strong><br \/>\nConsidera-se programa de extens\u00e3o o conjunto articulado de no m\u00ednimo 02 (dois) Projetos vinculados e outras atividades de extens\u00e3o, que tenham clareza e dire\u00e7\u00e3o rumo a um objetivo comum, visando a resultados de m\u00fatuo interesse para a sociedade e para a comunidade acad\u00eamica.<br \/>\n<\/span><\/p>\n<p><span style=\"font-family: arial, helvetica, sans-serif\"><span style=\"color: #000000\"><strong>Projeto<\/strong><\/span><br \/>\n<span style=\"color: #000000\"> Considera-se projeto de extens\u00e3o a a\u00e7\u00e3o processual e cont\u00ednua de car\u00e1ter educativo, social, art\u00edstico, cient\u00edfico ou tecnol\u00f3gico.\u00a0O projeto de extens\u00e3o poder\u00e1 ser uma proposta isolada ou vinculado a um \u00fanico Programa de Extens\u00e3o.<\/span><br \/>\n<\/span><\/p>\n<p>&nbsp;<\/p>\n<h5><span style=\"font-family: arial, helvetica, sans-serif;font-size: 14pt\">Certificados das atividades de Extens\u00e3o<\/span><\/h5>\n<p><span style=\"font-family: arial, helvetica, sans-serif;color: #000000\">Acesse o <\/span><span style=\"font-family: arial, helvetica, sans-serif\"><a href=\"https:\/\/intranet.ufpr.br\/sigeu\/public\/\">Sistema Integrado de Extens\u00e3o Universit\u00e1ria (SIGEU)<\/a><\/span><span style=\"font-family: arial, helvetica, sans-serif;color: #000000\"> para acessar certificado de atividade extensionista.<\/span><\/p>\n<p>&nbsp;<\/p>\n<h5><span style=\"font-family: arial, helvetica, sans-serif;font-size: 14pt\">Programas<\/span><\/h5>\n<div><span style=\"font-family: arial, helvetica, sans-serif;color: #000000\"><b>01\/05\/2016 a 30\/04\/2023 &#8211; Tecnologia, Comunica\u00e7\u00e3o e Conhecimento na Sociedade em Rede<\/b><\/span><\/div>\n<div><span style=\"font-family: arial, helvetica, sans-serif;color: #000000\">O programa visa congregar projetos, eventos, cursos e presta\u00e7\u00e3o de servi\u00e7os extensionistas que apresentem solu\u00e7\u00f5es para quest\u00f5es que envolvam a gest\u00e3o da informa\u00e7\u00e3o, do conhecimento e da comunica\u00e7\u00e3o em plataformas digitais em institui\u00e7\u00f5es p\u00fablicas e privadas. O objetivo geral \u00e9 promover a\u00e7\u00f5es de forma\u00e7\u00e3o, gest\u00e3o da informa\u00e7\u00e3o e do conhecimento, transfer\u00eancia de know-how e tecnologia, desenvolvimento, inova\u00e7\u00e3o e aprimoramento de TICs, processos e metodologias para os dom\u00ednios da informa\u00e7\u00e3o e da comunica\u00e7\u00e3o na Sociedade em Rede. As a\u00e7\u00f5es s\u00e3o voltadas para gestores de unidades de informa\u00e7\u00e3o e comunica\u00e7\u00e3o, para a comunidade acad\u00eamica da UFPR e de outras institui\u00e7\u00f5es de ensino superior e para sociedade em geral, e est\u00e3o divididas em tr\u00eas frentes:<\/span><\/div>\n<div><span style=\"font-family: arial, helvetica, sans-serif;color: #000000\">1) forma\u00e7\u00e3o e gest\u00e3o de pessoas;<\/span><\/div>\n<div><span style=\"font-family: arial, helvetica, sans-serif;color: #000000\">2) incurs\u00f5es netnogr\u00e1ficas em comunidades em rede; e<\/span><\/div>\n<div><span style=\"font-family: arial, helvetica, sans-serif;color: #000000\">3) inova\u00e7\u00e3o tecnol\u00f3gica e transfer\u00eancia de know-how e tecnologia.<\/span><\/div>\n<div><span style=\"font-family: arial, helvetica, sans-serif;color: #000000\"><i>&#8211; Coordenadores<\/i>: Rodrigo Eduardo Botelho-Francisco e Joana Gusm\u00e3o Lemos<\/span><\/div>\n","protected":false},"excerpt":{"rendered":"<p>O que \u00e9 Extens\u00e3o? A extens\u00e3o universit\u00e1ria \u00e9 um processo interdisciplinar que promove a intera\u00e7\u00e3o entre as institui\u00e7\u00f5es de ensino superior e outros setores da sociedade. Cinco princ\u00edpios que norteiam a extens\u00e3o universit\u00e1ria previstos na Resolu\u00e7\u00e3o N\u00ba 57\/19 &#8211; CEPE: Impacto e Transforma\u00e7\u00e3o Social Visa o estabelecimento de inter-rela\u00e7\u00e3o entre a UFPR, sua comunidade e [&hellip;]<\/p>\n","protected":false},"author":2783,"featured_media":0,"parent":4101,"menu_order":0,"comment_status":"closed","ping_status":"closed","template":"","meta":{"_acf_changed":false,"footnotes":""},"class_list":["post-367","page","type-page","status-publish","hentry"],"acf":[],"_links":{"self":[{"href":"https:\/\/sociaisaplicadas.ufpr.br\/decigi\/wp-json\/wp\/v2\/pages\/367","targetHints":{"allow":["GET"]}}],"collection":[{"href":"https:\/\/sociaisaplicadas.ufpr.br\/decigi\/wp-json\/wp\/v2\/pages"}],"about":[{"href":"https:\/\/sociaisaplicadas.ufpr.br\/decigi\/wp-json\/wp\/v2\/types\/page"}],"author":[{"embeddable":true,"href":"https:\/\/sociaisaplicadas.ufpr.br\/decigi\/wp-json\/wp\/v2\/users\/2783"}],"replies":[{"embeddable":true,"href":"https:\/\/sociaisaplicadas.ufpr.br\/decigi\/wp-json\/wp\/v2\/comments?post=367"}],"version-history":[{"count":28,"href":"https:\/\/sociaisaplicadas.ufpr.br\/decigi\/wp-json\/wp\/v2\/pages\/367\/revisions"}],"predecessor-version":[{"id":5232,"href":"https:\/\/sociaisaplicadas.ufpr.br\/decigi\/wp-json\/wp\/v2\/pages\/367\/revisions\/5232"}],"up":[{"embeddable":true,"href":"https:\/\/sociaisaplicadas.ufpr.br\/decigi\/wp-json\/wp\/v2\/pages\/4101"}],"wp:attachment":[{"href":"https:\/\/sociaisaplicadas.ufpr.br\/decigi\/wp-json\/wp\/v2\/media?parent=367"}],"curies":[{"name":"wp","href":"https:\/\/api.w.org\/{rel}","templated":true}]}}