{"id":4090,"date":"2022-06-10T11:11:19","date_gmt":"2022-06-10T11:11:19","guid":{"rendered":"https:\/\/sociaisaplicadas.ufpr.br\/decigi\/?page_id=4090"},"modified":"2024-01-19T14:47:09","modified_gmt":"2024-01-19T17:47:09","slug":"departamento","status":"publish","type":"page","link":"https:\/\/sociaisaplicadas.ufpr.br\/decigi\/departamento\/","title":{"rendered":"Departamento"},"content":{"rendered":"<ul>\n<li><a href=\"https:\/\/sociaisaplicadas.ufpr.br\/decigi\/departamento\/institucional\/\"><span style=\"font-family: arial, helvetica, sans-serif\">Institucional<\/span><\/a>\n<ul>\n<li><a href=\"https:\/\/sociaisaplicadas.ufpr.br\/decigi\/departamento\/institucional\/missao-e-visao\/\"><span style=\"font-family: arial, helvetica, sans-serif\">Miss\u00e3o e Vis\u00e3o<\/span><\/a><\/li>\n<li><a href=\"https:\/\/sociaisaplicadas.ufpr.br\/decigi\/departamento\/institucional\/infraestrutura\/\"><span style=\"font-family: arial, helvetica, sans-serif\">Infraestrutura<\/span><\/a><\/li>\n<li><a href=\"https:\/\/sociaisaplicadas.ufpr.br\/decigi\/departamento\/institucional\/parcerias-e-convenios\/\"><span style=\"font-family: arial, helvetica, sans-serif\">Parcerias<\/span><\/a><\/li>\n<\/ul>\n<\/li>\n<li><a href=\"https:\/\/sociaisaplicadas.ufpr.br\/decigi\/departamento\/docentes\/\"><span style=\"font-family: arial, helvetica, sans-serif\">Docentes<\/span><\/a><\/li>\n<li><a href=\"https:\/\/sociaisaplicadas.ufpr.br\/decigi\/departamento\/funcoes-e-atribuicoes\/\"><span style=\"font-family: arial, helvetica, sans-serif\">Fun\u00e7\u00f5es e Atribui\u00e7\u00f5es<\/span><\/a><\/li>\n<li><a href=\"https:\/\/sociaisaplicadas.ufpr.br\/decigi\/departamento\/editais-para-docentes\/\"><span style=\"font-family: arial, helvetica, sans-serif\">Editais para docentes<\/span><\/a><\/li>\n<li><a href=\"https:\/\/sociaisaplicadas.ufpr.br\/decigi\/departamento\/documentos-e-portarias\/\"><span style=\"font-family: arial, helvetica, sans-serif\">Documentos e Portarias<\/span><\/a><span style=\"text-decoration: underline\"><span style=\"color: #000000;text-decoration: underline\"><br \/>\n<\/span><\/span><\/li>\n<\/ul>\n","protected":false},"excerpt":{"rendered":"<p>Institucional Miss\u00e3o e Vis\u00e3o Infraestrutura Parcerias Docentes Fun\u00e7\u00f5es e Atribui\u00e7\u00f5es Editais para docentes Documentos e Portarias<\/p>\n","protected":false},"author":2806,"featured_media":0,"parent":0,"menu_order":0,"comment_status":"closed","ping_status":"closed","template":"","meta":{"_acf_changed":false,"footnotes":""},"class_list":["post-4090","page","type-page","status-publish","hentry"],"acf":[],"_links":{"self":[{"href":"https:\/\/sociaisaplicadas.ufpr.br\/decigi\/wp-json\/wp\/v2\/pages\/4090","targetHints":{"allow":["GET"]}}],"collection":[{"href":"https:\/\/sociaisaplicadas.ufpr.br\/decigi\/wp-json\/wp\/v2\/pages"}],"about":[{"href":"https:\/\/sociaisaplicadas.ufpr.br\/decigi\/wp-json\/wp\/v2\/types\/page"}],"author":[{"embeddable":true,"href":"https:\/\/sociaisaplicadas.ufpr.br\/decigi\/wp-json\/wp\/v2\/users\/2806"}],"replies":[{"embeddable":true,"href":"https:\/\/sociaisaplicadas.ufpr.br\/decigi\/wp-json\/wp\/v2\/comments?post=4090"}],"version-history":[{"count":11,"href":"https:\/\/sociaisaplicadas.ufpr.br\/decigi\/wp-json\/wp\/v2\/pages\/4090\/revisions"}],"predecessor-version":[{"id":4899,"href":"https:\/\/sociaisaplicadas.ufpr.br\/decigi\/wp-json\/wp\/v2\/pages\/4090\/revisions\/4899"}],"wp:attachment":[{"href":"https:\/\/sociaisaplicadas.ufpr.br\/decigi\/wp-json\/wp\/v2\/media?parent=4090"}],"curies":[{"name":"wp","href":"https:\/\/api.w.org\/{rel}","templated":true}]}}