{"id":4096,"date":"2022-06-10T11:29:26","date_gmt":"2022-06-10T11:29:26","guid":{"rendered":"https:\/\/sociaisaplicadas.ufpr.br\/decigi\/?page_id=4096"},"modified":"2024-01-19T14:48:13","modified_gmt":"2024-01-19T17:48:13","slug":"para-alunos","status":"publish","type":"page","link":"https:\/\/sociaisaplicadas.ufpr.br\/decigi\/para-alunos\/","title":{"rendered":"Para alunos"},"content":{"rendered":"<ul>\n<li><a href=\"https:\/\/sociaisaplicadas.ufpr.br\/decigi\/para-alunos\/grade-e-corpo-docente\/\"><span style=\"font-family: arial, helvetica, sans-serif\">Grade, Plano de Ensino e Corpo Docente<\/span><\/a><\/li>\n<li><a href=\"https:\/\/sociaisaplicadas.ufpr.br\/decigi\/coordenacao\/atividades-formativas\/\"><span style=\"font-family: arial, helvetica, sans-serif\">Atividades Formativas<\/span><\/a><\/li>\n<li><a href=\"https:\/\/sociaisaplicadas.ufpr.br\/decigi\/coordenacao\/estagios-e-tcc\/\"><span style=\"font-family: arial, helvetica, sans-serif\">Est\u00e1gios e TCC<\/span><\/a><\/li>\n<li><a href=\"https:\/\/sociaisaplicadas.ufpr.br\/decigi\/para-alunos\/solicitacoes\/\"><span style=\"font-family: arial, helvetica, sans-serif\">Solicita\u00e7\u00f5es<\/span><\/a><\/li>\n<li><a href=\"https:\/\/sociaisaplicadas.ufpr.br\/decigi\/coordenacao\/editais-para-alunos\/\"><span style=\"font-family: arial, helvetica, sans-serif\">Editais para Alunos<\/span><\/a><\/li>\n<li><a href=\"https:\/\/sociaisaplicadas.ufpr.br\/decigi\/para-alunos\/alunos-egressos\/\"><span style=\"font-family: arial, helvetica, sans-serif\">Alunos Egressos<\/span><\/a><\/li>\n<\/ul>\n","protected":false},"excerpt":{"rendered":"<p>Grade, Plano de Ensino e Corpo Docente Atividades Formativas Est\u00e1gios e TCC Solicita\u00e7\u00f5es Editais para Alunos Alunos Egressos<\/p>\n","protected":false},"author":2806,"featured_media":0,"parent":0,"menu_order":0,"comment_status":"closed","ping_status":"closed","template":"","meta":{"_acf_changed":false,"footnotes":""},"class_list":["post-4096","page","type-page","status-publish","hentry"],"acf":[],"_links":{"self":[{"href":"https:\/\/sociaisaplicadas.ufpr.br\/decigi\/wp-json\/wp\/v2\/pages\/4096","targetHints":{"allow":["GET"]}}],"collection":[{"href":"https:\/\/sociaisaplicadas.ufpr.br\/decigi\/wp-json\/wp\/v2\/pages"}],"about":[{"href":"https:\/\/sociaisaplicadas.ufpr.br\/decigi\/wp-json\/wp\/v2\/types\/page"}],"author":[{"embeddable":true,"href":"https:\/\/sociaisaplicadas.ufpr.br\/decigi\/wp-json\/wp\/v2\/users\/2806"}],"replies":[{"embeddable":true,"href":"https:\/\/sociaisaplicadas.ufpr.br\/decigi\/wp-json\/wp\/v2\/comments?post=4096"}],"version-history":[{"count":29,"href":"https:\/\/sociaisaplicadas.ufpr.br\/decigi\/wp-json\/wp\/v2\/pages\/4096\/revisions"}],"predecessor-version":[{"id":5920,"href":"https:\/\/sociaisaplicadas.ufpr.br\/decigi\/wp-json\/wp\/v2\/pages\/4096\/revisions\/5920"}],"wp:attachment":[{"href":"https:\/\/sociaisaplicadas.ufpr.br\/decigi\/wp-json\/wp\/v2\/media?parent=4096"}],"curies":[{"name":"wp","href":"https:\/\/api.w.org\/{rel}","templated":true}]}}

<ul>
<li><a href="https://sociaisaplicadas.ufpr.br/decigi/para-alunos/grade-e-corpo-docente/"><span style="font-family: arial, helvetica, sans-serif">Grade, Plano de Ensino e Corpo Docente</span></a></li>
<li><a href="https://sociaisaplicadas.ufpr.br/decigi/coordenacao/atividades-formativas/"><span style="font-family: arial, helvetica, sans-serif">Atividades Formativas</span></a></li>
<li><a href="https://sociaisaplicadas.ufpr.br/decigi/coordenacao/estagios-e-tcc/"><span style="font-family: arial, helvetica, sans-serif">Estágios e TCC</span></a></li>
<li><a href="https://sociaisaplicadas.ufpr.br/decigi/para-alunos/solicitacoes/"><span style="font-family: arial, helvetica, sans-serif">Solicitações</span></a></li>
<li><a href="https://sociaisaplicadas.ufpr.br/decigi/coordenacao/editais-para-alunos/"><span style="font-family: arial, helvetica, sans-serif">Editais para Alunos</span></a></li>
<li><a href="https://sociaisaplicadas.ufpr.br/decigi/para-alunos/alunos-egressos/"><span style="font-family: arial, helvetica, sans-serif">Alunos Egressos</span></a></li>
</ul>

<p>Grade, Plano de Ensino e Corpo Docente Atividades Formativas Estágios e TCC Solicitações Editais para Alunos Alunos Egressos</p>
