{"id":432,"date":"2017-02-10T18:07:47","date_gmt":"2017-02-10T18:07:47","guid":{"rendered":"https:\/\/sociaisaplicadas.ufpr.br\/decigi\/?page_id=432"},"modified":"2025-10-22T15:24:59","modified_gmt":"2025-10-22T18:24:59","slug":"atividades-formativas","status":"publish","type":"page","link":"https:\/\/sociaisaplicadas.ufpr.br\/decigi\/para-alunos\/atividades-formativas\/","title":{"rendered":"Atividades Formativas"},"content":{"rendered":"<p><strong><span style=\"font-family: arial, helvetica, sans-serif;color: #000000\">Editais:<\/span><\/strong><\/p>\n<ul>\n<li><span style=\"font-family: arial, helvetica, sans-serif\"><strong><a href=\"https:\/\/sociaisaplicadas.ufpr.br\/decigi\/wp-content\/uploads\/sites\/5\/2025\/10\/SEI_8291362_Edital_02_2025.pdf\">Edital CAFE n\u00ba 2025\/2 &#8211; Entrega de Atividades Formativas Complementares <span style=\"background-color: #ffff00\">06\/11 a 03\/12\/2025<\/span> <span style=\"color: #ff0000\">*NOVO<\/span><\/a><\/strong><\/span><\/li>\n<\/ul>\n<ul>\n<li><span style=\"font-family: arial, helvetica, sans-serif\"><a href=\"https:\/\/sociaisaplicadas.ufpr.br\/decigi\/wp-content\/uploads\/sites\/5\/2025\/05\/SEI_7822613_Edital_01_2025.pdf\">Edital CAFE n\u00ba 2025\/1 &#8211; Entrega de Atividades Formativas Complementares<\/a><\/span><\/li>\n<li><span style=\"font-family: arial, helvetica, sans-serif\"><a href=\"https:\/\/sociaisaplicadas.ufpr.br\/decigi\/wp-content\/uploads\/sites\/5\/2024\/11\/edital-CAFE.pdf\">Edital CAFE n\u00ba 2024\/2 &#8211; Entrega de Atividades Formativas Complementares<\/a><\/span><\/li>\n<\/ul>\n<h5><span style=\"font-family: arial, helvetica, sans-serif;font-size: 14pt\">O que s\u00e3o?<\/span><\/h5>\n<p><span style=\"color: #000000\"><span style=\"font-family: arial, helvetica, sans-serif\">As Atividades Formativas Complementares fazem parte da flexibiliza\u00e7\u00e3o do curr\u00edculo de Gest\u00e3o da Informa\u00e7\u00e3o e tem como objetivo\u00a0<\/span><span style=\"font-family: arial, helvetica, sans-serif\">enriquecimento da forma\u00e7\u00e3o acad\u00eamica e profissional. O aluno dever\u00e1 apresentar uma c<\/span><span style=\"font-family: arial, helvetica, sans-serif\">arga hor\u00e1ria obrigat\u00f3ria total 140h durante todo o curso, sendo no m\u00ednimo uma em cada grupo:<\/span><\/span><\/p>\n<ul>\n<li><span style=\"color: #000000;font-family: arial, helvetica, sans-serif\">Grupo 1: Ensino<\/span><\/li>\n<li><span style=\"font-family: arial, helvetica, sans-serif;color: #000000\">Grupo 2: Extens\u00e3o<\/span><\/li>\n<li><span style=\"font-family: arial, helvetica, sans-serif;color: #000000\">Grupo 3: Pesquisa<\/span><\/li>\n<li><span style=\"font-family: arial, helvetica, sans-serif;color: #000000\">Grupo 4: Social<\/span><\/li>\n<\/ul>\n<p><span style=\"color: #000080\"><strong><span style=\"font-family: arial, helvetica, sans-serif;font-size: 14pt\">Procedimento para entrega das AFCs:<\/span><\/strong><\/span><\/p>\n<p><span style=\"color: #000000;font-family: arial, helvetica, sans-serif\">Para atender o que disp\u00f5e o regulamento de atividades formativas, solicitamos que siga o seguinte passo a passo:<\/span><\/p>\n<div>\n<ol>\n<li><span style=\"color: #000000;font-family: arial, helvetica, sans-serif\">Organizar os certificados e comprova\u00e7\u00f5es por grupos:<\/span>\n<ul style=\"list-style-type: disc\">\n<li>\n<div><span style=\"font-family: arial, helvetica, sans-serif;color: #000000\">Grupo 1: Ensino<\/span><\/div>\n<\/li>\n<li>\n<div><span style=\"font-family: arial, helvetica, sans-serif;color: #000000\">Grupo 2: Extens\u00e3o<\/span><\/div>\n<\/li>\n<li>\n<div><span style=\"font-family: arial, helvetica, sans-serif;color: #000000\">Grupo 3: Pesquisa<\/span><\/div>\n<\/li>\n<li>\n<div><span style=\"font-family: arial, helvetica, sans-serif;color: #000000\">Grupo 4: Social<\/span><\/div>\n<\/li>\n<\/ul>\n<\/li>\n<li><span style=\"font-family: arial, helvetica, sans-serif;color: #000000\">Se for sua <strong>primeira solicita\u00e7\u00e3o<\/strong>, verificar se carga hor\u00e1ria de suas atividades somam <b>pelo menos 50 horas (no primeiro envio)<\/b>, caso contr\u00e1rio, n\u00e3o ser\u00e3o aceitas pela comiss\u00e3o<\/span>\n<div><span style=\"color: #000000;font-family: arial, helvetica, sans-serif\">\u00a0<\/span><span style=\"color: #000000;font-family: arial, helvetica, sans-serif\"><i>*Nota: para utilizar as horas em apresenta\u00e7\u00f5es de TCCs referentes ao Curso de Gest\u00e3o da Informa\u00e7\u00e3o, basta avisar no e-mail com os detalhes da defesa<\/i><\/span><\/div>\n<\/li>\n<li><span style=\"color: #000000;font-family: arial, helvetica, sans-serif\">Gerar um arquivo <b>pdf \u00fanico<\/b> (em p\u00e1ginas numeradas) com os certificados, declara\u00e7\u00f5es e comprova\u00e7\u00f5es organizados nos grupos citados acima<\/span><\/li>\n<li><span style=\"color: #000000;font-family: arial, helvetica, sans-serif\">Preencher a planilha do Quadro de Horas em Atividades Formativas (Anexo II)<\/span><\/li>\n<li><span style=\"color: #000000;font-family: arial, helvetica, sans-serif\">Enviar a <b>planilha e o arquivo PDF<\/b> para o e-mail gestinf@ufpr.br com o assunto: Atividades Formativas (seu nome completo)<\/span><\/li>\n<\/ol>\n<\/div>\n<p><strong><span style=\"font-family: arial, helvetica, sans-serif;color: #000000\">Documentos:<\/span><\/strong><\/p>\n<ul>\n<li><span style=\"font-family: arial, helvetica, sans-serif\"><a href=\"https:\/\/sociaisaplicadas.ufpr.br\/decigi\/wp-content\/uploads\/sites\/5\/2021\/10\/7004.pdf\">Resolu\u00e7\u00e3o N\u00ba 70\/04 &#8211; CEPE<\/a><\/span><\/li>\n<li><span style=\"font-family: arial, helvetica, sans-serif\"><a href=\"https:\/\/sociaisaplicadas.ufpr.br\/decigi\/wp-content\/uploads\/sites\/5\/2022\/05\/REGULAMENTO-DAS-ATIVIDADES-FORMATIVAS-1.pdf\" target=\"_blank\" rel=\"noopener\">Regulamento das Atividades Formativas Complementares<\/a><span style=\"color: #000000\">\u00a0(Conforme 180\u00aa Reuni\u00e3o do Colegiado do Curso de Gest\u00e3o da Informa\u00e7\u00e3o, 20 de abril de 2022)<\/span><\/span><\/li>\n<li><span style=\"font-family: arial, helvetica, sans-serif\"><span style=\"color: #000000\"><a href=\"https:\/\/sociaisaplicadas.ufpr.br\/decigi\/wp-content\/uploads\/sites\/5\/2022\/08\/Quadro-de-Horas-em-Atividades-Formativas-Anexo-II1-1.xlsx\">Quadro-de-Horas-em-Atividades-Formativas-Anexo-II<\/a><\/span><\/span><\/li>\n<\/ul>\n<h5><span style=\"font-family: arial, helvetica, sans-serif;font-size: 14pt\">Algumas op\u00e7\u00f5es de atividades<\/span><\/h5>\n<table style=\"height: 98px;width: 1137px\">\n<tbody>\n<tr>\n<td style=\"width: 91px\"><a href=\"https:\/\/sociaisaplicadas.ufpr.br\/decigi\/wp-content\/uploads\/sites\/5\/2021\/10\/asa_logo.jpg\"><img loading=\"lazy\" decoding=\"async\" class=\"wp-image-2359 alignleft\" src=\"https:\/\/sociaisaplicadas.ufpr.br\/decigi\/wp-content\/uploads\/sites\/5\/2021\/10\/asa_logo.jpg\" alt=\"\" width=\"136\" height=\"136\" \/><\/a><\/td>\n<td style=\"width: 484.594px\"><span style=\"font-family: arial, helvetica, sans-serif;color: #000000\">A <strong>Atl\u00e9tica de Sociais Aplicadas &#8211; ASA<\/strong>\u00a0da UFPR \u00e9 a entidade estudantil que representa os alunos do Setor de Ci\u00eancias Sociais Aplicadas, tem como objetivo integrar os alunos por meio de incentivo \u00e0s pr\u00e1ticas esportivas, torcida, bateria, e eventos, como a\u00e7\u00f5es sociais, campeonatos internos e externos.<\/span><\/td>\n<td style=\"width: 243.406px\"><span style=\"font-family: arial, helvetica, sans-serif;font-size: 10pt\"><span style=\"color: #000000\">Campus Bot\u00e2nico &#8211; UFPR<\/span><br \/>\n<span style=\"color: #000000\"> Av. Prefeito Loth\u00e1rio Meissner, 632<\/span><br \/>\n<span style=\"color: #000000\"> Jardim Bot\u00e2nico, Curitiba (PR), 80210-170<\/span><br \/>\n<a href=\"https:\/\/www.facebook.com\/asaufpr\/\">www.facebook.com\/asaufpr<\/a><br \/>\n<a href=\"https:\/\/www.instagram.com\/asaufpr\/\">www.instagram.com\/asaufpr<\/a><\/span><\/td>\n<\/tr>\n<tr>\n<td style=\"width: 91px\"><a href=\"https:\/\/sociaisaplicadas.ufpr.br\/decigi\/wp-content\/uploads\/sites\/5\/2021\/10\/cagi_logo.png\"><img loading=\"lazy\" decoding=\"async\" class=\"alignnone wp-image-2355\" src=\"https:\/\/sociaisaplicadas.ufpr.br\/decigi\/wp-content\/uploads\/sites\/5\/2021\/10\/cagi_logo.png\" alt=\"\" width=\"134\" height=\"134\" srcset=\"https:\/\/sociaisaplicadas.ufpr.br\/decigi\/wp-content\/uploads\/sites\/5\/2021\/10\/cagi_logo.png 200w, https:\/\/sociaisaplicadas.ufpr.br\/decigi\/wp-content\/uploads\/sites\/5\/2021\/10\/cagi_logo-150x150.png 150w\" sizes=\"auto, (max-width: 134px) 100vw, 134px\" \/><\/a><\/td>\n<td style=\"width: 484.594px\"><span style=\"font-family: arial, helvetica, sans-serif;color: #000000\">Centros ou diret\u00f3rios acad\u00eamicos representam os cursos das universidades, atendendo aos problemas gerais e desafios no seu interior. O <strong>Centro Acad\u00eamico de Gest\u00e3o da Informa\u00e7\u00e3o &#8211; CAGI<\/strong> tem por miss\u00e3o ser refer\u00eancia no movimento estudantil da UFPR por meio de uma gest\u00e3o participativa e colaborativa, atuando de forma efetiva na solu\u00e7\u00e3o das demandas dos discentes.\u00a0<\/span><span style=\"font-family: arial, helvetica, sans-serif;color: #000000\">Gest\u00e3o atual: &#8220;Pandas&#8221;<\/span><\/td>\n<td style=\"width: 243.406px\"><span style=\"font-family: arial, helvetica, sans-serif;font-size: 10pt\"><span style=\"color: #000000\">Campus Bot\u00e2nico &#8211; UFPR<\/span><br \/>\n<span style=\"color: #000000\"> Av. Prefeito Loth\u00e1rio Meissner, 632<\/span><br \/>\n<span style=\"color: #000000\"> Jardim Bot\u00e2nico, Curitiba (PR), 80210-170<\/span><br \/>\n<span style=\"color: #000000\"> cagiufpr@gmail.com<\/span><br \/>\n<a href=\"https:\/\/www.instagram.com\/cagiufpr\/\">www.instagram.com\/cagiufpr<\/a><\/span><\/td>\n<\/tr>\n<tr>\n<td style=\"width: 91px\"><a href=\"https:\/\/sociaisaplicadas.ufpr.br\/decigi\/wp-content\/uploads\/sites\/5\/2021\/10\/logo-jr-consultoria-azul.png\"><img loading=\"lazy\" decoding=\"async\" class=\"size-medium wp-image-2334 alignleft\" src=\"https:\/\/sociaisaplicadas.ufpr.br\/decigi\/wp-content\/uploads\/sites\/5\/2021\/10\/logo-jr-consultoria-azul-300x91.png\" alt=\"\" width=\"300\" height=\"91\" srcset=\"https:\/\/sociaisaplicadas.ufpr.br\/decigi\/wp-content\/uploads\/sites\/5\/2021\/10\/logo-jr-consultoria-azul-300x91.png 300w, https:\/\/sociaisaplicadas.ufpr.br\/decigi\/wp-content\/uploads\/sites\/5\/2021\/10\/logo-jr-consultoria-azul-768x233.png 768w, https:\/\/sociaisaplicadas.ufpr.br\/decigi\/wp-content\/uploads\/sites\/5\/2021\/10\/logo-jr-consultoria-azul-1024x311.png 1024w, https:\/\/sociaisaplicadas.ufpr.br\/decigi\/wp-content\/uploads\/sites\/5\/2021\/10\/logo-jr-consultoria-azul.png 1297w\" sizes=\"auto, (max-width: 300px) 100vw, 300px\" \/><\/a><\/td>\n<td style=\"width: 484.594px\"><span style=\"font-family: arial, helvetica, sans-serif;color: #000000\">A <strong>JR Consultoria<\/strong> \u00e9 uma Empresa J\u00fanior do Setor de Ci\u00eancias Sociais Aplicadas da Universidade Federal do Paran\u00e1 (UFPR). Atuando h\u00e1 mais de 20 anos, tem como miss\u00e3o desenvolver solu\u00e7\u00f5es por meio de consultorias para modelos de gest\u00e3o<\/span><\/td>\n<td style=\"width: 243.406px\"><span style=\"font-size: 10pt;color: #000000\"><span style=\"font-family: arial, helvetica, sans-serif\">Av. Prefeito Loth\u00e1rio Meissner, 632 &#8211; <\/span><span style=\"font-family: arial, helvetica, sans-serif\">Centro de<br \/>\n<\/span><span style=\"font-family: arial, helvetica, sans-serif\">Conviv\u00eancia &#8211; Sala 6 &#8211; Campus III &#8211; Jardim Bot\u00e2nico<br \/>\n<\/span><\/span><span style=\"font-family: arial, helvetica, sans-serif\"><span style=\"font-size: 10pt;color: #000000\">Curitiba, Paran\u00e1 80210-170, BR<\/span><br \/>\n<span style=\"font-size: 10pt;color: #000000\"> contato@jrconsultoria.com.br<\/span><br \/>\n<span style=\"font-size: 10pt\"> <a href=\"https:\/\/jrconsultoria.com.br\/\">www.jrconsultoria.com.br<\/a><\/span><\/span><\/td>\n<\/tr>\n<\/tbody>\n<\/table>\n<ul>\n<li><span style=\"font-family: arial, helvetica, sans-serif;color: #000000\">Tamb\u00e9m podem ser realizadas atividades de\u00a0<span style=\"color: #000000;font-size: 12pt\"><strong><span style=\"font-family: arial, helvetica, sans-serif\">Inicia\u00e7\u00e3o Cient\u00edfica, Monitoria, Extens\u00e3o<\/span><\/strong><span style=\"font-family: arial, helvetica, sans-serif\"> e entre outras. Verifique o\u00a0<a href=\"https:\/\/sociaisaplicadas.ufpr.br\/decigi\/wp-content\/uploads\/sites\/5\/2022\/05\/REGULAMENTO-DAS-ATIVIDADES-FORMATIVAS-1.pdf\" target=\"_blank\" rel=\"noopener\">Regulamento das Atividades Formativas Complementares<\/a><span style=\"color: #000000\">\u00a0para saber mais.<\/span><\/span><\/span><\/span><\/li>\n<\/ul>\n","protected":false},"excerpt":{"rendered":"<p>Editais: Edital CAFE n\u00ba 2025\/2 &#8211; Entrega de Atividades Formativas Complementares 06\/11 a 03\/12\/2025 *NOVO Edital CAFE n\u00ba 2025\/1 &#8211; Entrega de Atividades Formativas Complementares Edital CAFE n\u00ba 2024\/2 &#8211; Entrega de Atividades Formativas Complementares O que s\u00e3o? As Atividades Formativas Complementares fazem parte da flexibiliza\u00e7\u00e3o do curr\u00edculo de Gest\u00e3o da Informa\u00e7\u00e3o e tem como [&hellip;]<\/p>\n","protected":false},"author":2783,"featured_media":0,"parent":4096,"menu_order":0,"comment_status":"closed","ping_status":"closed","template":"","meta":{"_acf_changed":false,"footnotes":""},"class_list":["post-432","page","type-page","status-publish","hentry"],"acf":[],"_links":{"self":[{"href":"https:\/\/sociaisaplicadas.ufpr.br\/decigi\/wp-json\/wp\/v2\/pages\/432","targetHints":{"allow":["GET"]}}],"collection":[{"href":"https:\/\/sociaisaplicadas.ufpr.br\/decigi\/wp-json\/wp\/v2\/pages"}],"about":[{"href":"https:\/\/sociaisaplicadas.ufpr.br\/decigi\/wp-json\/wp\/v2\/types\/page"}],"author":[{"embeddable":true,"href":"https:\/\/sociaisaplicadas.ufpr.br\/decigi\/wp-json\/wp\/v2\/users\/2783"}],"replies":[{"embeddable":true,"href":"https:\/\/sociaisaplicadas.ufpr.br\/decigi\/wp-json\/wp\/v2\/comments?post=432"}],"version-history":[{"count":139,"href":"https:\/\/sociaisaplicadas.ufpr.br\/decigi\/wp-json\/wp\/v2\/pages\/432\/revisions"}],"predecessor-version":[{"id":11932,"href":"https:\/\/sociaisaplicadas.ufpr.br\/decigi\/wp-json\/wp\/v2\/pages\/432\/revisions\/11932"}],"up":[{"embeddable":true,"href":"https:\/\/sociaisaplicadas.ufpr.br\/decigi\/wp-json\/wp\/v2\/pages\/4096"}],"wp:attachment":[{"href":"https:\/\/sociaisaplicadas.ufpr.br\/decigi\/wp-json\/wp\/v2\/media?parent=432"}],"curies":[{"name":"wp","href":"https:\/\/api.w.org\/{rel}","templated":true}]}}