{"id":439,"date":"2017-02-10T18:14:55","date_gmt":"2017-02-10T18:14:55","guid":{"rendered":"https:\/\/sociaisaplicadas.ufpr.br\/decigi\/?page_id=439"},"modified":"2026-02-23T09:04:27","modified_gmt":"2026-02-23T12:04:27","slug":"editais-para-alunos","status":"publish","type":"page","link":"https:\/\/sociaisaplicadas.ufpr.br\/decigi\/para-alunos\/editais-para-alunos\/","title":{"rendered":"Editais para Alunos"},"content":{"rendered":"<ul>\n<li><span style=\"font-family: arial, helvetica, sans-serif\"><a href=\"https:\/\/sociaisaplicadas.ufpr.br\/decigi\/para-alunos\/editais-para-alunos\/apresentacoes-de-tcc\/\">Editais de Apresenta\u00e7\u00f5es de TCC<\/a>\u00a0<\/span><\/li>\n<li><span style=\"font-family: arial, helvetica, sans-serif\">Edital Per\u00edodo Especial e Planos de Ensino\u00a0<\/span><\/li>\n<li><span style=\"font-family: arial, helvetica, sans-serif\"><a href=\"https:\/\/sociaisaplicadas.ufpr.br\/decigi\/para-alunos\/editais-para-alunos\/exames\/\">Editais de Exames<\/a><\/span><\/li>\n<li><span style=\"font-family: arial, helvetica, sans-serif\"><a href=\"https:\/\/sociaisaplicadas.ufpr.br\/decigi\/para-alunos\/editais-para-alunos\/iniciacao-cientifica\/\">Editais de Inicia\u00e7\u00e3o Cient\u00edfica\u00a0<\/a><\/span><\/li>\n<li><span style=\"font-family: arial, helvetica, sans-serif\"><a href=\"https:\/\/sociaisaplicadas.ufpr.br\/decigi\/para-alunos\/editais-para-alunos\/monitoria\/\">Editais de Monitoria <strong><span style=\"color: #ff0000\">*NOVO<\/span><\/strong><\/a><\/span><\/li>\n<li><a href=\"https:\/\/sociaisaplicadas.ufpr.br\/decigi\/para-alunos\/editais-para-alunos\/pesquisa-e-extensao\/\" rel=\"noopener\"><span style=\"font-family: arial, helvetica, sans-serif\">Editais de Pesquisa e Extens\u00e3o <strong><span style=\"color: #ff0000\">*NOVO<\/span><\/strong><\/span><\/a><\/li>\n<\/ul>\n","protected":false},"excerpt":{"rendered":"<p>Editais de Apresenta\u00e7\u00f5es de TCC\u00a0 Edital Per\u00edodo Especial e Planos de Ensino\u00a0 Editais de Exames Editais de Inicia\u00e7\u00e3o Cient\u00edfica\u00a0 Editais de Monitoria *NOVO Editais de Pesquisa e Extens\u00e3o *NOVO<\/p>\n","protected":false},"author":2783,"featured_media":0,"parent":4096,"menu_order":0,"comment_status":"closed","ping_status":"closed","template":"","meta":{"_acf_changed":false,"footnotes":""},"class_list":["post-439","page","type-page","status-publish","hentry"],"acf":[],"_links":{"self":[{"href":"https:\/\/sociaisaplicadas.ufpr.br\/decigi\/wp-json\/wp\/v2\/pages\/439","targetHints":{"allow":["GET"]}}],"collection":[{"href":"https:\/\/sociaisaplicadas.ufpr.br\/decigi\/wp-json\/wp\/v2\/pages"}],"about":[{"href":"https:\/\/sociaisaplicadas.ufpr.br\/decigi\/wp-json\/wp\/v2\/types\/page"}],"author":[{"embeddable":true,"href":"https:\/\/sociaisaplicadas.ufpr.br\/decigi\/wp-json\/wp\/v2\/users\/2783"}],"replies":[{"embeddable":true,"href":"https:\/\/sociaisaplicadas.ufpr.br\/decigi\/wp-json\/wp\/v2\/comments?post=439"}],"version-history":[{"count":258,"href":"https:\/\/sociaisaplicadas.ufpr.br\/decigi\/wp-json\/wp\/v2\/pages\/439\/revisions"}],"predecessor-version":[{"id":12196,"href":"https:\/\/sociaisaplicadas.ufpr.br\/decigi\/wp-json\/wp\/v2\/pages\/439\/revisions\/12196"}],"up":[{"embeddable":true,"href":"https:\/\/sociaisaplicadas.ufpr.br\/decigi\/wp-json\/wp\/v2\/pages\/4096"}],"wp:attachment":[{"href":"https:\/\/sociaisaplicadas.ufpr.br\/decigi\/wp-json\/wp\/v2\/media?parent=439"}],"curies":[{"name":"wp","href":"https:\/\/api.w.org\/{rel}","templated":true}]}}