{"id":534,"date":"2018-01-17T15:32:22","date_gmt":"2018-01-17T15:32:22","guid":{"rendered":"https:\/\/sociaisaplicadas.ufpr.br\/decigi\/?page_id=534"},"modified":"2022-10-03T15:20:19","modified_gmt":"2022-10-03T15:20:19","slug":"pos-graduacao","status":"publish","type":"page","link":"https:\/\/sociaisaplicadas.ufpr.br\/decigi\/pos-graduacao\/","title":{"rendered":"P\u00f3s-Gradua\u00e7\u00e3o"},"content":{"rendered":"<ul>\n<li><a href=\"http:\/\/www.prppg.ufpr.br\/site\/ppggi\/pb\/\"><span style=\"font-family: arial, helvetica, sans-serif\">Mestrado e Doutorado<\/span><\/a><\/li>\n<li><a href=\"https:\/\/ge.ufpr.br\/\"><span style=\"font-family: arial, helvetica, sans-serif\">Especializa\u00e7\u00e3o<\/span><\/a><span style=\"text-decoration: underline\"><span style=\"color: #000000\"><br \/>\n<\/span><\/span><\/li>\n<\/ul>\n","protected":false},"excerpt":{"rendered":"<p>Mestrado e Doutorado Especializa\u00e7\u00e3o<\/p>\n","protected":false},"author":2783,"featured_media":0,"parent":0,"menu_order":0,"comment_status":"closed","ping_status":"closed","template":"","meta":{"_acf_changed":false,"footnotes":""},"class_list":["post-534","page","type-page","status-publish","hentry"],"acf":[],"_links":{"self":[{"href":"https:\/\/sociaisaplicadas.ufpr.br\/decigi\/wp-json\/wp\/v2\/pages\/534","targetHints":{"allow":["GET"]}}],"collection":[{"href":"https:\/\/sociaisaplicadas.ufpr.br\/decigi\/wp-json\/wp\/v2\/pages"}],"about":[{"href":"https:\/\/sociaisaplicadas.ufpr.br\/decigi\/wp-json\/wp\/v2\/types\/page"}],"author":[{"embeddable":true,"href":"https:\/\/sociaisaplicadas.ufpr.br\/decigi\/wp-json\/wp\/v2\/users\/2783"}],"replies":[{"embeddable":true,"href":"https:\/\/sociaisaplicadas.ufpr.br\/decigi\/wp-json\/wp\/v2\/comments?post=534"}],"version-history":[{"count":27,"href":"https:\/\/sociaisaplicadas.ufpr.br\/decigi\/wp-json\/wp\/v2\/pages\/534\/revisions"}],"predecessor-version":[{"id":4892,"href":"https:\/\/sociaisaplicadas.ufpr.br\/decigi\/wp-json\/wp\/v2\/pages\/534\/revisions\/4892"}],"wp:attachment":[{"href":"https:\/\/sociaisaplicadas.ufpr.br\/decigi\/wp-json\/wp\/v2\/media?parent=534"}],"curies":[{"name":"wp","href":"https:\/\/api.w.org\/{rel}","templated":true}]}}