{"id":5637,"date":"2023-05-18T12:24:07","date_gmt":"2023-05-18T12:24:07","guid":{"rendered":"https:\/\/sociaisaplicadas.ufpr.br\/decigi\/?page_id=5637"},"modified":"2026-04-16T14:27:19","modified_gmt":"2026-04-16T17:27:19","slug":"projeto-facel-fanac","status":"publish","type":"page","link":"https:\/\/sociaisaplicadas.ufpr.br\/decigi\/projeto-facel-fanac\/","title":{"rendered":"Projeto FACEL\/FANAC"},"content":{"rendered":"<h5><span style=\"font-family: arial, helvetica, sans-serif;font-size: 14pt;color: #000000\">Projeto Tratamento, salvaguarda e pesquisa aplicada em acervo acad\u00eamico do Ensino Superior<\/span><\/h5>\n<h4><span style=\"color: #000000\"><strong>Apresenta\u00e7\u00e3o<\/strong><\/span><\/h4>\n<p><span style=\"color: #000000\">Em cumprimento ao \u00a78\u00ba do Art. 6\u00ba da Portaria n\u00ba 996, de 17 de novembro de 2022, a Universidade Federal do Paran\u00e1 (UFPR), como Institui\u00e7\u00e3o Federal de Ensino Superior, \u00e9 respons\u00e1vel pela guarda e manuten\u00e7\u00e3o do acervo acad\u00eamico da Faculdade de Administra\u00e7\u00e3o, Ci\u00eancias, Educa\u00e7\u00e3o e Letras (FACEL &#8211; c\u00f3d. e-MEC 1257) e da Faculdade Nacional de Curitiba (FANAC &#8211; c\u00f3d. e-MEC 761). <strong>Essa responsabilidade limita-se ao acervo f\u00edsico e digital oficialmente transferido<\/strong>, conforme estabelecido pela Portaria Conjunta SERES\/SESU n\u00ba 4, de 12 de dezembro de 2023.<\/span><\/p>\n<h3>\u00a0<\/h3>\n<h4><span style=\"color: #000000\"><strong>Objetivos do Projeto<\/strong><\/span><\/h4>\n<p><span style=\"color: #000000\">O projeto, realizado pelo Departamento de Ci\u00eancia e Gest\u00e3o da Informa\u00e7\u00e3o (DeCiGI), tem como objetivo geral promover o tratamento, a salvaguarda e a pesquisa aplicada no acervo acad\u00eamico encontrado das faculdades FACEL e FANAC.<\/span><\/p>\n<p><span style=\"color: #000000\">Objetivos espec\u00edficos:<\/span><\/p>\n<p><span style=\"color: #000000\">&#8211; Realizar o tratamento arquiv\u00edstico da documenta\u00e7\u00e3o, aplicando t\u00e9cnicas de gest\u00e3o documental.<\/span><\/p>\n<p><span style=\"color: #000000\">&#8211; Assegurar a salvaguarda tempor\u00e1ria dos acervos na UFPR em condi\u00e7\u00f5es adequadas de preserva\u00e7\u00e3o.<\/span><\/p>\n<p><span style=\"color: #000000\">&#8211; Digitalizar e disponibilizar documentos acad\u00eamicos em ambiente de busca e recupera\u00e7\u00e3o de informa\u00e7\u00f5es.<\/span><\/p>\n<p><span style=\"color: #000000\">&#8211; Capacitar estudantes de gradua\u00e7\u00e3o e p\u00f3s-gradua\u00e7\u00e3o, produzir pesquisas cient\u00edficas, supervisionar p\u00f3s-doutorandos e promover eventos e cursos de extens\u00e3o.<\/span><\/p>\n<p><span style=\"color: #000000\">&#8211; Divulgar o tratamento documental realizado, garantindo transpar\u00eancia p\u00fablica.<\/span><\/p>\n<p><span style=\"color: #000000\">&#8211; Produzir e disseminar conhecimentos t\u00e9cnico-cient\u00edficos na \u00e1rea documental e arquiv\u00edstica.<\/span><\/p>\n<p><span style=\"color: #000000\">&#8211; Estimular a comunica\u00e7\u00e3o e o interc\u00e2mbio de experi\u00eancias entre comunidade acad\u00eamica e externa.<\/span><\/p>\n<p><span style=\"color: #000000\">&#8211; Desenvolver e aprimorar tecnologias e processos para o tratamento e a salvaguarda de acervos acad\u00eamicos.<\/span><\/p>\n<p><span style=\"color: #000000\">&#8211; Promover a transfer\u00eancia de know-how e tecnologias desenvolvidas durante o projeto.<\/span><\/p>\n<h4>\u00a0<\/h4>\n<h4><span style=\"color: #000000\"><strong>Cronograma e Atendimento aos Egressos<\/strong><\/span><\/h4>\n<p><span style=\"color: #000000\">O projeto prev\u00ea atividades at\u00e9 dezembro de 2025, conforme tabela demonstrada abaixo. A partir de 1\u00ba de agosto de 2025, a UFPR iniciar\u00e1 o atendimento aos egressos das extintas FACEL e FANAC para emiss\u00e3o de diplomas e disponibiliza\u00e7\u00e3o de documentos acad\u00eamicos.<\/span><\/p>\n<p><span style=\"color: #000000\">Para solicitar atendimento, preencha o requerimento (vers\u00e3o <a href=\"https:\/\/sociaisaplicadas.ufpr.br\/decigi\/wp-content\/uploads\/sites\/5\/2025\/08\/REQUERIMENTO-FACEL-FANAC-1.docx\">.docx<\/a>\u00a0vers\u00e3o <a href=\"https:\/\/sociaisaplicadas.ufpr.br\/decigi\/wp-content\/uploads\/sites\/5\/2025\/08\/REQUERIMENTO-FACEL-FANAC-1.pdf\">.pdf<\/a>), <strong>assine pelo site <a href=\"https:\/\/www.gov.br\/\">https:\/\/www.gov.br\/<\/a><\/strong> e envie para o e-mail para <strong>diplomas@ufpr.br<\/strong>.<\/span><\/p>\n<p><span style=\"color: #ff0000\"><strong>Aten\u00e7\u00e3o: O documento deve estar autenticado pelo plataforma gov.br.<\/strong><\/span><\/p>\n<p><span style=\"color: #000000\">Ap\u00f3s o recebimento da solicita\u00e7\u00e3o, a Unidade de Diplomas da UFPR far\u00e1 a busca por documentos comprobat\u00f3rios no acervo. O prazo para resposta \u00e9 de at\u00e9 60 dias, informando a possibilidade ou n\u00e3o de atendimento. Devido \u00e0 alta demanda, o prazo estipulado pode ser prorrogado por mais 60 dias.<\/span><\/p>\n<p><span style=\"color: #000000\">Fluxo de atendimento:<\/span><\/p>\n<p><span style=\"color: #000000\">1. Recebimento da solicita\u00e7\u00e3o.<\/span><br \/><span style=\"color: #000000\">2. Busca por documentos.<\/span><br \/><span style=\"color: #000000\">3. An\u00e1lise da solicita\u00e7\u00e3o.<\/span><br \/><span style=\"color: #000000\">4. Resposta \u00e0 solicita\u00e7\u00e3o.<\/span><\/p>\n<p><span style=\"color: #000000\">\u00c9 importante esclarecer que o atendimento da solicita\u00e7\u00e3o dar-se-\u00e1 conforme a localiza\u00e7\u00e3o da documenta\u00e7\u00e3o comprobat\u00f3ria presente no acervo acad\u00eamico, que, lembrando, foi disponibilizado \u00e0 UFPR de forma incompleta.<\/span><\/p>\n<p><span style=\"color: #000000\">Conforme Portaria Conjunta SERES\/SESU n\u00ba 4, de 12 de dezembro de 2023, &#8220;a responsabilidade da UFPR limita-se ao conte\u00fado do acervo f\u00edsico e ao conjunto de informa\u00e7\u00f5es contidas no banco de dados digital a ela transferidos, n\u00e3o havendo qualquer responsabilidade pela emiss\u00e3o de documentos acad\u00eamicos cujos dados e informa\u00e7\u00f5es estejam ausentes, incompletos ou inexistam.&#8221;.<\/span><\/p>\n<p><span style=\"color: #ff0000\"><strong>Aviso de Retirada de Diplomas e Documentos Acad\u00eamicos<\/strong><\/span><\/p>\n<p><span style=\"color: #000000\">Informamos aos egressos que possuem diploma emitido, conforme rela\u00e7\u00e3o publicada nesta p\u00e1gina, que o documento encontra-se dispon\u00edvel para retirada no Setor de Atendimento da Pr\u00f3-Reitoria de Gradua\u00e7\u00e3o e Educa\u00e7\u00e3o Profissional (PROGRAP).<\/span><\/p>\n<p><span style=\"color: #000000\"><strong>Informa\u00e7\u00f5es para Retirada:<\/strong><\/span><\/p>\n<p><span style=\"color: #000000\">Local: Setor de Atendimento da PROGRAP<\/span><\/p>\n<p><span style=\"color: #000000\">Endere\u00e7o: Pra\u00e7a Santos Andrade, 50 &#8211; Centro<\/span><\/p>\n<p><span style=\"color: #000000\">Hor\u00e1rio de Atendimento: Segunda a sexta-feira, das 09:00 \u00e0s 12:00 e das 14:00 \u00e0s 16:00.<\/span><\/p>\n<p><span style=\"color: #000000\"><strong>Documenta\u00e7\u00e3o Necess\u00e1ria:<\/strong><\/span><\/p>\n<p><span style=\"color: #000000\">Pelo titular: Apresenta\u00e7\u00e3o de documento oficial de identifica\u00e7\u00e3o com foto.<\/span><\/p>\n<p><span style=\"color: #000000\">Por terceiros: Apresenta\u00e7\u00e3o de documento de identifica\u00e7\u00e3o do representante e procura\u00e7\u00e3o reconhecida em cart\u00f3rio.<\/span><\/p>\n<p><span style=\"color: #000000\"><span style=\"color: #ff0000\"><strong>Aten\u00e7\u00e3o<\/strong><\/span> \u2013 <strong>Solicita\u00e7\u00e3o de Outros Documentos do Acervo<\/strong>: Caso o titular necessite retirar outros documentos que constem no acervo (al\u00e9m do diploma notificado nesta p\u00e1gina) e n\u00e3o tenha solicitado anteriormente, a solicita\u00e7\u00e3o dever\u00e1 ser realizada com anteced\u00eancia por e-mail, da mesma maneira que a solicita\u00e7\u00e3o inicial. O Setor de Atendimento n\u00e3o possui acesso direto ao acervo acad\u00eamico, atuando exclusivamente na entrega de documentos j\u00e1 processados e disponibilizados.<\/span><\/p>\n<p><span style=\"color: #000000\">A UFPR reafirma seu compromisso em buscar solu\u00e7\u00f5es para os problemas enfrentados pelos egressos da Facel e da Spei, decorrentes do descaso dessas institui\u00e7\u00f5es. Ciente das dificuldades enfrentadas pelos ex-alunos, a UFPR tem dedicado esfor\u00e7os para atender \u00e0s demandas apresentadas dentro da legalidade, garantindo o devido respaldo acad\u00eamico e administrativo necess\u00e1rio \u00e0 defesa dos direitos dos estudantes.<\/span><\/p>\n<table style=\"width: 100%;height: 437px\" width=\"580\">\n<tbody>\n<tr style=\"height: 23px\">\n<td style=\"height: 23px\" width=\"330\"><span style=\"color: #000000\"><strong>Atividade<\/strong><\/span><\/td>\n<td style=\"height: 23px\" width=\"137\"><span style=\"color: #000000\"><strong>Prazo<\/strong><\/span><\/td>\n<td style=\"height: 23px\" width=\"113\"><span style=\"color: #000000\"><strong>Status<\/strong><\/span><\/td>\n<\/tr>\n<tr style=\"height: 23px\" data-start=\"123\" data-end=\"169\">\n<td style=\"height: 23px\" width=\"330\" data-start=\"123\" data-end=\"143\" data-col-size=\"md\"><span style=\"color: #000000\">In\u00edcio do projeto<\/span><\/td>\n<td style=\"height: 23px\" width=\"137\" data-col-size=\"sm\" data-start=\"143\" data-end=\"156\"><span style=\"color: #000000\">23\/12\/2022<\/span><\/td>\n<td style=\"height: 23px\" width=\"113\" data-col-size=\"sm\" data-start=\"156\" data-end=\"169\"><span style=\"color: #000000\">Conclu\u00eddo<\/span><\/td>\n<\/tr>\n<tr style=\"height: 23px\" data-start=\"170\" data-end=\"244\">\n<td style=\"height: 23px\" width=\"330\" data-start=\"170\" data-end=\"209\" data-col-size=\"md\"><span style=\"color: #000000\">Planejamento e contrata\u00e7\u00e3o da equipe<\/span><\/td>\n<td style=\"height: 23px\" width=\"137\" data-col-size=\"sm\" data-start=\"209\" data-end=\"231\"><span style=\"color: #000000\">Dez\/2022 \u2013 Mar\/2023<\/span><\/td>\n<td style=\"height: 23px\" width=\"113\" data-col-size=\"sm\" data-start=\"231\" data-end=\"244\"><span style=\"color: #000000\">Conclu\u00eddo<\/span><\/td>\n<\/tr>\n<tr style=\"height: 23px\" data-start=\"245\" data-end=\"294\">\n<td style=\"height: 23px\" width=\"330\" data-start=\"245\" data-end=\"268\" data-col-size=\"md\"><span style=\"color: #000000\">Palestra de abertura<\/span><\/td>\n<td style=\"height: 23px\" width=\"137\" data-col-size=\"sm\" data-start=\"268\" data-end=\"281\"><span style=\"color: #000000\">22\/03\/2023<\/span><\/td>\n<td style=\"height: 23px\" width=\"113\" data-col-size=\"sm\" data-start=\"281\" data-end=\"294\"><span style=\"color: #000000\">Conclu\u00eddo<\/span><\/td>\n<\/tr>\n<tr style=\"height: 23px\" data-start=\"295\" data-end=\"358\">\n<td style=\"height: 23px\" width=\"330\" data-start=\"295\" data-end=\"327\" data-col-size=\"md\"><span style=\"color: #000000\">Curso: Documento Arquiv\u00edstico<\/span><\/td>\n<td style=\"height: 23px\" width=\"137\" data-col-size=\"sm\" data-start=\"327\" data-end=\"345\"><span style=\"color: #000000\">23 e 24\/03\/2023<\/span><\/td>\n<td style=\"height: 23px\" width=\"113\" data-col-size=\"sm\" data-start=\"345\" data-end=\"358\"><span style=\"color: #000000\">Conclu\u00eddo<\/span><\/td>\n<\/tr>\n<tr style=\"height: 23px\" data-start=\"359\" data-end=\"425\">\n<td style=\"height: 23px\" width=\"330\" data-start=\"359\" data-end=\"394\" data-col-size=\"md\"><span style=\"color: #000000\">Curso: Conserva\u00e7\u00e3o de Documentos<\/span><\/td>\n<td style=\"height: 23px\" width=\"137\" data-col-size=\"sm\" data-start=\"394\" data-end=\"412\"><span style=\"color: #000000\">22 a 24\/03\/2023<\/span><\/td>\n<td style=\"height: 23px\" width=\"113\" data-col-size=\"sm\" data-start=\"412\" data-end=\"425\"><span style=\"color: #000000\">Conclu\u00eddo<\/span><\/td>\n<\/tr>\n<tr style=\"height: 23px\" data-start=\"426\" data-end=\"491\">\n<td style=\"height: 23px\" width=\"330\" data-start=\"426\" data-end=\"465\" data-col-size=\"md\"><span style=\"color: #000000\">Transfer\u00eancia da documenta\u00e7\u00e3o \u00e0 UFPR<\/span><\/td>\n<td style=\"height: 23px\" width=\"137\" data-col-size=\"sm\" data-start=\"465\" data-end=\"478\"><span style=\"color: #000000\">abr\/23<\/span><\/td>\n<td style=\"height: 23px\" width=\"113\" data-col-size=\"sm\" data-start=\"478\" data-end=\"491\"><span style=\"color: #000000\">Conclu\u00eddo<\/span><\/td>\n<\/tr>\n<tr style=\"height: 23px\" data-start=\"492\" data-end=\"557\">\n<td style=\"height: 23px\" width=\"330\" data-start=\"492\" data-end=\"531\" data-col-size=\"md\"><span style=\"color: #000000\">Evento sobre sistemas informatizados<\/span><\/td>\n<td style=\"height: 23px\" width=\"137\" data-col-size=\"sm\" data-start=\"531\" data-end=\"544\"><span style=\"color: #000000\">jun\/23<\/span><\/td>\n<td style=\"height: 23px\" width=\"113\" data-col-size=\"sm\" data-start=\"544\" data-end=\"557\"><span style=\"color: #000000\">Conclu\u00eddo<\/span><\/td>\n<\/tr>\n<tr style=\"height: 23px\" data-start=\"558\" data-end=\"617\">\n<td style=\"height: 23px\" width=\"330\" data-start=\"558\" data-end=\"591\" data-col-size=\"md\"><span style=\"color: #000000\">Curso: sistemas informatizados<\/span><\/td>\n<td style=\"height: 23px\" width=\"137\" data-col-size=\"sm\" data-start=\"591\" data-end=\"604\"><span style=\"color: #000000\">jun\/23<\/span><\/td>\n<td style=\"height: 23px\" width=\"113\" data-col-size=\"sm\" data-start=\"604\" data-end=\"617\"><span style=\"color: #000000\">Conclu\u00eddo<\/span><\/td>\n<\/tr>\n<tr style=\"height: 23px\" data-start=\"618\" data-end=\"671\">\n<td style=\"height: 23px\" width=\"330\" data-start=\"618\" data-end=\"645\" data-col-size=\"md\"><span style=\"color: #000000\">Relat\u00f3rio parcial ao MEC<\/span><\/td>\n<td style=\"height: 23px\" width=\"137\" data-col-size=\"sm\" data-start=\"645\" data-end=\"658\"><span style=\"color: #000000\">jun\/23<\/span><\/td>\n<td style=\"height: 23px\" width=\"113\" data-col-size=\"sm\" data-start=\"658\" data-end=\"671\"><span style=\"color: #000000\">Conclu\u00eddo<\/span><\/td>\n<\/tr>\n<tr style=\"height: 23px\" data-start=\"672\" data-end=\"733\">\n<td style=\"height: 23px\" width=\"330\" data-start=\"672\" data-end=\"706\" data-col-size=\"md\"><span style=\"color: #000000\">Curso: digitaliza\u00e7\u00e3o de acervos<\/span><\/td>\n<td style=\"height: 23px\" width=\"137\" data-col-size=\"sm\" data-start=\"706\" data-end=\"720\"><span style=\"color: #000000\">ago\/23<\/span><\/td>\n<td style=\"height: 23px\" width=\"113\" data-col-size=\"sm\" data-start=\"720\" data-end=\"733\"><span style=\"color: #000000\">Conclu\u00eddo<\/span><\/td>\n<\/tr>\n<tr style=\"height: 23px\" data-start=\"734\" data-end=\"813\">\n<td style=\"height: 23px\" width=\"330\" data-start=\"734\" data-end=\"784\" data-col-size=\"md\"><span style=\"color: #000000\">Semin\u00e1rio sobre documenta\u00e7\u00e3o do ensino superior<\/span><\/td>\n<td style=\"height: 23px\" width=\"137\" data-col-size=\"sm\" data-start=\"784\" data-end=\"800\"><span style=\"color: #000000\">set\/23<\/span><\/td>\n<td style=\"height: 23px\" width=\"113\" data-col-size=\"sm\" data-start=\"800\" data-end=\"813\"><span style=\"color: #000000\">Conclu\u00eddo<\/span><\/td>\n<\/tr>\n<tr style=\"height: 23px\" data-start=\"814\" data-end=\"873\">\n<td style=\"height: 23px\" width=\"330\" data-start=\"814\" data-end=\"838\" data-col-size=\"md\"><span style=\"color: #000000\">Divulga\u00e7\u00e3o cient\u00edfica<\/span><\/td>\n<td style=\"height: 23px\" width=\"137\" data-col-size=\"sm\" data-start=\"838\" data-end=\"860\"><span style=\"color: #000000\">Dez\/2023 \u2013 Abr\/2024<\/span><\/td>\n<td style=\"height: 23px\" width=\"113\" data-col-size=\"sm\" data-start=\"860\" data-end=\"873\"><span style=\"color: #000000\">Conclu\u00eddo<\/span><\/td>\n<\/tr>\n<tr style=\"height: 46px\" data-start=\"874\" data-end=\"934\">\n<td style=\"height: 46px\" width=\"330\" data-start=\"874\" data-end=\"894\" data-col-size=\"md\"><span style=\"color: #000000\">Audi\u00eancia p\u00fablica<\/span><\/td>\n<td style=\"height: 46px\" width=\"137\" data-col-size=\"sm\" data-start=\"894\" data-end=\"916\"><span style=\"color: #000000\">Dez\/2023 \u2013 Abr\/2025<\/span><\/td>\n<td style=\"height: 46px\" width=\"113\" data-col-size=\"sm\" data-start=\"916\" data-end=\"934\"><span style=\"color: #000000\">Aguardando Provid\u00eancias<\/span><\/td>\n<\/tr>\n<tr style=\"height: 23px\" data-start=\"935\" data-end=\"1008\">\n<td style=\"height: 23px\" width=\"330\" data-start=\"935\" data-end=\"973\" data-col-size=\"md\"><span style=\"color: #000000\">Publica\u00e7\u00e3o de produ\u00e7\u00f5es cient\u00edficas<\/span><\/td>\n<td style=\"height: 23px\" width=\"137\" data-col-size=\"sm\" data-start=\"973\" data-end=\"995\"><span style=\"color: #000000\">Dez\/2023 \u2013 Dez\/2025<\/span><\/td>\n<td style=\"height: 23px\" width=\"113\" data-col-size=\"sm\" data-start=\"995\" data-end=\"1008\"><span style=\"color: #000000\">Conclu\u00eddo<\/span><\/td>\n<\/tr>\n<tr style=\"height: 23px\" data-start=\"1009\" data-end=\"1080\">\n<td style=\"height: 23px\" width=\"330\" data-start=\"1009\" data-end=\"1051\" data-col-size=\"md\"><span style=\"color: #000000\">In\u00edcio da equipe da Unidade de Diplomas<\/span><\/td>\n<td style=\"height: 23px\" width=\"137\" data-start=\"1051\" data-end=\"1064\" data-col-size=\"sm\"><span style=\"color: #000000\">abril\/26<\/span><\/td>\n<td style=\"height: 23px\" width=\"113\" data-start=\"1064\" data-end=\"1080\" data-col-size=\"sm\"><span style=\"color: #000000\">Em andamento<\/span><\/td>\n<\/tr>\n<tr style=\"height: 23px\" data-start=\"1081\" data-end=\"1160\">\n<td style=\"height: 23px\" width=\"330\" data-start=\"1081\" data-end=\"1130\" data-col-size=\"md\"><span style=\"color: #000000\">In\u00edcio das solicita\u00e7\u00f5es na Unidade de Diplomas<\/span><\/td>\n<td style=\"height: 23px\" width=\"137\" data-start=\"1130\" data-end=\"1144\" data-col-size=\"sm\"><span style=\"color: #000000\">abril\/26<\/span><\/td>\n<td style=\"height: 23px\" width=\"113\" data-start=\"1144\" data-end=\"1160\" data-col-size=\"sm\"><span style=\"color: #000000\">Em andamento<\/span><\/td>\n<\/tr>\n<tr style=\"height: 23px\" data-start=\"1161\" data-end=\"1231\">\n<td style=\"height: 23px\" width=\"330\" data-start=\"1161\" data-end=\"1199\" data-col-size=\"md\"><span style=\"color: #000000\">Fundos FACEL e FANAC tratados<\/span><\/td>\n<td style=\"height: 23px\" width=\"137\" data-start=\"1199\" data-end=\"1215\" data-col-size=\"sm\"><span style=\"color: #000000\">abril\/26<\/span><\/td>\n<td style=\"height: 23px\" width=\"113\" data-start=\"1215\" data-end=\"1231\" data-col-size=\"sm\"><span style=\"color: #000000\">Em andamento<\/span><\/td>\n<\/tr>\n<\/tbody>\n<\/table>\n<h3>\u00a0<\/h3>\n<h4><span style=\"color: #000000\"><strong>Contato e Informa\u00e7\u00f5es Finais<\/strong><\/span><\/h4>\n<p><span style=\"color: #000000\">As atividades abertas ao p\u00fablico est\u00e3o sendo divulgadas pelos canais oficiais da UFPR e do DeCiGI.<\/span><\/p>\n<p><span style=\"color: #000000\">D\u00favidas adicionais devem ser encaminhadas <strong><span style=\"color: #ff0000\">exclusivamente<\/span> para o e-mail facel.fanac@ufpr.br<\/strong> (prazo m\u00e9dio de resposta: 30 dias \u00fateis).<\/span><\/p>\n<p><span style=\"color: #000000\">Por motivos de seguran\u00e7a e privacidade, n\u00e3o ser\u00e3o prestadas informa\u00e7\u00f5es por outros canais. Os(as) integrantes do projeto assinaram Termos de Sigilo e n\u00e3o est\u00e3o autorizados(as) a fornecer informa\u00e7\u00f5es, c\u00f3pias ou acessos aos documentos antes da conclus\u00e3o dos trabalhos.<\/span><\/p>\n<h5><span style=\"font-family: arial, helvetica, sans-serif;font-size: 14pt\">Documentos relevantes:<\/span><\/h5>\n<ul>\n<li><a href=\"https:\/\/sociaisaplicadas.ufpr.br\/decigi\/wp-content\/uploads\/sites\/5\/2024\/12\/relatorioTecnicoParcial_1.pdf\">Relat\u00f3rio 1\u00a0 &#8211; Cont\u00e9m invent\u00e1rio parcial preliminar de nomes<\/a><\/li>\n<li><a href=\"https:\/\/sociaisaplicadas.ufpr.br\/decigi\/wp-content\/uploads\/sites\/5\/2024\/12\/RelatorioTecnicoParcial_2.pdf\">Relat\u00f3rio 2<\/a><\/li>\n<li>Lista atualizada de diplomas emitidos pela UDIP\/UFPR <span style=\"color: #ff0000\">*EM BREVE<\/span><\/li>\n<li><a href=\"https:\/\/www.gov.br\/fnde\/pt-br\/acesso-a-informacao\/estrategia-governanca\/gestao-da-estrategia\/desempenho-institucional\/2022-resultado-parcial.pdf\">Portaria n\u00ba 996, de 17 de novembro de 2022<\/a><\/li>\n<li><a href=\"https:\/\/sociaisaplicadas.ufpr.br\/decigi\/wp-content\/uploads\/sites\/5\/2024\/01\/portaria_841_final.pdf\">Portaria conjunta SERES\/SESU n\u00ba de 12 de dezembro de 2023<\/a><\/li>\n<\/ul>\n\n\n\n\n\n","protected":false},"excerpt":{"rendered":"<p>Projeto Tratamento, salvaguarda e pesquisa aplicada em acervo acad\u00eamico do Ensino Superior Apresenta\u00e7\u00e3o Em cumprimento ao \u00a78\u00ba do Art. 6\u00ba da Portaria n\u00ba 996, de 17 de novembro de 2022, a Universidade Federal do Paran\u00e1 (UFPR), como Institui\u00e7\u00e3o Federal de Ensino Superior, \u00e9 respons\u00e1vel pela guarda e manuten\u00e7\u00e3o do acervo acad\u00eamico da Faculdade de Administra\u00e7\u00e3o, [&hellip;]<\/p>\n","protected":false},"author":2806,"featured_media":0,"parent":0,"menu_order":0,"comment_status":"closed","ping_status":"closed","template":"","meta":{"_acf_changed":false,"footnotes":""},"class_list":["post-5637","page","type-page","status-publish","hentry"],"acf":[],"_links":{"self":[{"href":"https:\/\/sociaisaplicadas.ufpr.br\/decigi\/wp-json\/wp\/v2\/pages\/5637","targetHints":{"allow":["GET"]}}],"collection":[{"href":"https:\/\/sociaisaplicadas.ufpr.br\/decigi\/wp-json\/wp\/v2\/pages"}],"about":[{"href":"https:\/\/sociaisaplicadas.ufpr.br\/decigi\/wp-json\/wp\/v2\/types\/page"}],"author":[{"embeddable":true,"href":"https:\/\/sociaisaplicadas.ufpr.br\/decigi\/wp-json\/wp\/v2\/users\/2806"}],"replies":[{"embeddable":true,"href":"https:\/\/sociaisaplicadas.ufpr.br\/decigi\/wp-json\/wp\/v2\/comments?post=5637"}],"version-history":[{"count":81,"href":"https:\/\/sociaisaplicadas.ufpr.br\/decigi\/wp-json\/wp\/v2\/pages\/5637\/revisions"}],"predecessor-version":[{"id":12360,"href":"https:\/\/sociaisaplicadas.ufpr.br\/decigi\/wp-json\/wp\/v2\/pages\/5637\/revisions\/12360"}],"wp:attachment":[{"href":"https:\/\/sociaisaplicadas.ufpr.br\/decigi\/wp-json\/wp\/v2\/media?parent=5637"}],"curies":[{"name":"wp","href":"https:\/\/api.w.org\/{rel}","templated":true}]}}