{"id":12375,"date":"2025-09-25T19:10:43","date_gmt":"2025-09-25T19:10:43","guid":{"rendered":"https:\/\/sociaisaplicadas.ufpr.br\/depecon\/?page_id=12375"},"modified":"2026-02-25T12:15:10","modified_gmt":"2026-02-25T12:15:10","slug":"monografia-2","status":"publish","type":"page","link":"https:\/\/sociaisaplicadas.ufpr.br\/depecon\/monografia-2\/","title":{"rendered":"Monografia"},"content":{"rendered":"\n<div style=\"height:30px\" aria-hidden=\"true\" class=\"wp-block-spacer\"><\/div>\n\n\n\n<h5 class=\"wp-block-heading\">Edital de Monografia II<\/h5>\n\n\n\n<div style=\"height:30px\" aria-hidden=\"true\" class=\"wp-block-spacer\"><\/div>\n\n\n\n<p><a href=\"https:\/\/sociaisaplicadas.ufpr.br\/depecon\/wp-content\/uploads\/sites\/6\/2026\/02\/Edital-de-monografia-1-2026.pdf\" target=\"_blank\" rel=\"noreferrer noopener\">Edital de monografia 1-2026<\/a><\/p>\n\n\n\n<div style=\"height:20px\" aria-hidden=\"true\" class=\"wp-block-spacer\"><\/div>\n\n\n\n<p><a href=\"https:\/\/sociaisaplicadas.ufpr.br\/depecon\/wp-content\/uploads\/sites\/6\/2023\/03\/Res-37-97-CEPE-atividades-acad\u00eamicas-alterada-pela-Res.-10-19-CEPE.pdf\" target=\"_blank\" rel=\"noopener\">Res-37-97-CEPE-atividades-acad\u00eamicas-alterada-pela-Res.-10-19-CEPE<\/a><\/p>\n\n\n\n<p><strong>SE\u00c7\u00c3O II<\/strong><br><strong>As Avalia\u00e7\u00e3o em Est\u00e1gios, Monografias e Projetos<\/strong><br><strong>Art. 98 &#8211;<\/strong>Nas disciplinas formal e previamente identificadas pelo colegiado do curso como&nbsp;Est\u00e1gio e Monografia, a avalia\u00e7\u00e3o obedecer\u00e1 \u00e0s seguintes condi\u00e7\u00f5es de aprova\u00e7\u00e3o:<br><strong>II &#8211; Monografia \u2013<\/strong> desenvolver as atividades exigidas pelo professor orientador,&nbsp;formalmente definidas como necess\u00e1rias no Plano de Ensino da disciplina e&nbsp;obter, no m\u00ednimo, grau num\u00e9rico cinquenta (50) de m\u00e9dia aritm\u00e9tica, na escala&nbsp;de zero (0) a cem (100), no conjunto das tarefas realizadas, inclu\u00edda a defesa&nbsp;p\u00fablica, quando exigida.<\/p>\n\n\n\n<p><a href=\"https:\/\/sociaisaplicadas.ufpr.br\/depecon\/docentes\/\" target=\"_blank\" rel=\"noopener\">Lista dos Docentes<\/a><\/p>\n\n\n\n<p><a href=\"https:\/\/sociaisaplicadas.ufpr.br\/depecon\/wp-content\/uploads\/sites\/6\/2022\/05\/Orienta\u00e7\u00f5es-sobre-Ficha-Catalogr\u00e1fica-da-Biblioteca-UFPR.pdf\" target=\"_blank\" rel=\"noopener\">Orienta\u00e7\u00f5es sobre Ficha Catalogr\u00e1fica da Biblioteca UFPR 20\/05\/2022<\/a><\/p>\n\n\n\n<p><a href=\"https:\/\/sociaisaplicadas.ufpr.br\/depecon\/wp-content\/uploads\/sites\/6\/2023\/05\/Solicita\u00e7\u00e3o-n\u00e3o-divulga\u00e7\u00e3o-de-monografia-de-gradua\u00e7\u00e3o-19022020-1.pdf\" target=\"_blank\" rel=\"noopener\">SOLICITA\u00c7\u00c3O DE N\u00c3O-DIVULGA\u00c7\u00c3O DE MONOGRAFIA DE GRADUA\u00c7\u00c3O NO REPOSIT\u00d3RIO DIGITAL INSTITUCIONAL DA UFPR<\/a><\/p>\n\n\n\n<p><a href=\"https:\/\/sociaisaplicadas.ufpr.br\/depecon\/wp-content\/uploads\/sites\/6\/2024\/03\/Regulamento-Monografias-TCC-versao-final-2024.pdf\">Regulamento Monografias (TCC) &#8211; vers\u00e3o final 2024 (18\/03\/2024)<\/a><\/p>\n\n\n\n<div style=\"height:50px\" aria-hidden=\"true\" class=\"wp-block-spacer\"><\/div>\n\n\n\n<p>\u00daltima atualiza\u00e7\u00e3o: 25\/02\/2026, por Jaqueline.<\/p>\n","protected":false},"excerpt":{"rendered":"<p>Edital de Monografia II Edital de monografia 1-2026 Res-37-97-CEPE-atividades-acad\u00eamicas-alterada-pela-Res.-10-19-CEPE SE\u00c7\u00c3O IIAs Avalia\u00e7\u00e3o em Est\u00e1gios, Monografias e ProjetosArt. 98 &#8211;Nas disciplinas formal e previamente identificadas pelo colegiado do curso como&nbsp;Est\u00e1gio e Monografia, a avalia\u00e7\u00e3o obedecer\u00e1 \u00e0s seguintes condi\u00e7\u00f5es de aprova\u00e7\u00e3o:II &#8211; Monografia \u2013 desenvolver as atividades exigidas pelo professor orientador,&nbsp;formalmente definidas como necess\u00e1rias no Plano de [&hellip;]<\/p>\n","protected":false},"author":2785,"featured_media":0,"parent":0,"menu_order":0,"comment_status":"closed","ping_status":"closed","template":"","meta":{"_acf_changed":false,"footnotes":""},"class_list":["post-12375","page","type-page","status-publish","hentry"],"acf":[],"_links":{"self":[{"href":"https:\/\/sociaisaplicadas.ufpr.br\/depecon\/wp-json\/wp\/v2\/pages\/12375","targetHints":{"allow":["GET"]}}],"collection":[{"href":"https:\/\/sociaisaplicadas.ufpr.br\/depecon\/wp-json\/wp\/v2\/pages"}],"about":[{"href":"https:\/\/sociaisaplicadas.ufpr.br\/depecon\/wp-json\/wp\/v2\/types\/page"}],"author":[{"embeddable":true,"href":"https:\/\/sociaisaplicadas.ufpr.br\/depecon\/wp-json\/wp\/v2\/users\/2785"}],"replies":[{"embeddable":true,"href":"https:\/\/sociaisaplicadas.ufpr.br\/depecon\/wp-json\/wp\/v2\/comments?post=12375"}],"version-history":[{"count":7,"href":"https:\/\/sociaisaplicadas.ufpr.br\/depecon\/wp-json\/wp\/v2\/pages\/12375\/revisions"}],"predecessor-version":[{"id":13284,"href":"https:\/\/sociaisaplicadas.ufpr.br\/depecon\/wp-json\/wp\/v2\/pages\/12375\/revisions\/13284"}],"wp:attachment":[{"href":"https:\/\/sociaisaplicadas.ufpr.br\/depecon\/wp-json\/wp\/v2\/media?parent=12375"}],"curies":[{"name":"wp","href":"https:\/\/api.w.org\/{rel}","templated":true}]}}