{"id":130,"date":"2021-07-26T00:38:10","date_gmt":"2021-07-26T00:38:10","guid":{"rendered":"https:\/\/sociaisaplicadas.ufpr.br\/depecon\/?page_id=130"},"modified":"2026-02-12T18:15:17","modified_gmt":"2026-02-12T18:15:17","slug":"estrutura-administrativa-2","status":"publish","type":"page","link":"https:\/\/sociaisaplicadas.ufpr.br\/depecon\/estrutura-administrativa-2\/","title":{"rendered":"Estrutura Administrativa"},"content":{"rendered":"\n<div style=\"height:30px\" aria-hidden=\"true\" class=\"wp-block-spacer\"><\/div>\n\n\n\n<h2 class=\"wp-block-heading\"><strong>Departamento de Economia<\/strong><\/h2>\n\n\n\n<div style=\"height:19px\" aria-hidden=\"true\" class=\"wp-block-spacer\"><\/div>\n\n\n\n<p class=\"rteleft\">Chefe: Prof. Dr. Fabiano Abranches Silva Dalto &#8211; 3360-4402 &#8211; <a href=\"mailto:dalto@ufpr.br\">dalto@ufpr.br<\/a><\/p>\n\n\n\n<p>Suplente de Chefe: Prof. Dr. Wellington da Silva Pereira &#8211; <a href=\"mailto:wdspereira@ufpr.br\">wdspereira@ufpr.br<\/a><\/p>\n\n\n\n<p><a href=\"https:\/\/sociaisaplicadas.ufpr.br\/depecon\/wp-content\/uploads\/sites\/6\/2025\/03\/b68fd70f-73fa-408d-ac0d-5105b4f18c60.pdf\" target=\"_blank\" rel=\"noreferrer noopener\">Comiss\u00f5es do Departamento de Economia<\/a><\/p>\n\n\n\n<div style=\"height:30px\" aria-hidden=\"true\" class=\"wp-block-spacer\"><\/div>\n\n\n\n<h2 class=\"wp-block-heading rteleft\"><b>Secretaria do Departamento de Economia<\/b><\/h2>\n\n\n\n<div style=\"height:19px\" aria-hidden=\"true\" class=\"wp-block-spacer\"><\/div>\n\n\n\n<p>Jaqueline de Oliveira Ferreira Gon\u00e7alves &#8211; <a href=\"mailto:depecon@ufpr.br\">depecon@ufpr.br<\/a><\/p>\n\n\n\n<p>Mary Anne Muraski Nowak &#8211;&nbsp;<a href=\"mailto:depecon@ufpr.br\">depecon@ufpr.br<\/a><\/p>\n\n\n\n<div style=\"height:30px\" aria-hidden=\"true\" class=\"wp-block-spacer\"><\/div>\n\n\n\n<h2 class=\"wp-block-heading rteleft\"><b>Coordena\u00e7\u00e3o do Curso de Gradua\u00e7\u00e3o em Ci\u00eancias Econ\u00f4micas<\/b><\/h2>\n\n\n\n<div style=\"height:19px\" aria-hidden=\"true\" class=\"wp-block-spacer\"><\/div>\n\n\n\n<p class=\"rteleft\">Coordenador: Prof. Dr.&nbsp; Victor Rodrigues de Oliveira &nbsp; \u2013&nbsp;<a title=\"mailto:coordeco@ufpr.br\" href=\"mailto:coordeco@ufpr.br\" data-linkindex=\"3\">coordeco@ufpr.br<\/a><\/p>\n\n\n\n<p class=\"rteleft\">Vice-Coordenadora: Prof. Dr.\u00aa Mar\u00edndia Brites \u2013\u00a0<a title=\"mailto:coordeco@ufpr.br\" data-linkindex=\"4\" href=\"mailto:coordeco@ufpr.br\">coordeco@ufpr.br<\/a><\/p>\n\n\n\n<div style=\"height:30px\" aria-hidden=\"true\" class=\"wp-block-spacer\"><\/div>\n\n\n\n<h2 class=\"wp-block-heading rteleft\"><b>Secretaria do Curso de Gradua\u00e7\u00e3o em Ci\u00eancias Econ\u00f4micas<\/b><\/h2>\n\n\n\n<p class=\"rteleft\">Camila Pasquini de Souza &#8211; <a href=\"mailto:coordeco@ufpr.br\">coordeco@ufpr.br<\/a><\/p>\n\n\n\n<p class=\"rteleft\">Lucas Lopes Soares &#8211;&nbsp;<a href=\"mailto:coordeco@ufpr.br\">coordeco@ufpr.br<\/a><\/p>\n\n\n\n<p><\/p>\n\n\n\n<div style=\"height:30px\" aria-hidden=\"true\" class=\"wp-block-spacer\"><\/div>\n\n\n\n<h2 class=\"wp-block-heading rteleft\"><b>P\u00f3s-Gradua\u00e7\u00e3o em Desenvolvimento Econ\u00f4mico\/PPGDE<\/b><\/h2>\n\n\n\n<div style=\"height:19px\" aria-hidden=\"true\" class=\"wp-block-spacer\"><\/div>\n\n\n\n<p class=\"rteleft\">Coordenador: Prof. Dr. Hugo Carcanholo Iasco Pereira<b> &#8211; <\/b><a href=\"mailto:ppgde@ufpr.br\">ppgde@ufpr.br<\/a><\/p>\n\n\n\n<p>Vice-Coordenador:\u00a0Prof. Dr. Felipe Orsolin Teixeira &#8211;\u00a0<a href=\"mailto:ppgde@ufpr.br\">ppgde@ufpr.br<\/a><\/p>\n\n\n\n<div style=\"height:30px\" aria-hidden=\"true\" class=\"wp-block-spacer\"><\/div>\n\n\n\n<h2 class=\"wp-block-heading rteleft\"><b>Secretaria do Programa de P\u00f3s-Gradua\u00e7\u00e3o em Desenvolvimento Econ\u00f4mico<\/b><\/h2>\n\n\n\n<div style=\"height:19px\" aria-hidden=\"true\" class=\"wp-block-spacer\"><\/div>\n\n\n\n<p>La\u00eds de Lima Rocha &#8211;&nbsp;<a href=\"mailto:ppgde@ufpr.br\">ppgde@ufpr.br<\/a><\/p>\n\n\n\n<div style=\"height:30px\" aria-hidden=\"true\" class=\"wp-block-spacer\"><\/div>\n\n\n\n<h2 class=\"wp-block-heading rteleft\"><b>P\u00f3s-Gradua\u00e7\u00e3o em Pol\u00edticas P\u00fablicas (4P)<\/b><\/h2>\n\n\n\n<div style=\"height:19px\" aria-hidden=\"true\" class=\"wp-block-spacer\"><\/div>\n\n\n\n<p class=\"rteleft\">Coordenador: Prof. Dr.\u00a0Marcos Paulo Fuck<\/p>\n\n\n\n<p class=\"rteleft\">Vice-Coordenador: Prof. Dr. Luis Claudio Krajevski<\/p>\n\n\n\n<div style=\"height:30px\" aria-hidden=\"true\" class=\"wp-block-spacer\"><\/div>\n\n\n\n<h2 class=\"wp-block-heading rteleft\"><b>Secretaria do Programa de P\u00f3s-Gradua\u00e7\u00e3o em Pol\u00edticas P\u00fablicas (4P)<\/b><\/h2>\n\n\n\n<p class=\"rteleft\">ALINE FONTES C. WAENGA &#8211; <a href=\"mailto:politicaspublicas@ufpr.br\">politicaspublicas@ufpr.br<\/a><\/p>\n\n\n\n<div style=\"height:30px\" aria-hidden=\"true\" class=\"wp-block-spacer\"><\/div>\n\n\n\n<h2 class=\"wp-block-heading rteleft\"><b>Programa Profissional de P\u00f3s-Gradua\u00e7\u00e3o em Economia &#8211; PPGEcon<\/b><\/h2>\n\n\n\n<div style=\"height:19px\" aria-hidden=\"true\" class=\"wp-block-spacer\"><\/div>\n\n\n\n<p><strong>Mestrado Profissional em Economia<\/strong><\/p>\n\n\n\n<p class=\"rteleft\">Coordenador<b>: <\/b>Prof. Dr. Jose Guilherme Silva Vieira &#8211;&nbsp;<a href=\"ppgecon@ufpr.br\">ppgecon@ufpr.br<\/a><\/p>\n\n\n\n<p>Vice-Coordenador: Prof. Dr. Ricardo Lobato Torres &#8211;&nbsp;<a href=\"ppgecon@ufpr.br\">ppgecon@ufpr.br<\/a><\/p>\n\n\n\n<div style=\"height:30px\" aria-hidden=\"true\" class=\"wp-block-spacer\"><\/div>\n\n\n\n<h2 class=\"wp-block-heading rteleft\"><b>Secretaria do Programa Profissional de P\u00f3s-Gradua\u00e7\u00e3o em Economia &#8211; PPGEcon<\/b><\/h2>\n\n\n\n<div style=\"height:19px\" aria-hidden=\"true\" class=\"wp-block-spacer\"><\/div>\n\n\n\n<p class=\"rteleft\">Julian Vosgerau &#8211;&nbsp;<a href=\"ppgdemp.ufpr@gmail.com\">ppgecon@ufpr.br<\/a><\/p>\n\n\n\n<p class=\"rteleft\">Acesso no SEI: <strong>UFPR\/R\/SA\/PPGEcon<\/strong><\/p>\n\n\n\n<div style=\"height:100px\" aria-hidden=\"true\" class=\"wp-block-spacer\"><\/div>\n","protected":false},"excerpt":{"rendered":"<p>Departamento de Economia Chefe: Prof. Dr. Fabiano Abranches Silva Dalto &#8211; 3360-4402 &#8211; dalto@ufpr.br Suplente de Chefe: Prof. Dr. Wellington da Silva Pereira &#8211; wdspereira@ufpr.br Comiss\u00f5es do Departamento de Economia Secretaria do Departamento de Economia Jaqueline de Oliveira Ferreira Gon\u00e7alves &#8211; depecon@ufpr.br Mary Anne Muraski Nowak &#8211;&nbsp;depecon@ufpr.br Coordena\u00e7\u00e3o do Curso de Gradua\u00e7\u00e3o em Ci\u00eancias Econ\u00f4micas [&hellip;]<\/p>\n","protected":false},"author":2785,"featured_media":0,"parent":0,"menu_order":0,"comment_status":"closed","ping_status":"closed","template":"","meta":{"_acf_changed":false,"footnotes":""},"class_list":["post-130","page","type-page","status-publish","hentry"],"acf":[],"_links":{"self":[{"href":"https:\/\/sociaisaplicadas.ufpr.br\/depecon\/wp-json\/wp\/v2\/pages\/130","targetHints":{"allow":["GET"]}}],"collection":[{"href":"https:\/\/sociaisaplicadas.ufpr.br\/depecon\/wp-json\/wp\/v2\/pages"}],"about":[{"href":"https:\/\/sociaisaplicadas.ufpr.br\/depecon\/wp-json\/wp\/v2\/types\/page"}],"author":[{"embeddable":true,"href":"https:\/\/sociaisaplicadas.ufpr.br\/depecon\/wp-json\/wp\/v2\/users\/2785"}],"replies":[{"embeddable":true,"href":"https:\/\/sociaisaplicadas.ufpr.br\/depecon\/wp-json\/wp\/v2\/comments?post=130"}],"version-history":[{"count":92,"href":"https:\/\/sociaisaplicadas.ufpr.br\/depecon\/wp-json\/wp\/v2\/pages\/130\/revisions"}],"predecessor-version":[{"id":13151,"href":"https:\/\/sociaisaplicadas.ufpr.br\/depecon\/wp-json\/wp\/v2\/pages\/130\/revisions\/13151"}],"wp:attachment":[{"href":"https:\/\/sociaisaplicadas.ufpr.br\/depecon\/wp-json\/wp\/v2\/media?parent=130"}],"curies":[{"name":"wp","href":"https:\/\/api.w.org\/{rel}","templated":true}]}}

<div style="height:30px" aria-hidden="true" class="wp-block-spacer"></div>



<h2 class="wp-block-heading"><strong>Departamento de Economia</strong></h2>



<div style="height:19px" aria-hidden="true" class="wp-block-spacer"></div>



<p class="rteleft">Chefe: Prof. Dr. Fabiano Abranches Silva Dalto &#8211; 3360-4402 &#8211; <a href="mailto:dalto@ufpr.br">dalto@ufpr.br</a></p>



<p>Suplente de Chefe: Prof. Dr. Wellington da Silva Pereira &#8211; <a href="mailto:wdspereira@ufpr.br">wdspereira@ufpr.br</a></p>



<p><a href="https://sociaisaplicadas.ufpr.br/depecon/wp-content/uploads/sites/6/2025/03/b68fd70f-73fa-408d-ac0d-5105b4f18c60.pdf" target="_blank" rel="noreferrer noopener">Comissões do Departamento de Economia</a></p>



<div style="height:30px" aria-hidden="true" class="wp-block-spacer"></div>



<h2 class="wp-block-heading rteleft"><b>Secretaria do Departamento de Economia</b></h2>



<div style="height:19px" aria-hidden="true" class="wp-block-spacer"></div>



<p>Jaqueline de Oliveira Ferreira Gonçalves &#8211; <a href="mailto:depecon@ufpr.br">depecon@ufpr.br</a></p>



<p>Mary Anne Muraski Nowak &#8211;&nbsp;<a href="mailto:depecon@ufpr.br">depecon@ufpr.br</a></p>



<div style="height:30px" aria-hidden="true" class="wp-block-spacer"></div>



<h2 class="wp-block-heading rteleft"><b>Coordenação do Curso de Graduação em Ciências Econômicas</b></h2>



<div style="height:19px" aria-hidden="true" class="wp-block-spacer"></div>



<p class="rteleft">Coordenador: Prof. Dr.&nbsp; Victor Rodrigues de Oliveira &nbsp; –&nbsp;<a title="mailto:coordeco@ufpr.br" href="mailto:coordeco@ufpr.br" data-linkindex="3">coordeco@ufpr.br</a></p>



<p class="rteleft">Vice-Coordenadora: Prof. Dr.ª Maríndia Brites – <a title="mailto:coordeco@ufpr.br" data-linkindex="4" href="mailto:coordeco@ufpr.br">coordeco@ufpr.br</a></p>



<div style="height:30px" aria-hidden="true" class="wp-block-spacer"></div>



<h2 class="wp-block-heading rteleft"><b>Secretaria do Curso de Graduação em Ciências Econômicas</b></h2>



<p class="rteleft">Camila Pasquini de Souza &#8211; <a href="mailto:coordeco@ufpr.br">coordeco@ufpr.br</a></p>



<p class="rteleft">Lucas Lopes Soares &#8211;&nbsp;<a href="mailto:coordeco@ufpr.br">coordeco@ufpr.br</a></p>



<p></p>



<div style="height:30px" aria-hidden="true" class="wp-block-spacer"></div>



<h2 class="wp-block-heading rteleft"><b>Pós-Graduação em Desenvolvimento Econômico/PPGDE</b></h2>



<div style="height:19px" aria-hidden="true" class="wp-block-spacer"></div>



<p class="rteleft">Coordenador: Prof. Dr. Hugo Carcanholo Iasco Pereira<b> &#8211; </b><a href="mailto:ppgde@ufpr.br">ppgde@ufpr.br</a></p>



<p>Vice-Coordenador: Prof. Dr. Felipe Orsolin Teixeira &#8211; <a href="mailto:ppgde@ufpr.br">ppgde@ufpr.br</a></p>



<div style="height:30px" aria-hidden="true" class="wp-block-spacer"></div>



<h2 class="wp-block-heading rteleft"><b>Secretaria do Programa de Pós-Graduação em Desenvolvimento Econômico</b></h2>



<div style="height:19px" aria-hidden="true" class="wp-block-spacer"></div>



<p>Laís de Lima Rocha &#8211;&nbsp;<a href="mailto:ppgde@ufpr.br">ppgde@ufpr.br</a></p>



<div style="height:30px" aria-hidden="true" class="wp-block-spacer"></div>



<h2 class="wp-block-heading rteleft"><b>Pós-Graduação em Políticas Públicas (4P)</b></h2>



<div style="height:19px" aria-hidden="true" class="wp-block-spacer"></div>



<p class="rteleft">Coordenador: Prof. Dr. Marcos Paulo Fuck</p>



<p class="rteleft">Vice-Coordenador: Prof. Dr. Luis Claudio Krajevski</p>



<div style="height:30px" aria-hidden="true" class="wp-block-spacer"></div>



<h2 class="wp-block-heading rteleft"><b>Secretaria do Programa de Pós-Graduação em Políticas Públicas (4P)</b></h2>



<p class="rteleft">ALINE FONTES C. WAENGA &#8211; <a href="mailto:politicaspublicas@ufpr.br">politicaspublicas@ufpr.br</a></p>



<div style="height:30px" aria-hidden="true" class="wp-block-spacer"></div>



<h2 class="wp-block-heading rteleft"><b>Programa Profissional de Pós-Graduação em Economia &#8211; PPGEcon</b></h2>



<div style="height:19px" aria-hidden="true" class="wp-block-spacer"></div>



<p><strong>Mestrado Profissional em Economia</strong></p>



<p class="rteleft">Coordenador<b>: </b>Prof. Dr. Jose Guilherme Silva Vieira &#8211;&nbsp;<a href="ppgecon@ufpr.br">ppgecon@ufpr.br</a></p>



<p>Vice-Coordenador: Prof. Dr. Ricardo Lobato Torres &#8211;&nbsp;<a href="ppgecon@ufpr.br">ppgecon@ufpr.br</a></p>



<div style="height:30px" aria-hidden="true" class="wp-block-spacer"></div>



<h2 class="wp-block-heading rteleft"><b>Secretaria do Programa Profissional de Pós-Graduação em Economia &#8211; PPGEcon</b></h2>



<div style="height:19px" aria-hidden="true" class="wp-block-spacer"></div>



<p class="rteleft">Julian Vosgerau &#8211;&nbsp;<a href="ppgdemp.ufpr@gmail.com">ppgecon@ufpr.br</a></p>



<p class="rteleft">Acesso no SEI: <strong>UFPR/R/SA/PPGEcon</strong></p>



<div style="height:100px" aria-hidden="true" class="wp-block-spacer"></div>

<p>Departamento de Economia Chefe: Prof. Dr. Fabiano Abranches Silva Dalto &#8211; 3360-4402 &#8211; dalto@ufpr.br Suplente de Chefe: Prof. Dr. Wellington da Silva Pereira &#8211; wdspereira@ufpr.br Comissões do Departamento de Economia Secretaria do Departamento de Economia Jaqueline de Oliveira Ferreira Gonçalves &#8211; depecon@ufpr.br Mary Anne Muraski Nowak &#8211;&nbsp;depecon@ufpr.br Coordenação do Curso de Graduação em Ciências Econômicas [&hellip;]</p>
