{"id":5222,"date":"2022-08-24T08:09:04","date_gmt":"2022-08-24T08:09:04","guid":{"rendered":"https:\/\/sociaisaplicadas.ufpr.br\/depecon\/?page_id=5222"},"modified":"2025-09-25T17:37:18","modified_gmt":"2025-09-25T17:37:18","slug":"programas-das-disciplinas-2015-ate-2022","status":"publish","type":"page","link":"https:\/\/sociaisaplicadas.ufpr.br\/depecon\/programas-das-disciplinas-2015-ate-2022\/","title":{"rendered":"Programas das Disciplinas &#8211; 2015 at\u00e9 2021"},"content":{"rendered":"\n<div style=\"height:30px\" aria-hidden=\"true\" class=\"wp-block-spacer\"><\/div>\n\n\n\n<h5 class=\"wp-block-heading\"><strong>Obrigat\u00f3rias<\/strong><\/h5>\n\n\n\n<div style=\"height:20px\" aria-hidden=\"true\" class=\"wp-block-spacer\"><\/div>\n\n\n\n<p>CM301 C\u00e1lculo em Uma Vari\u00e1vel Real <span style=\"color: #ff0000\">(Solicitar por e-mail&nbsp;<strong><a style=\"color: #ff0000\" href=\"mailto:dmat@ufpr.br\" target=\"_blank\" rel=\"noopener\">dmat@ufpr.br<\/a><\/strong>)<\/span><\/p>\n\n\n\n<p>CM302 C\u00e1lculo em V\u00e1rias Vari\u00e1veis Reais <span style=\"color: #ff0000\">(Solicitar por e-mail&nbsp;<strong><a style=\"color: #ff0000\" href=\"mailto:dmat@ufpr.br\" target=\"_blank\" rel=\"noopener\">dmat@ufpr.br<\/a><\/strong>)<\/span><\/p>\n\n\n\n<p>CE003&nbsp;&nbsp; Estat\u00edstica II <span style=\"color: #ff0000\">(Solicitar por e-mail&nbsp;<strong><a style=\"color: #ff0000\" href=\"mailto:dest@ufpr.br\" target=\"_blank\" rel=\"noopener\">dest@ufpr.br<\/a><\/strong>)<\/span><\/p>\n\n\n\n<p>HC311&nbsp;&nbsp; Introdu\u00e7\u00e3o \u00e0s Ci\u00eancias Sociais <span style=\"color: #ff0000\">(Solicitar por e-mail&nbsp;<strong><a style=\"color: #ff0000\" href=\"mailto:deciso@ufpr.br\">deciso@ufpr.br<\/a><\/strong>)<\/span><\/p>\n\n\n\n<p>SC204 Contabilidade e An\u00e1lise de Balan\u00e7os <span style=\"color: #ff0000\">(Solicitar por e-mail&nbsp;<strong><a style=\"color: #ff0000\" href=\"mailto:decont@ufpr.br\" target=\"_blank\" rel=\"noopener\">decont@ufpr.br<\/a><\/strong>)<\/span><\/p>\n\n\n\n<p><a href=\"https:\/\/sociaisaplicadas.ufpr.br\/depecon\/wp-content\/uploads\/sites\/6\/2022\/04\/SE068.pdf\" target=\"_blank\" rel=\"noopener\">SE068 Economia e Direito<\/a><\/p>\n\n\n\n<p><a href=\"https:\/\/sociaisaplicadas.ufpr.br\/depecon\/wp-content\/uploads\/sites\/6\/2025\/02\/SE070-Monografia-I-.pdf\" target=\"_blank\" rel=\"noopener\">SE070 Monografia I&nbsp;<\/a><\/p>\n\n\n\n<p><a href=\"https:\/\/sociaisaplicadas.ufpr.br\/depecon\/wp-content\/uploads\/sites\/6\/2025\/02\/SE071-Monografia-II.pdf\" target=\"_blank\" rel=\"noopener\">SE071 Monografia II<\/a><\/p>\n\n\n\n<p><a href=\"https:\/\/sociaisaplicadas.ufpr.br\/depecon\/wp-content\/uploads\/sites\/6\/2024\/03\/SEI_UFPR-6497318-Informacao.pdf\" target=\"_blank\" rel=\"noopener\">SE075 Introdu\u00e7\u00e3o \u00e0 Economia<\/a><\/p>\n\n\n\n<p><a href=\"https:\/\/sociaisaplicadas.ufpr.br\/depecon\/wp-content\/uploads\/sites\/6\/2022\/04\/SE301.pdf\" target=\"_blank\" rel=\"noopener\">SE301 Hist\u00f3ria Econ\u00f4mica Geral<\/a><\/p>\n\n\n\n<p><a href=\"https:\/\/sociaisaplicadas.ufpr.br\/depecon\/wp-content\/uploads\/sites\/6\/2022\/04\/SE302.pdf\">SE302 Forma\u00e7\u00e3o Econ\u00f4mica do Brasil<\/a><\/p>\n\n\n\n<p><a href=\"https:\/\/sociaisaplicadas.ufpr.br\/depecon\/wp-content\/uploads\/sites\/6\/2022\/04\/SE305.pdf\" target=\"_blank\" rel=\"noopener\">SE305 Estat\u00edstica Econ\u00f4mica e Intr. \u00e0 Econometria<\/a><\/p>\n\n\n\n<p><a href=\"https:\/\/sociaisaplicadas.ufpr.br\/depecon\/wp-content\/uploads\/sites\/6\/2022\/04\/SE306.pdf\" target=\"_blank\" rel=\"noopener\">SE306 Economia Brasileira Contempor\u00e2nea I<\/a><\/p>\n\n\n\n<p><a href=\"https:\/\/sociaisaplicadas.ufpr.br\/depecon\/wp-content\/uploads\/sites\/6\/2022\/04\/SE307-1.pdf\">SE307 An\u00e1lise de Investimentos<\/a><\/p>\n\n\n\n<p><a href=\"https:\/\/sociaisaplicadas.ufpr.br\/depecon\/wp-content\/uploads\/sites\/6\/2022\/04\/SE308.pdf\" target=\"_blank\" rel=\"noopener\">SE308 Econometria<\/a><\/p>\n\n\n\n<p><a href=\"https:\/\/sociaisaplicadas.ufpr.br\/depecon\/wp-content\/uploads\/sites\/6\/2022\/04\/SE309.pdf\">SE309 An\u00e1lise Econ\u00f4mica e Financeira<\/a><\/p>\n\n\n\n<p><a href=\"https:\/\/sociaisaplicadas.ufpr.br\/depecon\/wp-content\/uploads\/sites\/6\/2022\/04\/SE310.pdf\" target=\"_blank\" rel=\"noopener\">SE310 Contabilidade Social<\/a><\/p>\n\n\n\n<p><a href=\"https:\/\/sociaisaplicadas.ufpr.br\/depecon\/wp-content\/uploads\/sites\/6\/2022\/04\/SE314.pdf\">SE314 Economia Regional e Urbana<\/a><\/p>\n\n\n\n<p><a href=\"https:\/\/sociaisaplicadas.ufpr.br\/depecon\/wp-content\/uploads\/sites\/6\/2022\/04\/SE315.pdf\" target=\"_blank\" rel=\"noopener\">SE315 Economia Brasileira Contempor\u00e2nea II<\/a><\/p>\n\n\n\n<p><a href=\"https:\/\/sociaisaplicadas.ufpr.br\/depecon\/wp-content\/uploads\/sites\/6\/2022\/04\/SE316.pdf\" target=\"_blank\" rel=\"noopener\">SE316 T\u00e9cnicas de Pesquisa em Economia<\/a><\/p>\n\n\n\n<p><a href=\"https:\/\/sociaisaplicadas.ufpr.br\/depecon\/wp-content\/uploads\/sites\/6\/2022\/04\/SE317.pdf\" target=\"_blank\" rel=\"noopener\">SE317 Economia Industrial<\/a><\/p>\n\n\n\n<p><a href=\"https:\/\/sociaisaplicadas.ufpr.br\/depecon\/wp-content\/uploads\/sites\/6\/2022\/04\/SE320.pdf\" target=\"_blank\" rel=\"noopener\">SE320 Desenvolvimento Econ\u00f4mico I<\/a><\/p>\n\n\n\n<p><a href=\"https:\/\/sociaisaplicadas.ufpr.br\/depecon\/wp-content\/uploads\/sites\/6\/2022\/04\/SE321.pdf\" target=\"_blank\" rel=\"noopener\">SE321 Economia do Setor P\u00fablico<\/a><\/p>\n\n\n\n<p><a href=\"https:\/\/sociaisaplicadas.ufpr.br\/depecon\/wp-content\/uploads\/sites\/6\/2022\/04\/SE321-2019-1.pdf\" target=\"_blank\" rel=\"noopener\">SE321 Economia do Setor P\u00fablico (2019)<\/a><\/p>\n\n\n\n<p><a href=\"https:\/\/sociaisaplicadas.ufpr.br\/depecon\/wp-content\/uploads\/sites\/6\/2022\/04\/SE322.pdf\" target=\"_blank\" rel=\"noopener\">SE322 Desenvolvimento Econ\u00f4mico II<\/a><\/p>\n\n\n\n<p><a href=\"https:\/\/sociaisaplicadas.ufpr.br\/depecon\/wp-content\/uploads\/sites\/6\/2022\/04\/SE500.pdf\" target=\"_blank\" rel=\"noopener\">SE500 Introdu\u00e7\u00e3o \u00e0 Economia<\/a><\/p>\n\n\n\n<p><a href=\"https:\/\/sociaisaplicadas.ufpr.br\/depecon\/wp-content\/uploads\/sites\/6\/2022\/04\/SE501.pdf\" target=\"_blank\" rel=\"noopener\">SE501 Teoria Microecon\u00f4mica<\/a><\/p>\n\n\n\n<p><a href=\"https:\/\/sociaisaplicadas.ufpr.br\/depecon\/wp-content\/uploads\/sites\/6\/2022\/04\/SE502.pdf\" target=\"_blank\" rel=\"noopener\">SE502 Economia Pol\u00edtica I<\/a><\/p>\n\n\n\n<p><a href=\"https:\/\/sociaisaplicadas.ufpr.br\/depecon\/wp-content\/uploads\/sites\/6\/2022\/04\/SE503.pdf\" target=\"_blank\" rel=\"noopener\">SE503 Teoria Macroecon\u00f4mica<\/a><\/p>\n\n\n\n<p><a href=\"https:\/\/sociaisaplicadas.ufpr.br\/depecon\/wp-content\/uploads\/sites\/6\/2022\/04\/SE504.pdf\" target=\"_blank\" rel=\"noopener\">SE504 Economia Internacional<\/a><\/p>\n\n\n\n<p><a href=\"https:\/\/sociaisaplicadas.ufpr.br\/depecon\/wp-content\/uploads\/sites\/6\/2022\/04\/SE505.pdf\" target=\"_blank\" rel=\"noopener\">SE505 Hist\u00f3ria do Pensamento Econ\u00f4mico<\/a><\/p>\n\n\n\n<p><a href=\"https:\/\/sociaisaplicadas.ufpr.br\/depecon\/wp-content\/uploads\/sites\/6\/2022\/04\/SE506.pdf\" target=\"_blank\" rel=\"noopener\">SE506 Economia Monet\u00e1ria e Financeira<\/a><\/p>\n\n\n\n<p><a href=\"https:\/\/sociaisaplicadas.ufpr.br\/depecon\/wp-content\/uploads\/sites\/6\/2022\/04\/SE507.pdf\" target=\"_blank\" rel=\"noopener\">SE507 Elabora\u00e7\u00e3o e An\u00e1lise de Projetos<\/a><\/p>\n\n\n\n<div style=\"height:30px\" aria-hidden=\"true\" class=\"wp-block-spacer\"><\/div>\n\n\n\n<h5 class=\"wp-block-heading\"><strong>Optativas<\/strong><\/h5>\n\n\n\n<div style=\"height:20px\" aria-hidden=\"true\" class=\"wp-block-spacer\"><\/div>\n\n\n\n<p><a href=\"https:\/\/sociaisaplicadas.ufpr.br\/depecon\/wp-content\/uploads\/sites\/6\/2022\/04\/SE066.pdf\" target=\"_blank\" rel=\"noopener\">SE066 Macroeconomia Aberta e Crescimento<\/a><\/p>\n\n\n\n<p><a href=\"https:\/\/sociaisaplicadas.ufpr.br\/depecon\/wp-content\/uploads\/sites\/6\/2022\/04\/SE067.pdf\" target=\"_blank\" rel=\"noopener\">SE067 Jogos Empresariais da Ind\u00fastria<\/a><\/p>\n\n\n\n<p><a href=\"https:\/\/sociaisaplicadas.ufpr.br\/depecon\/wp-content\/uploads\/sites\/6\/2022\/04\/SE072.pdf\" target=\"_blank\" rel=\"noopener\">SE072 Introdu\u00e7\u00e3o \u00e0 Economia Ecol\u00f3gica<\/a><\/p>\n\n\n\n<p><a href=\"https:\/\/sociaisaplicadas.ufpr.br\/depecon\/wp-content\/uploads\/sites\/6\/2022\/04\/SE073.pdf\" target=\"_blank\" rel=\"noopener\">SE073 Valora\u00e7\u00e3o dos Recursos Naturais<\/a><\/p>\n\n\n\n<p><a href=\"https:\/\/sociaisaplicadas.ufpr.br\/depecon\/wp-content\/uploads\/sites\/6\/2022\/04\/SE074.pdf\" target=\"_blank\" rel=\"noopener\">SE074 Brasil e China no Cen\u00e1rio Econ\u00f4mico Global<\/a><\/p>\n\n\n\n<p><a href=\"https:\/\/sociaisaplicadas.ufpr.br\/depecon\/wp-content\/uploads\/sites\/6\/2022\/04\/SE325.pdf\" target=\"_blank\" rel=\"noopener\">SE325 An\u00e1lise Conjuntural<\/a><\/p>\n\n\n\n<p><a href=\"https:\/\/sociaisaplicadas.ufpr.br\/depecon\/wp-content\/uploads\/sites\/6\/2022\/04\/SE326.pdf\" target=\"_blank\" rel=\"noopener\">SE326 An\u00e1lise de Custos Industriais<\/a><\/p>\n\n\n\n<p><a href=\"https:\/\/sociaisaplicadas.ufpr.br\/depecon\/wp-content\/uploads\/sites\/6\/2022\/04\/SE327.pdf\" target=\"_blank\" rel=\"noopener\">SE327 An\u00e1lise e Pesquisa de Mercado<\/a><\/p>\n\n\n\n<p><a href=\"https:\/\/sociaisaplicadas.ufpr.br\/depecon\/wp-content\/uploads\/sites\/6\/2022\/04\/SE328.pdf\" target=\"_blank\" rel=\"noopener\">SE328 Avalia\u00e7\u00e3o de Impacto de Projeto<\/a><\/p>\n\n\n\n<p><a href=\"https:\/\/sociaisaplicadas.ufpr.br\/depecon\/wp-content\/uploads\/sites\/6\/2022\/04\/SE329.pdf\" target=\"_blank\" rel=\"noopener\">SE329 Avalia\u00e7\u00e3o do Desenvolvimento Regional do Paran\u00e1<\/a><\/p>\n\n\n\n<p><a href=\"https:\/\/sociaisaplicadas.ufpr.br\/depecon\/wp-content\/uploads\/sites\/6\/2022\/04\/SE330.pdf\" target=\"_blank\" rel=\"noopener\">SE330 Economia Agr\u00edcola<\/a><\/p>\n\n\n\n<p><a href=\"https:\/\/sociaisaplicadas.ufpr.br\/depecon\/wp-content\/uploads\/sites\/6\/2022\/04\/SE331.pdf\" target=\"_blank\" rel=\"noopener\">SE331 Economia da Energia<\/a><\/p>\n\n\n\n<p><a href=\"https:\/\/sociaisaplicadas.ufpr.br\/depecon\/wp-content\/uploads\/sites\/6\/2022\/04\/SE332.pdf\" target=\"_blank\" rel=\"noopener\">SE332 Economia da Am\u00e9rica Latina<\/a><\/p>\n\n\n\n<p><a href=\"https:\/\/sociaisaplicadas.ufpr.br\/depecon\/wp-content\/uploads\/sites\/6\/2022\/04\/SE333.pdf\" target=\"_blank\" rel=\"noopener\">SE333 Economia de Empresas<\/a><\/p>\n\n\n\n<p><a href=\"https:\/\/sociaisaplicadas.ufpr.br\/depecon\/wp-content\/uploads\/sites\/6\/2022\/04\/SE334.pdf\" target=\"_blank\" rel=\"noopener\">SE334 Economia do Trabalho<\/a><\/p>\n\n\n\n<p><a href=\"https:\/\/sociaisaplicadas.ufpr.br\/depecon\/wp-content\/uploads\/sites\/6\/2022\/04\/SE336.pdf\" target=\"_blank\" rel=\"noopener\">SE336 Economia e Estrat\u00e9gia Empresarial<\/a><\/p>\n\n\n\n<p><a href=\"https:\/\/sociaisaplicadas.ufpr.br\/depecon\/wp-content\/uploads\/sites\/6\/2022\/04\/SE337.pdf\" target=\"_blank\" rel=\"noopener\">SE337 Economia e \u00c9tica<\/a><\/p>\n\n\n\n<p><a href=\"https:\/\/sociaisaplicadas.ufpr.br\/depecon\/wp-content\/uploads\/sites\/6\/2022\/04\/SE338.pdf\" target=\"_blank\" rel=\"noopener\">SE338 Economia e Tecnologia<\/a><\/p>\n\n\n\n<p><a href=\"https:\/\/sociaisaplicadas.ufpr.br\/depecon\/wp-content\/uploads\/sites\/6\/2022\/04\/SE339.pdf\" target=\"_blank\" rel=\"noopener\">SE339 Economia Matem\u00e1tica<\/a><\/p>\n\n\n\n<p><a href=\"https:\/\/sociaisaplicadas.ufpr.br\/depecon\/wp-content\/uploads\/sites\/6\/2022\/04\/SE340.pdf\" target=\"_blank\" rel=\"noopener\">SE340 Economia Pol\u00edtica II<\/a><\/p>\n\n\n\n<p><a href=\"https:\/\/sociaisaplicadas.ufpr.br\/depecon\/wp-content\/uploads\/sites\/6\/2022\/04\/SE341.pdf\" target=\"_blank\" rel=\"noopener\">SE341 Finan\u00e7as Internacionais<\/a><\/p>\n\n\n\n<p><a href=\"https:\/\/sociaisaplicadas.ufpr.br\/depecon\/wp-content\/uploads\/sites\/6\/2022\/04\/SE342.pdf\" target=\"_blank\" rel=\"noopener\">SE342 Finan\u00e7as P\u00fablicas<\/a><\/p>\n\n\n\n<p><a href=\"https:\/\/sociaisaplicadas.ufpr.br\/depecon\/wp-content\/uploads\/sites\/6\/2022\/04\/SE343.pdf\" target=\"_blank\" rel=\"noopener\">SE343 Forma\u00e7\u00e3o Econ\u00f4mica do Paran\u00e1<\/a><\/p>\n\n\n\n<p><a href=\"https:\/\/sociaisaplicadas.ufpr.br\/depecon\/wp-content\/uploads\/sites\/6\/2022\/04\/SE344.pdf\" target=\"_blank\" rel=\"noopener\">SE344 Desenvolvimento Sustent\u00e1vel: Ecologia, Energia e Economia<\/a><\/p>\n\n\n\n<p><a href=\"https:\/\/sociaisaplicadas.ufpr.br\/depecon\/wp-content\/uploads\/sites\/6\/2022\/04\/SE345.pdf\" target=\"_blank\" rel=\"noopener\">SE345 Mercado de Capitais: An\u00e1lise de Investimentos<\/a><\/p>\n\n\n\n<p><a href=\"https:\/\/sociaisaplicadas.ufpr.br\/depecon\/wp-content\/uploads\/sites\/6\/2022\/04\/SE346.pdf\" target=\"_blank\" rel=\"noopener\">SE346 Metodologia de An\u00e1lise Econ\u00f4mica<\/a><\/p>\n\n\n\n<p><a href=\"https:\/\/sociaisaplicadas.ufpr.br\/depecon\/wp-content\/uploads\/sites\/6\/2022\/04\/SE347.pdf\" target=\"_blank\" rel=\"noopener\">SE347 Planejamento Regional e Urbano<\/a><\/p>\n\n\n\n<p><a href=\"https:\/\/sociaisaplicadas.ufpr.br\/depecon\/wp-content\/uploads\/sites\/6\/2022\/04\/SE348.pdf\" target=\"_blank\" rel=\"noopener\">SE348 Pol\u00edtica e Rela\u00e7\u00f5es Internacionais<\/a><\/p>\n\n\n\n<p><a href=\"https:\/\/sociaisaplicadas.ufpr.br\/depecon\/wp-content\/uploads\/sites\/6\/2022\/04\/SE349.pdf\" target=\"_blank\" rel=\"noopener\">SE349 Programa\u00e7\u00e3o do Setor P\u00fablico<\/a><\/p>\n\n\n\n<p><a href=\"https:\/\/sociaisaplicadas.ufpr.br\/depecon\/wp-content\/uploads\/sites\/6\/2022\/04\/SE350.pdf\" target=\"_blank\" rel=\"noopener\">SE350 Semin\u00e1rio de Economia Internacional<\/a><\/p>\n\n\n\n<p><a href=\"https:\/\/sociaisaplicadas.ufpr.br\/depecon\/wp-content\/uploads\/sites\/6\/2022\/04\/SE350-P.pdf\" target=\"_blank\" rel=\"noopener\">SE350-P Semin\u00e1rio de Economia Internacional &#8211; Brasil e Am\u00e9rica Latina<\/a><\/p>\n\n\n\n<p><a href=\"https:\/\/sociaisaplicadas.ufpr.br\/depecon\/wp-content\/uploads\/sites\/6\/2022\/04\/SE351.pdf\" target=\"_blank\" rel=\"noopener\">SE351 Sistemas Econ\u00f4micos Comparados<\/a><\/p>\n\n\n\n<p><a href=\"https:\/\/sociaisaplicadas.ufpr.br\/depecon\/wp-content\/uploads\/sites\/6\/2022\/04\/SE352.pdf\" target=\"_blank\" rel=\"noopener\">SE352 Teoria Macroecon\u00f4mica II<\/a><\/p>\n\n\n\n<p><a href=\"https:\/\/sociaisaplicadas.ufpr.br\/depecon\/wp-content\/uploads\/sites\/6\/2022\/04\/SE353.pdf\" target=\"_blank\" rel=\"noopener\">SE353 Teoria Neocl\u00e1ssica<\/a><\/p>\n\n\n\n<p><a href=\"https:\/\/sociaisaplicadas.ufpr.br\/depecon\/wp-content\/uploads\/sites\/6\/2022\/04\/SE358.pdf\" target=\"_blank\" rel=\"noopener\">SE358 Teoria dos Jogos<\/a><\/p>\n\n\n\n<p><a href=\"https:\/\/sociaisaplicadas.ufpr.br\/depecon\/wp-content\/uploads\/sites\/6\/2022\/04\/SE359.pdf\" target=\"_blank\" rel=\"noopener\">SE359 Economia e Institui\u00e7\u00f5es<\/a><\/p>\n\n\n\n<p><a href=\"https:\/\/sociaisaplicadas.ufpr.br\/depecon\/wp-content\/uploads\/sites\/6\/2022\/04\/SE360.pdf\" target=\"_blank\" rel=\"noopener\">SE360 Economia do Terceiro Setor<\/a><\/p>\n\n\n\n<p><a href=\"https:\/\/sociaisaplicadas.ufpr.br\/depecon\/wp-content\/uploads\/sites\/6\/2022\/04\/SE361.pdf\" target=\"_blank\" rel=\"noopener\">SE361 Direito Econ\u00f4mico<\/a><\/p>\n\n\n\n<p><a href=\"https:\/\/sociaisaplicadas.ufpr.br\/depecon\/wp-content\/uploads\/sites\/6\/2022\/04\/SE363.pdf\" target=\"_blank\" rel=\"noopener\">SE363 Planejamento e Controle Financeiro de Empresas<\/a><\/p>\n\n\n\n<p><a href=\"https:\/\/sociaisaplicadas.ufpr.br\/depecon\/wp-content\/uploads\/sites\/6\/2022\/04\/SE364.pdf\" target=\"_blank\" rel=\"noopener\">SE364 Pol\u00edtica e Planejamento Econ\u00f4mico<\/a><\/p>\n\n\n\n<div style=\"height:30px\" aria-hidden=\"true\" class=\"wp-block-spacer\"><\/div>\n\n\n\n<h5 class=\"wp-block-heading\"><strong>Oferecidas em outros cursos de gradua\u00e7\u00e3o<\/strong><\/h5>\n\n\n\n<div style=\"height:20px\" aria-hidden=\"true\" class=\"wp-block-spacer\"><\/div>\n\n\n\n<p><a href=\"https:\/\/sociaisaplicadas.ufpr.br\/depecon\/wp-content\/uploads\/sites\/6\/2022\/04\/SE035.pdf\" target=\"_blank\" rel=\"noopener\">SE035 Introdu\u00e7\u00e3o \u00e0 Economia<\/a><\/p>\n\n\n\n<p><a href=\"https:\/\/sociaisaplicadas.ufpr.br\/depecon\/wp-content\/uploads\/sites\/6\/2022\/04\/SE069.pdf\" target=\"_blank\" rel=\"noopener\">SE069 Introdu\u00e7\u00e3o \u00e0 Economia<\/a><\/p>\n\n\n\n<p><a href=\"https:\/\/sociaisaplicadas.ufpr.br\/depecon\/wp-content\/uploads\/sites\/6\/2022\/04\/SE465.pdf\" target=\"_blank\" rel=\"noopener\">SE465 Economia<\/a><\/p>\n\n\n\n<div style=\"height:30px\" aria-hidden=\"true\" class=\"wp-block-spacer\"><\/div>\n\n\n\n<h5 class=\"wp-block-heading\"><strong>T\u00f3picos Especiais<\/strong><\/h5>\n\n\n\n<div style=\"height:20px\" aria-hidden=\"true\" class=\"wp-block-spacer\"><\/div>\n\n\n\n<p><a href=\"https:\/\/sociaisaplicadas.ufpr.br\/depecon\/wp-content\/uploads\/sites\/6\/2022\/04\/354.pdf\" target=\"_blank\" rel=\"noopener\">SE354 T\u00f3picos Especiais em&nbsp;Econometria<\/a><\/p>\n\n\n\n<p><a href=\"https:\/\/sociaisaplicadas.ufpr.br\/depecon\/wp-content\/uploads\/sites\/6\/2022\/04\/se355.pdf\">SE355 T\u00f3picos Especiais em Economia I<\/a><\/p>\n\n\n\n<p>SE356 T\u00f3picos Especiais em Economia II: <a href=\"https:\/\/sociaisaplicadas.ufpr.br\/depecon\/wp-content\/uploads\/sites\/6\/2022\/04\/ECONOMIA-COMPORTAMENTAL.pdf\" target=\"_blank\" rel=\"noopener\">ECONOMIA COMPORTAMENTAL<\/a> \/ <a href=\"https:\/\/sociaisaplicadas.ufpr.br\/depecon\/wp-content\/uploads\/sites\/6\/2022\/04\/ECONOMIA-DA-SA\u00daDE.pdf\" target=\"_blank\" rel=\"noopener\">ECONOMIA DA SA\u00daDE<\/a> \/ <a href=\"https:\/\/sociaisaplicadas.ufpr.br\/depecon\/wp-content\/uploads\/sites\/6\/2022\/04\/ECONOMIA-DO-COM\u00c9RCIO-VAREJISTA.pdf\" target=\"_blank\" rel=\"noopener\">ECONOMIA DO COM\u00c9RCIO VAREJISTA<\/a> \/ <a href=\"https:\/\/sociaisaplicadas.ufpr.br\/depecon\/wp-content\/uploads\/sites\/6\/2022\/04\/COMPETITIVIDADE-E-INOVA\u00c7\u00c3O-NA-IND\u00daSTRIA.pdf\" target=\"_blank\" rel=\"noopener\">COMPETITIVIDADE E INOVA\u00c7\u00c3O NA IND\u00daSTRIA<\/a> \/ <a href=\"https:\/\/sociaisaplicadas.ufpr.br\/depecon\/wp-content\/uploads\/sites\/6\/2022\/04\/MERCADO-DE-TRABALHO.pdf\" target=\"_blank\" rel=\"noopener\">MERCADO DE TRABALHO<\/a><\/p>\n\n\n\n<p>SE357 T\u00f3picos Especiais em Economia III: <a href=\"https:\/\/sociaisaplicadas.ufpr.br\/depecon\/wp-content\/uploads\/sites\/6\/2022\/04\/se357.pdf\" target=\"_blank\" rel=\"noopener\">STARTUPS E CAPITAL DE RISCO<\/a><\/p>\n\n\n\n<div style=\"height:100px\" aria-hidden=\"true\" class=\"wp-block-spacer\"><\/div>\n","protected":false},"excerpt":{"rendered":"<p>Obrigat\u00f3rias CM301 C\u00e1lculo em Uma Vari\u00e1vel Real (Solicitar por e-mail&nbsp;dmat@ufpr.br) CM302 C\u00e1lculo em V\u00e1rias Vari\u00e1veis Reais (Solicitar por e-mail&nbsp;dmat@ufpr.br) CE003&nbsp;&nbsp; Estat\u00edstica II (Solicitar por e-mail&nbsp;dest@ufpr.br) HC311&nbsp;&nbsp; Introdu\u00e7\u00e3o \u00e0s Ci\u00eancias Sociais (Solicitar por e-mail&nbsp;deciso@ufpr.br) SC204 Contabilidade e An\u00e1lise de Balan\u00e7os (Solicitar por e-mail&nbsp;decont@ufpr.br) SE068 Economia e Direito SE070 Monografia I&nbsp; SE071 Monografia II SE075 Introdu\u00e7\u00e3o \u00e0 [&hellip;]<\/p>\n","protected":false},"author":2788,"featured_media":0,"parent":0,"menu_order":0,"comment_status":"closed","ping_status":"closed","template":"","meta":{"_acf_changed":false,"footnotes":""},"class_list":["post-5222","page","type-page","status-publish","hentry"],"acf":[],"_links":{"self":[{"href":"https:\/\/sociaisaplicadas.ufpr.br\/depecon\/wp-json\/wp\/v2\/pages\/5222","targetHints":{"allow":["GET"]}}],"collection":[{"href":"https:\/\/sociaisaplicadas.ufpr.br\/depecon\/wp-json\/wp\/v2\/pages"}],"about":[{"href":"https:\/\/sociaisaplicadas.ufpr.br\/depecon\/wp-json\/wp\/v2\/types\/page"}],"author":[{"embeddable":true,"href":"https:\/\/sociaisaplicadas.ufpr.br\/depecon\/wp-json\/wp\/v2\/users\/2788"}],"replies":[{"embeddable":true,"href":"https:\/\/sociaisaplicadas.ufpr.br\/depecon\/wp-json\/wp\/v2\/comments?post=5222"}],"version-history":[{"count":44,"href":"https:\/\/sociaisaplicadas.ufpr.br\/depecon\/wp-json\/wp\/v2\/pages\/5222\/revisions"}],"predecessor-version":[{"id":12216,"href":"https:\/\/sociaisaplicadas.ufpr.br\/depecon\/wp-json\/wp\/v2\/pages\/5222\/revisions\/12216"}],"wp:attachment":[{"href":"https:\/\/sociaisaplicadas.ufpr.br\/depecon\/wp-json\/wp\/v2\/media?parent=5222"}],"curies":[{"name":"wp","href":"https:\/\/api.w.org\/{rel}","templated":true}]}}