{"id":35,"date":"2026-03-23T14:45:58","date_gmt":"2026-03-23T14:45:58","guid":{"rendered":"https:\/\/sociaisaplicadas.ufpr.br\/gestinf\/?page_id=35"},"modified":"2026-07-02T15:56:50","modified_gmt":"2026-07-02T18:56:50","slug":"a-escola","status":"publish","type":"page","link":"https:\/\/sociaisaplicadas.ufpr.br\/gestinf\/a-escola\/","title":{"rendered":"In\u00edcio"},"content":{"rendered":"\n<div class=\"wp-block-columns is-layout-flex wp-container-core-columns-is-layout-1 wp-block-columns-is-layout-flex\">\n<div class=\"wp-block-column is-layout-flow wp-block-column-is-layout-flow\" style=\"flex-basis:40%\">\n<figure class=\"wp-block-image size-full is-style-rounded\"><img loading=\"lazy\" decoding=\"async\" width=\"640\" height=\"424\" src=\"https:\/\/sociaisaplicadas.ufpr.br\/gestinf\/wp-content\/uploads\/sites\/13\/2026\/07\/ddd-2.jpg\" alt=\"Campus Bot\u00e2nico\" class=\"wp-image-863\" \/><\/figure>\n<\/div>\n\n\n\n<div class=\"wp-block-column is-layout-flow wp-block-column-is-layout-flow\" style=\"flex-basis:50%\">\n<h3 class=\"wp-block-heading has-text-align-left has-text-color has-link-color wp-elements-e7c04b0b8698fc6cf36b1ca8c6755919\" style=\"color:#086391\">Caracter\u00edsticas do Curso:<\/h3>\n\n\n\n<ul style=\"font-size:15px\" class=\"wp-block-list has-black-color has-text-color has-link-color wp-elements-432612a65c9d3e9f3412c91b532cf2a4\">\n<li><strong>Titula\u00e7\u00e3o:<\/strong> Bacharel em Gest\u00e3o da Informa\u00e7\u00e3o<br><strong>N\u00edvel:<\/strong>&nbsp;Gradua\u00e7\u00e3o \u2013 Bacharelado<\/li>\n\n\n\n<li><strong>Eixos de Conhecimento:<\/strong>&nbsp;Ci\u00eancia da Informa\u00e7\u00e3o, Administra\u00e7\u00e3o e Tecnologia da Informa\u00e7\u00e3o<\/li>\n\n\n\n<li><strong>Modalidade:<\/strong>&nbsp;presencial<\/li>\n\n\n\n<li><strong>Tempo de dura\u00e7\u00e3o do curso:<\/strong>&nbsp;4 anos<\/li>\n\n\n\n<li><strong>Local:<\/strong> Campus Bot\u00e2nico &#8211; Setor de Ci\u00eancias Sociais Aplicadas<\/li>\n\n\n\n<li><strong>Turno\/Hor\u00e1rio de oferta:<\/strong>&nbsp;matutino (das 7h30 \u00e0s 12h30)<\/li>\n\n\n\n<li><strong>Carga hor\u00e1ria total:<\/strong>&nbsp;3200 h<\/li>\n\n\n\n<li><strong>N\u00famero de vagas anuais:<\/strong>&nbsp;60<\/li>\n\n\n\n<li><strong>Requisitos:<\/strong>&nbsp;Ensino M\u00e9dio completo e aprova\u00e7\u00e3o em processo seletivo<\/li>\n<\/ul>\n\n\n\n<div class=\"wp-block-buttons is-layout-flex wp-block-buttons-is-layout-flex\">\n<div class=\"wp-block-button\"><a class=\"wp-block-button__link has-vivid-cyan-blue-background-color has-background has-text-align-center wp-element-button\" href=\"https:\/\/sociaisaplicadas.ufpr.br\/gestinf\/wp-content\/uploads\/sites\/13\/2026\/07\/PPC-GI.pdf\">&gt; Projeto Pedag\u00f3gico do Curso<\/a><\/div>\n\n\n\n<div class=\"wp-block-button\"><a class=\"wp-block-button__link wp-element-button\" href=\"https:\/\/servicos.nc.ufpr.br\/PortalNC\/Home\">&gt; Processo Seletivo <\/a><\/div>\n<\/div>\n<\/div>\n<\/div>\n\n\n\n<div class=\"wp-block-columns is-layout-flex wp-container-core-columns-is-layout-2 wp-block-columns-is-layout-flex\">\n<div class=\"wp-block-column is-vertically-aligned-top is-layout-flow wp-block-column-is-layout-flow\" style=\"flex-basis:65%\">\n<hr class=\"wp-block-separator has-alpha-channel-opacity is-style-dots\" \/>\n\n\n\n<h3 class=\"wp-block-heading has-text-color has-link-color wp-elements-10a45d019a2dfe4065e0b2f4f3897d89\" style=\"color:#086391\">Sobre o profissional Gestor da Informa\u00e7\u00e3o:<\/h3>\n\n\n\n<p style=\"font-size:15px\">Um profissional com vis\u00e3o socioecon\u00f4mica para fomentar, gerar, coletar, tratar e disseminar a informa\u00e7\u00e3o, de forma respons\u00e1vel e sustent\u00e1vel, respeitando todas as inst\u00e2ncias da sociedade organizada e colaborando com a constru\u00e7\u00e3o do saber individual e coletivo, no seu ambiente de atua\u00e7\u00e3o. Para tanto, dever\u00e1 identificar e definir necessidades e problemas de informa\u00e7\u00e3o, apontar solu\u00e7\u00f5es e melhorias no processo produtivo, pensar estrategicamente e contribuir para o processo da tomada de decis\u00e3o organizacional<\/p>\n\n\n\n<hr class=\"wp-block-separator has-alpha-channel-opacity is-style-dots\" \/>\n<\/div>\n<\/div>\n\n\n\n<div class=\"wp-block-columns are-vertically-aligned-top is-layout-flex wp-container-core-columns-is-layout-3 wp-block-columns-is-layout-flex\">\n<div class=\"wp-block-column is-vertically-aligned-top is-layout-flow wp-block-column-is-layout-flow\" style=\"flex-basis:65%\">\n<h3 class=\"wp-block-heading has-text-color has-link-color wp-elements-3fa7f0d1004e34eb78a55635c8f5896f\" style=\"color:#086391\">Mercado de trabalho:<\/h3>\n\n\n\n<p style=\"font-size:15px\">O profissional formado em Gest\u00e3o da Informa\u00e7\u00e3o se destaca por sua natureza profundamente interdisciplinar, essencial para o cen\u00e1rio profissional contempor\u00e2neo. Ele integra conhecimentos de diversas \u00e1reas para formar o profissional completo e inovador. Essa abordagem n\u00e3o apenas constr\u00f3i uma base s\u00f3lida na gest\u00e3o, organiza\u00e7\u00e3o e uso estrat\u00e9gico da informa\u00e7\u00e3o, mas tamb\u00e9m tecnol\u00f3gica ao preparar o aluno para lidar com os desafios emergentes da era digital. O Gestor da Informa\u00e7\u00e3o \u00e9 um profissional preparado para diferentes \u00e1reas de atua\u00e7\u00e3o como por exemplo:<\/p>\n\n\n\n<ul class=\"wp-block-list\">\n<li style=\"font-size:15px\">empresas de planejamento;<\/li>\n\n\n\n<li style=\"font-size:15px\">empresas de desenvolvimento de projetos;<\/li>\n\n\n\n<li style=\"font-size:15px\">empresas de assist\u00eancia t\u00e9cnica e consultoria;<\/li>\n\n\n\n<li style=\"font-size:15px\">empresas de tecnologia;<\/li>\n\n\n\n<li style=\"font-size:15px\">empresas de dados e m\u00edda;<\/li>\n\n\n\n<li style=\"font-size:15px\">\u00f3rg\u00e3os p\u00fablicos;<\/li>\n\n\n\n<li style=\"font-size:15px\">institutos e centros de pesquisa; e<\/li>\n\n\n\n<li style=\"font-size:15px\">institui\u00e7\u00f5es de ensino (mediante forma\u00e7\u00e3o requerida pela legisla\u00e7\u00e3o vigente).<\/li>\n<\/ul>\n<\/div>\n<\/div>\n\n\n\n<p><\/p>\n","protected":false},"excerpt":{"rendered":"<p>Caracter\u00edsticas do Curso: Sobre o profissional Gestor da Informa\u00e7\u00e3o: Um profissional com vis\u00e3o socioecon\u00f4mica para fomentar, gerar, coletar, tratar e disseminar a informa\u00e7\u00e3o, de forma respons\u00e1vel e sustent\u00e1vel, respeitando todas as inst\u00e2ncias da sociedade organizada e colaborando com a constru\u00e7\u00e3o do saber individual e coletivo, no seu ambiente de atua\u00e7\u00e3o. Para tanto, dever\u00e1 identificar e [&hellip;]<\/p>\n","protected":false},"author":2806,"featured_media":857,"parent":0,"menu_order":0,"comment_status":"closed","ping_status":"closed","template":"index.php","meta":{"_acf_changed":false,"footnotes":""},"class_list":["post-35","page","type-page","status-publish","has-post-thumbnail","hentry"],"acf":[],"_links":{"self":[{"href":"https:\/\/sociaisaplicadas.ufpr.br\/gestinf\/wp-json\/wp\/v2\/pages\/35","targetHints":{"allow":["GET"]}}],"collection":[{"href":"https:\/\/sociaisaplicadas.ufpr.br\/gestinf\/wp-json\/wp\/v2\/pages"}],"about":[{"href":"https:\/\/sociaisaplicadas.ufpr.br\/gestinf\/wp-json\/wp\/v2\/types\/page"}],"author":[{"embeddable":true,"href":"https:\/\/sociaisaplicadas.ufpr.br\/gestinf\/wp-json\/wp\/v2\/users\/2806"}],"replies":[{"embeddable":true,"href":"https:\/\/sociaisaplicadas.ufpr.br\/gestinf\/wp-json\/wp\/v2\/comments?post=35"}],"version-history":[{"count":94,"href":"https:\/\/sociaisaplicadas.ufpr.br\/gestinf\/wp-json\/wp\/v2\/pages\/35\/revisions"}],"predecessor-version":[{"id":896,"href":"https:\/\/sociaisaplicadas.ufpr.br\/gestinf\/wp-json\/wp\/v2\/pages\/35\/revisions\/896"}],"wp:featuredmedia":[{"embeddable":true,"href":"https:\/\/sociaisaplicadas.ufpr.br\/gestinf\/wp-json\/wp\/v2\/media\/857"}],"wp:attachment":[{"href":"https:\/\/sociaisaplicadas.ufpr.br\/gestinf\/wp-json\/wp\/v2\/media?parent=35"}],"curies":[{"name":"wp","href":"https:\/\/api.w.org\/{rel}","templated":true}]}}

Início

<div class="wp-block-columns is-layout-flex wp-container-core-columns-is-layout-1 wp-block-columns-is-layout-flex">
<div class="wp-block-column is-layout-flow wp-block-column-is-layout-flow" style="flex-basis:40%">
<figure class="wp-block-image size-full is-style-rounded"><img loading="lazy" decoding="async" width="640" height="424" src="https://sociaisaplicadas.ufpr.br/gestinf/wp-content/uploads/sites/13/2026/07/ddd-2.jpg" alt="Campus Botânico" class="wp-image-863" /></figure>
</div>



<div class="wp-block-column is-layout-flow wp-block-column-is-layout-flow" style="flex-basis:50%">
<h3 class="wp-block-heading has-text-align-left has-text-color has-link-color wp-elements-e7c04b0b8698fc6cf36b1ca8c6755919" style="color:#086391">Características do Curso:</h3>



<ul style="font-size:15px" class="wp-block-list has-black-color has-text-color has-link-color wp-elements-432612a65c9d3e9f3412c91b532cf2a4">
<li><strong>Titulação:</strong> Bacharel em Gestão da Informação<br><strong>Nível:</strong>&nbsp;Graduação – Bacharelado</li>



<li><strong>Eixos de Conhecimento:</strong>&nbsp;Ciência da Informação, Administração e Tecnologia da Informação</li>



<li><strong>Modalidade:</strong>&nbsp;presencial</li>



<li><strong>Tempo de duração do curso:</strong>&nbsp;4 anos</li>



<li><strong>Local:</strong> Campus Botânico &#8211; Setor de Ciências Sociais Aplicadas</li>



<li><strong>Turno/Horário de oferta:</strong>&nbsp;matutino (das 7h30 às 12h30)</li>



<li><strong>Carga horária total:</strong>&nbsp;3200 h</li>



<li><strong>Número de vagas anuais:</strong>&nbsp;60</li>



<li><strong>Requisitos:</strong>&nbsp;Ensino Médio completo e aprovação em processo seletivo</li>
</ul>



<div class="wp-block-buttons is-layout-flex wp-block-buttons-is-layout-flex">
<div class="wp-block-button"><a class="wp-block-button__link has-vivid-cyan-blue-background-color has-background has-text-align-center wp-element-button" href="https://sociaisaplicadas.ufpr.br/gestinf/wp-content/uploads/sites/13/2026/07/PPC-GI.pdf">&gt; Projeto Pedagógico do Curso</a></div>



<div class="wp-block-button"><a class="wp-block-button__link wp-element-button" href="https://servicos.nc.ufpr.br/PortalNC/Home">&gt; Processo Seletivo </a></div>
</div>
</div>
</div>



<div class="wp-block-columns is-layout-flex wp-container-core-columns-is-layout-2 wp-block-columns-is-layout-flex">
<div class="wp-block-column is-vertically-aligned-top is-layout-flow wp-block-column-is-layout-flow" style="flex-basis:65%">
<hr class="wp-block-separator has-alpha-channel-opacity is-style-dots" />



<h3 class="wp-block-heading has-text-color has-link-color wp-elements-10a45d019a2dfe4065e0b2f4f3897d89" style="color:#086391">Sobre o profissional Gestor da Informação:</h3>



<p style="font-size:15px">Um profissional com visão socioeconômica para fomentar, gerar, coletar, tratar e disseminar a informação, de forma responsável e sustentável, respeitando todas as instâncias da sociedade organizada e colaborando com a construção do saber individual e coletivo, no seu ambiente de atuação. Para tanto, deverá identificar e definir necessidades e problemas de informação, apontar soluções e melhorias no processo produtivo, pensar estrategicamente e contribuir para o processo da tomada de decisão organizacional</p>



<hr class="wp-block-separator has-alpha-channel-opacity is-style-dots" />
</div>
</div>



<div class="wp-block-columns are-vertically-aligned-top is-layout-flex wp-container-core-columns-is-layout-3 wp-block-columns-is-layout-flex">
<div class="wp-block-column is-vertically-aligned-top is-layout-flow wp-block-column-is-layout-flow" style="flex-basis:65%">
<h3 class="wp-block-heading has-text-color has-link-color wp-elements-3fa7f0d1004e34eb78a55635c8f5896f" style="color:#086391">Mercado de trabalho:</h3>



<p style="font-size:15px">O profissional formado em Gestão da Informação se destaca por sua natureza profundamente interdisciplinar, essencial para o cenário profissional contemporâneo. Ele integra conhecimentos de diversas áreas para formar o profissional completo e inovador. Essa abordagem não apenas constrói uma base sólida na gestão, organização e uso estratégico da informação, mas também tecnológica ao preparar o aluno para lidar com os desafios emergentes da era digital. O Gestor da Informação é um profissional preparado para diferentes áreas de atuação como por exemplo:</p>



<ul class="wp-block-list">
<li style="font-size:15px">empresas de planejamento;</li>



<li style="font-size:15px">empresas de desenvolvimento de projetos;</li>



<li style="font-size:15px">empresas de assistência técnica e consultoria;</li>



<li style="font-size:15px">empresas de tecnologia;</li>



<li style="font-size:15px">empresas de dados e mída;</li>



<li style="font-size:15px">órgãos públicos;</li>



<li style="font-size:15px">institutos e centros de pesquisa; e</li>



<li style="font-size:15px">instituições de ensino (mediante formação requerida pela legislação vigente).</li>
</ul>
</div>
</div>



<p></p>

<p>Características do Curso: Sobre o profissional Gestor da Informação: Um profissional com visão socioeconômica para fomentar, gerar, coletar, tratar e disseminar a informação, de forma responsável e sustentável, respeitando todas as instâncias da sociedade organizada e colaborando com a construção do saber individual e coletivo, no seu ambiente de atuação. Para tanto, deverá identificar e [&hellip;]</p>
